This is the mail archive of the
gcc-testresults@gcc.gnu.org
mailing list for the GCC project.
Results for 3.4 20031208 (experimental) testsuite on alpha-dec-osf4.0f
- From: Rainer Orth <ro at TechFak dot Uni-Bielefeld dot DE>
- To: gcc-testresults at gcc dot gnu dot org
- Date: Mon, 22 Dec 2003 19:39:42 +0100 (MET)
- Subject: Results for 3.4 20031208 (experimental) testsuite on alpha-dec-osf4.0f
LAST_UPDATED: Mon Dec 8 12:31:56 UTC 2003
Native configuration is alpha-dec-osf4.0f
=== libffi tests ===
Running target unix
FAIL: libffi.call/closure_fn0.c (test for excess errors)
FAIL: libffi.call/closure_fn1.c (test for excess errors)
FAIL: libffi.call/closure_fn2.c (test for excess errors)
FAIL: libffi.call/closure_fn3.c (test for excess errors)
FAIL: libffi.call/closure_fn4.c (test for excess errors)
FAIL: libffi.call/closure_fn5.c (test for excess errors)
FAIL: libffi.call/cls_12byte.c (test for excess errors)
FAIL: libffi.call/cls_16byte.c (test for excess errors)
FAIL: libffi.call/cls_18byte.c (test for excess errors)
FAIL: libffi.call/cls_19byte.c (test for excess errors)
FAIL: libffi.call/cls_1_1byte.c (test for excess errors)
FAIL: libffi.call/cls_20byte.c (test for excess errors)
FAIL: libffi.call/cls_20byte1.c (test for excess errors)
FAIL: libffi.call/cls_24byte.c (test for excess errors)
FAIL: libffi.call/cls_2byte.c (test for excess errors)
FAIL: libffi.call/cls_3_1byte.c (test for excess errors)
FAIL: libffi.call/cls_3byte1.c (test for excess errors)
FAIL: libffi.call/cls_3byte2.c (test for excess errors)
FAIL: libffi.call/cls_4_1byte.c (test for excess errors)
FAIL: libffi.call/cls_4byte.c (test for excess errors)
FAIL: libffi.call/cls_5byte.c (test for excess errors)
FAIL: libffi.call/cls_64byte.c (test for excess errors)
FAIL: libffi.call/cls_6byte.c (test for excess errors)
FAIL: libffi.call/cls_7byte.c (test for excess errors)
FAIL: libffi.call/cls_8byte.c (test for excess errors)
FAIL: libffi.call/cls_9byte1.c (test for excess errors)
FAIL: libffi.call/cls_9byte2.c (test for excess errors)
FAIL: libffi.call/cls_align_double.c (test for excess errors)
FAIL: libffi.call/cls_align_float.c (test for excess errors)
FAIL: libffi.call/cls_align_longdouble.c (test for excess errors)
FAIL: libffi.call/cls_align_pointer.c (test for excess errors)
FAIL: libffi.call/cls_align_sint16.c (test for excess errors)
FAIL: libffi.call/cls_align_sint32.c (test for excess errors)
FAIL: libffi.call/cls_align_sint64.c (test for excess errors)
FAIL: libffi.call/cls_align_sint64.c output pattern test, is 12 ld 4951 127 ld 1: 9320 ld 13
FAIL: libffi.call/cls_align_uint16.c (test for excess errors)
FAIL: libffi.call/cls_align_uint32.c (test for excess errors)
FAIL: libffi.call/cls_align_uint64.c (test for excess errors)
FAIL: libffi.call/cls_align_uint64.c output pattern test, is 12 ld 4951 127 ld 1: 9320 ld 13
FAIL: libffi.call/cls_double.c (test for excess errors)
FAIL: libffi.call/cls_float.c (test for excess errors)
FAIL: libffi.call/cls_multi_schar.c (test for excess errors)
FAIL: libffi.call/cls_multi_sshort.c (test for excess errors)
FAIL: libffi.call/cls_multi_sshortchar.c (test for excess errors)
FAIL: libffi.call/cls_multi_uchar.c (test for excess errors)
FAIL: libffi.call/cls_multi_ushort.c (test for excess errors)
FAIL: libffi.call/cls_multi_ushortchar.c (test for excess errors)
FAIL: libffi.call/cls_schar.c (test for excess errors)
FAIL: libffi.call/cls_sint.c (test for excess errors)
FAIL: libffi.call/cls_sshort.c (test for excess errors)
FAIL: libffi.call/cls_uchar.c (test for excess errors)
FAIL: libffi.call/cls_uint.c (test for excess errors)
FAIL: libffi.call/cls_ulonglong.c (test for excess errors)
FAIL: libffi.call/cls_ulonglong.c output pattern test, is lu: lu
FAIL: libffi.call/cls_ushort.c (test for excess errors)
FAIL: libffi.call/float.c (test for excess errors)
FAIL: libffi.call/float1.c (test for excess errors)
FAIL: libffi.call/float2.c (test for excess errors)
FAIL: libffi.call/many.c (test for excess errors)
FAIL: libffi.call/nested_struct.c (test for excess errors)
FAIL: libffi.call/nested_struct1.c (test for excess errors)
FAIL: libffi.call/nested_struct2.c (test for excess errors)
FAIL: libffi.call/nested_struct3.c (test for excess errors)
FAIL: libffi.call/problem1.c (test for excess errors)
FAIL: libffi.call/promotion.c (test for excess errors)
FAIL: libffi.call/pyobjc-tc.c (test for excess errors)
FAIL: libffi.call/return_ll.c (test for excess errors)
FAIL: libffi.call/return_sc.c (test for excess errors)
FAIL: libffi.call/return_uc.c (test for excess errors)
FAIL: libffi.call/strlen.c (test for excess errors)
FAIL: libffi.call/struct1.c (test for excess errors)
FAIL: libffi.call/struct2.c (test for excess errors)
FAIL: libffi.call/struct3.c (test for excess errors)
FAIL: libffi.call/struct4.c (test for excess errors)
FAIL: libffi.call/struct5.c (test for excess errors)
FAIL: libffi.call/struct6.c (test for excess errors)
FAIL: libffi.call/struct7.c (test for excess errors)
FAIL: libffi.call/struct8.c (test for excess errors)
FAIL: libffi.call/struct9.c (test for excess errors)
FAIL: libffi.special/unwindtest.cc (test for excess errors)
WARNING: libffi.special/unwindtest.cc compilation failed to produce executable
=== libffi Summary ===
# of expected passes 130
# of unexpected failures 80
# of unsupported tests 2
=== libjava tests ===
Running target unix
FAIL: PR295 compilation from source
FAIL: PR295 compilation from bytecode
FAIL: PR295 -O3 compilation from source
FAIL: PR295 -O3 compilation from bytecode
FAIL: Statics compilation from source
FAIL: Statics compilation from bytecode
FAIL: Statics -O3 compilation from source
FAIL: Statics -O3 compilation from bytecode
FAIL: /vol/gnu/src/gcc/gcc-dist/libjava/testsuite/libjava.jar/simple.jar execution - gij test
FAIL: cxxtest.c compilation
FAIL: pr11951 run
FAIL: ArrayStore execution - gij test
FAIL: ArrayStore execution - gij test
FAIL: Array_3 execution - gij test
FAIL: Array_3 execution - gij test
FAIL: Class_1 compilation from source
FAIL: Class_1 compilation from bytecode
FAIL: Class_1 -O3 compilation from source
FAIL: Class_1 -O3 compilation from bytecode
FAIL: FileHandleGcTest execution - gij test
FAIL: FileHandleGcTest execution - gij test
FAIL: PR12416 compilation from source
FAIL: PR12416 compilation from bytecode
FAIL: PR12416 -O3 compilation from source
FAIL: PR12416 -O3 compilation from bytecode
FAIL: PR218 execution - gij test
FAIL: PR218 execution - gij test
FAIL: PR7482 compilation from source
FAIL: PR7482 compilation from bytecode
FAIL: PR7482 -O3 compilation from source
FAIL: PR7482 -O3 compilation from bytecode
FAIL: StringBuffer_1 execution - gij test
FAIL: StringBuffer_1 execution - gij test
FAIL: StringBuffer_overflow execution - gij test
FAIL: StringBuffer_overflow execution - gij test
FAIL: String_overflow execution - gij test
FAIL: String_overflow execution - gij test
FAIL: Thread_Alive execution - gij test
FAIL: Thread_Alive execution - gij test
FAIL: Thread_Interrupt execution - gij test
FAIL: Thread_Interrupt execution - gij test
FAIL: Thread_Wait_2 execution - gij test
FAIL: Thread_Wait_2 execution - gij test
FAIL: Thread_Wait_Interrupt execution - gij test
FAIL: Thread_Wait_Interrupt execution - gij test
FAIL: Throw_2 execution - source compiled test
FAIL: Throw_2 execution - gij test
FAIL: Throw_2 execution - bytecode->native test
FAIL: Throw_2 -O3 execution - source compiled test
FAIL: Throw_2 execution - gij test
FAIL: Throw_2 -O3 execution - bytecode->native test
FAIL: initexc execution - gij test
FAIL: initexc execution - gij test
FAIL: instinit2 execution - gij test
FAIL: instinit2 execution - gij test
FAIL: invokethrow execution - source compiled test
FAIL: invokethrow execution - gij test
FAIL: invokethrow execution - bytecode->native test
FAIL: invokethrow -O3 execution - source compiled test
FAIL: invokethrow execution - gij test
FAIL: invokethrow -O3 execution - bytecode->native test
FAIL: pr179 compilation from source
FAIL: pr179 compilation from bytecode
FAIL: pr179 -O3 compilation from source
FAIL: pr179 -O3 compilation from bytecode
FAIL: verify compilation from source
FAIL: verify compilation from bytecode
FAIL: verify -O3 compilation from source
FAIL: verify -O3 compilation from bytecode
FAIL: resource compilation dummy.class
=== libjava Summary ===
# of expected passes 3099
# of unexpected failures 70
# of expected failures 10
# of untested testcases 88
=== libstdc++ tests ===
Running target unix
FAIL: 27_io/basic_istream/extractors_arithmetic/char/12.cc execution test
=== libstdc++ Summary ===
# of expected passes 2440
# of unexpected failures 1
# of expected failures 11
=== acats tests ===
=== acats Summary ===
# of expected passes 0
# of unexpected failures 0
=== g++ tests ===
Running target unix
XPASS: g++.dg/ext/lvalue1.C not an lvalue (test for errors, line 7)
FAIL: g++.dg/inherit/covariant2.C (test for excess errors)
WARNING: g++.dg/inherit/covariant2.C compilation failed to produce executable
FAIL: g++.dg/inherit/covariant3.C (test for excess errors)
WARNING: g++.dg/inherit/covariant3.C compilation failed to produce executable
FAIL: g++.dg/parse/attr-ctor1.C (test for excess errors)
FAIL: g++.dg/template/ptrmem7.C (test for errors, line 38)
FAIL: g++.dg/template/ptrmem7.C (test for errors, line 39)
FAIL: g++.dg/template/ptrmem7.C (test for errors, line 43)
FAIL: g++.dg/template/ptrmem7.C (test for excess errors)
XPASS: g++.dg/warn/Wunused-2.C (test for warnings, line 5)
FAIL: g++.old-deja/g++.ext/attrib5.C (test for excess errors)
WARNING: g++.old-deja/g++.ext/attrib5.C compilation failed to produce executable
WARNING: g++.old-deja/g++.mike/p10769a.C compilation failed to produce executable
WARNING: g++.old-deja/g++.other/enum5.C compilation failed to produce executable
WARNING: g++.old-deja/g++.pt/friend44.C compilation failed to produce executable
=== g++ Summary ===
# of expected passes 9113
# of unexpected failures 8
# of unexpected successes 2
# of expected failures 59
# of unsupported tests 60
/amnt/figaro/volumes/obj-gcc/gcc/obj.alpha/gcc-3.4-20031208/4.0f-gcc/gcc/testsuite/../g++ version 3.4 20031208 (experimental)
=== g77 tests ===
Running target unix
=== g77 Summary ===
# of expected passes 1758
# of expected failures 1
# of untested testcases 1
# of unsupported tests 6
/amnt/figaro/volumes/obj-gcc/gcc/obj.alpha/gcc-3.4-20031208/4.0f-gcc/gcc/testsuite/../g77 version 3.4 20031208 (experimental)
=== gcc tests ===
Running target unix
FAIL: gcc.c-torture/compile/20001226-1.c (test for excess errors)
FAIL: gcc.c-torture/compile/20001226-1.c (test for excess errors)
FAIL: gcc.c-torture/compile/20001226-1.c (test for excess errors)
FAIL: gcc.c-torture/compile/20001226-1.c (test for excess errors)
FAIL: gcc.c-torture/compile/920625-2.c (test for excess errors)
FAIL: gcc.c-torture/compile/labels-3.c (test for excess errors)
FAIL: gcc.c-torture/compile/labels-3.c (test for excess errors)
FAIL: gcc.c-torture/compile/labels-3.c (test for excess errors)
FAIL: gcc.c-torture/compile/labels-3.c (test for excess errors)
FAIL: gcc.c-torture/compile/labels-3.c (test for excess errors)
FAIL: gcc.c-torture/compile/labels-3.c (test for excess errors)
FAIL: gcc.c-torture/execute/simd-2.c compilation, -O3 -fomit-frame-pointer
UNRESOLVED: gcc.c-torture/execute/simd-2.c execution, -O3 -fomit-frame-pointer
FAIL: gcc.c-torture/execute/simd-2.c compilation, -O3 -g
UNRESOLVED: gcc.c-torture/execute/simd-2.c execution, -O3 -g
UNRESOLVED: gcc.c-torture/execute/wchar_t-1.c execution, -O0
UNRESOLVED: gcc.c-torture/execute/wchar_t-1.c execution, -O1
UNRESOLVED: gcc.c-torture/execute/wchar_t-1.c execution, -O2
UNRESOLVED: gcc.c-torture/execute/wchar_t-1.c execution, -O3 -fomit-frame-pointer
UNRESOLVED: gcc.c-torture/execute/wchar_t-1.c execution, -O3 -g
UNRESOLVED: gcc.c-torture/execute/wchar_t-1.c execution, -Os
FAIL: gcc.dg/compat/scalar-return-4 c_compat_y_tst.o compile
UNRESOLVED: gcc.dg/compat/scalar-return-4 c_compat_x_tst.o-c_compat_y_tst.o link
UNRESOLVED: gcc.dg/compat/scalar-return-4 c_compat_x_tst.o-c_compat_y_tst.o execute
FAIL: gcc.dg/compat/struct-by-value-11 c_compat_x_tst.o compile
FAIL: gcc.dg/compat/struct-by-value-11 c_compat_y_tst.o compile
UNRESOLVED: gcc.dg/compat/struct-by-value-11 c_compat_x_tst.o-c_compat_y_tst.o link
UNRESOLVED: gcc.dg/compat/struct-by-value-11 c_compat_x_tst.o-c_compat_y_tst.o execute
FAIL: gcc.dg/builtins-18.c (test for excess errors)
FAIL: gcc.dg/builtins-20.c (test for excess errors)
FAIL: gcc.dg/intermod-1.c scan-assembler-not foo[1-9]\\.
FAIL: gcc.dg/pch/static-1.c -O0 -g assembly comparison
FAIL: gcc.dg/pch/static-2.c -O0 -g assembly comparison
FAIL: gcc.dg/pch/static-3.c -O0 -g assembly comparison
FAIL: gcc.dg/special/wkali-2.c (test for excess errors)
=== gcc Summary ===
# of expected passes 23619
# of unexpected failures 23
# of expected failures 87
# of unresolved testcases 12
# of untested testcases 7
# of unsupported tests 280
/amnt/figaro/volumes/obj-gcc/gcc/obj.alpha/gcc-3.4-20031208/4.0f-gcc/gcc/xgcc version 3.4 20031208 (experimental)
=== objc tests ===
Running target unix
FAIL: objc.dg/call-super-2.m (test for excess errors)
FAIL: objc.dg/desig-init-1.m (test for excess errors)
FAIL: objc.dg/encode-2.m execution test
FAIL: objc.dg/encode-3.m execution test
FAIL: objc.dg/proto-qual-1.m execution test
=== objc Summary ===
# of expected passes 1334
# of unexpected failures 5
# of unsupported tests 7
/amnt/figaro/volumes/obj-gcc/gcc/obj.alpha/gcc-3.4-20031208/4.0f-gcc/gcc/xgcc version 3.4 20031208 (experimental)
Compiler version: 3.4 20031208 (experimental)
Platform: alpha-dec-osf4.0f
configure flags: --prefix=/vol/gcc --with-local-prefix=/vol/gcc --disable-nls alpha-dec-osf4.0f