This is the mail archive of the
gcc-testresults@gcc.gnu.org
mailing list for the GCC project.
Results for 3.3.2 testsuite on hppa1.1-hp-hpux11.00
- From: <kostas at skiathos dot physics dot auth dot gr>
- To: gcc-testresults at gcc dot gnu dot org
- Date: Tue, 18 Nov 2003 12:00:16 +0300
- Subject: Results for 3.3.2 testsuite on hppa1.1-hp-hpux11.00
Please consider increasing the timeout value for the
gcc.c-torture/compile/20001226-1.c testcase ...
At least on this platform (HP9000/800)...
time for the -O2 run:
real 5m33.207s
user 0m0.030s
sys 0m0.010s
time for the -O3 -fomit-frame-pointer
real 5m33.138s
user 5m27.400s
sys 0m1.360s
time for the -O3 -g
real 7m46.772s
user 7m39.160s
sys 0m1.470s
time for the -Os
real 6m18.206s
user 6m9.290s
sys 0m2.110s
If you would like me to investigate something from the other
failures (or XPASSES for that matter), please drop me a note.
Thanks,
-Kostas
LAST_UPDATED:
Native configuration is hppa1.1-hp-hpux11.00
=== g++ tests ===
Running target unix
FAIL: g++.dg/compat/break/bitfield7 x_tst.o compile
UNRESOLVED: g++.dg/compat/break/bitfield7 x_tst.o-y_tst.o link
UNRESOLVED: g++.dg/compat/break/bitfield7 x_tst.o-y_tst.o execute
FAIL: g++.dg/opt/inline4.C scan-assembler-not _Z1g
FAIL: g++.ext/attrib5.C (test for excess errors)
FAIL: g++.law/profile1.C (test for excess errors)
XPASS: g++.pt/static3.C (test for excess errors)
XPASS: g++.pt/static3.C Execution test
XPASS: g++.pt/static6.C (test for excess errors)
=== g++ Summary ===
# of expected passes 7954
# of unexpected failures 4
# of unexpected successes 3
# of expected failures 98
# of unresolved testcases 2
# of untested testcases 23
# of unsupported tests 29
/usr/local/SOFTWARE/gcc-3.3.2/gcc/testsuite/../g++ version 3.3.2
=== gcc tests ===
Running target unix
WARNING: program timed out.
FAIL: gcc.c-torture/compile/20001226-1.c, -O2
WARNING: program timed out.
FAIL: gcc.c-torture/compile/20001226-1.c, -O3 -fomit-frame-pointer
WARNING: program timed out.
FAIL: gcc.c-torture/compile/20001226-1.c, -O3 -g
WARNING: program timed out.
FAIL: gcc.c-torture/compile/20001226-1.c, -Os
FAIL: gcc.dg/20021014-1.c (test for excess errors)
WARNING: gcc.dg/20021014-1.c compilation failed to produce executable
FAIL: gcc.dg/duff-2.c (test for excess errors)
FAIL: gcc.dg/nest.c (test for excess errors)
WARNING: gcc.dg/nest.c compilation failed to produce executable
UNRESOLVED: weak-1.c
UNRESOLVED: weak-2.c
UNRESOLVED: wkali-1.c
UNRESOLVED: wkali-2.c
UNRESOLVED: gcc.dg/weak
=== gcc Summary ===
# of expected passes 21108
# of unexpected failures 7
# of expected failures 67
# of unresolved testcases 5
# of unsupported tests 185
/usr/local/SOFTWARE/gcc-3.3.2/gcc/xgcc version 3.3.2
=== objc tests ===
Running target unix
=== objc Summary ===
# of expected passes 1153
/usr/local/SOFTWARE/gcc-3.3.2/gcc/xgcc version 3.3.2
=== libstdc++-v3 tests ===
Running target unix
FAIL: 26_numerics/c99_classification_macros_c.cc (test for excess errors)
=== libstdc++-v3 Summary ===
# of expected passes 417
# of unexpected failures 1
# of expected failures 17
# of unsupported tests 6
Compiler version: 3.3.2
Platform: hppa1.1-hp-hpux11.00
configure flags: --host=hppa1.1-hp-hpux11.00 --prefix=/usr/local/software/gcc-3.3.2 --enable-languages=c,c++,objc --with-gnu-as --with-as=/usr/local/bin/as