This is the mail archive of the
gcc-testresults@gcc.gnu.org
mailing list for the GCC project.
Results for 3.4 20031216 (experimental) testsuite on hppa64-hp-hpux11.11
- From: John David Anglin <dave at hiauly3 dot hia dot nrc dot ca>
- To: dave at hiauly3 dot hia dot nrc dot ca, gcc-testresults at gcc dot gnu dot org
- Date: Tue, 16 Dec 2003 23:37:15 -0500 (EST)
- Subject: Results for 3.4 20031216 (experimental) testsuite on hppa64-hp-hpux11.11
LAST_UPDATED: Tue Dec 16 22:53:41 UTC 2003
Native configuration is hppa64-hp-hpux11.11
=== g++ tests ===
Running target unix
FAIL: g++.dg/abi/mangle18-1.C scan-assembler
FAIL: g++.dg/abi/mangle18-1.C scan-assembler
FAIL: g++.dg/abi/mangle18-2.C scan-assembler
FAIL: g++.dg/abi/mangle18-2.C scan-assembler
FAIL: g++.dg/abi/mangle19-1.C scan-assembler
FAIL: g++.dg/abi/mangle19-2.C scan-assembler
FAIL: g++.dg/abi/mangle20-1.C scan-assembler
FAIL: g++.dg/abi/mangle20-1.C scan-assembler
FAIL: g++.dg/abi/mangle20-2.C scan-assembler
FAIL: g++.dg/abi/mangle20-2.C scan-assembler
WARNING: program timed out.
FAIL: g++.dg/eh/cleanup1.C (test for excess errors)
XPASS: g++.dg/ext/lvalue1.C not an lvalue (test for errors, line 7)
XPASS: g++.dg/init/init-ref4.C execution test
FAIL: g++.dg/opt/inline4.C scan-assembler-not _Z1g
FAIL: g++.dg/opt/template1.C scan-assembler-not foo1
XPASS: g++.dg/warn/Wunused-2.C (test for warnings, line 5)
FAIL: g++.old-deja/g++.eh/catch6.C execution test
FAIL: g++.old-deja/g++.eh/catch6p.C execution test
FAIL: g++.old-deja/g++.eh/catch7.C execution test
FAIL: g++.old-deja/g++.eh/catch7p.C execution test
WARNING: g++.old-deja/g++.mike/p10769a.C compilation failed to produce executable
WARNING: g++.old-deja/g++.other/enum5.C compilation failed to produce executable
FAIL: g++.old-deja/g++.pt/const2.C (test for excess errors)
WARNING: g++.old-deja/g++.pt/friend44.C compilation failed to produce executable
XPASS: g++.old-deja/g++.pt/static3.C execution test
=== g++ Summary ===
# of expected passes 8858
# of unexpected failures 18
# of unexpected successes 4
# of expected failures 58
# of unsupported tests 70
/xxx/gnu/gcc-3.3/objdir/gcc/testsuite/../g++ version 3.4 20031216 (experimental)
=== g77 tests ===
Running target unix
=== g77 Summary ===
# of expected passes 1774
# of expected failures 1
# of untested testcases 1
# of unsupported tests 6
/xxx/gnu/gcc-3.3/objdir/gcc/testsuite/../g77 version 3.4 20031216 (experimental)
=== gcc tests ===
Running target unix
FAIL: gcc.c-torture/compile/20031023-1.c (test for excess errors)
FAIL: gcc.c-torture/compile/20031023-2.c (test for excess errors)
FAIL: gcc.dg/debug/debug-1.c scan-assembler xyzzy
FAIL: gcc.dg/debug/debug-1.c scan-assembler xyzzy
FAIL: gcc.dg/debug/debug-1.c scan-assembler xyzzy
FAIL: gcc.dg/debug/debug-1.c scan-assembler xyzzy
FAIL: gcc.dg/debug/debug-2.c scan-assembler xyzzy
FAIL: gcc.dg/debug/debug-2.c scan-assembler xyzzy
FAIL: gcc.dg/debug/debug-2.c scan-assembler xyzzy
FAIL: gcc.dg/debug/debug-2.c scan-assembler xyzzy
FAIL: gcc.dg/builtins-18.c (test for excess errors)
FAIL: gcc.dg/builtins-20.c (test for excess errors)
FAIL: gcc.dg/funcorder.c scan-assembler-not link_error,%r
FAIL: gcc.dg/sibcall-1.c execution test
FAIL: gcc.dg/sibcall-2.c execution test
FAIL: gcc.dg/sibcall-3.c execution test
FAIL: gcc.dg/sibcall-4.c execution test
=== gcc Summary ===
# of expected passes 23336
# of unexpected failures 17
# of expected failures 77
# of untested testcases 7
# of unsupported tests 290
/xxx/gnu/gcc-3.3/objdir/gcc/xgcc version 3.4 20031216 (experimental)
=== objc tests ===
Running target unix
FAIL: objc.dg/call-super-2.m (test for excess errors)
FAIL: objc.dg/desig-init-1.m (test for excess errors)
FAIL: objc.dg/encode-2.m execution test
FAIL: objc.dg/encode-3.m execution test
FAIL: objc.dg/proto-qual-1.m execution test
=== objc Summary ===
# of expected passes 1334
# of unexpected failures 5
# of unsupported tests 7
/xxx/gnu/gcc-3.3/objdir/gcc/xgcc version 3.4 20031216 (experimental)
=== libstdc++ tests ===
Running target unix
FAIL: 22_locale/num_get/get/char/7.cc execution test
FAIL: 26_numerics/c99_classification_macros_c++.cc (test for excess errors)
FAIL: 26_numerics/c99_classification_macros_c.cc (test for excess errors)
FAIL: 27_io/basic_filebuf/seekoff/12790-3.cc execution test
FAIL: 27_io/basic_filebuf/seekpos/12790-2.cc execution test
=== libstdc++ Summary ===
# of expected passes 1833
# of unexpected failures 5
# of expected failures 1
# of unsupported tests 7
Compiler version: 3.4 20031216 (experimental)
Platform: hppa64-hp-hpux11.11
configure flags: --with-gnu-as --with-as=/xxx/gnu/binutils-2.14.90/objdir64/gas/as-new --with-ld=/usr/ccs/bin/ld --enable-shared --disable-nls --with-local-prefix=/opt/gnu64 --prefix=/opt/gnu64 --host=hppa64-hp-hpux11.11