This is the mail archive of the
gcc-testresults@gcc.gnu.org
mailing list for the GCC project.
Results for 3.3.3 20031212 (prerelease) testsuite on sparc-sun-solaris2.7
- From: "Kaveh R. Ghazi" <ghazi at caip dot rutgers dot edu>
- To: gcc-testresults at gcc dot gnu dot org
- Date: Fri, 12 Dec 2003 18:50:47 -0500 (EST)
- Subject: Results for 3.3.3 20031212 (prerelease) testsuite on sparc-sun-solaris2.7
LAST_UPDATED:
Native configuration is sparc-sun-solaris2.7
=== g++ tests ===
Running target unix/-m64
=== g++ Summary for unix/-m64 ===
# of expected passes 8101
# of expected failures 99
# of untested testcases 21
# of unsupported tests 27
Running target unix/-fPIC
=== g++ Summary for unix/-fPIC ===
# of expected passes 8102
# of expected failures 98
# of untested testcases 21
# of unsupported tests 27
Running target unix/-fpic
=== g++ Summary for unix/-fpic ===
# of expected passes 8102
# of expected failures 98
# of untested testcases 21
# of unsupported tests 27
Running target unix
=== g++ Summary for unix ===
# of expected passes 8102
# of expected failures 98
# of untested testcases 21
# of unsupported tests 27
=== g++ Summary ===
# of expected passes 32407
# of expected failures 393
# of untested testcases 84
# of unsupported tests 108
/teal/tmpdisk/ghazi/gcc-testing/33/build/gcc/testsuite/../g++ version 3.3.3 20031212 (prerelease)
=== g77 tests ===
Running target unix/-m64
=== g77 Summary for unix/-m64 ===
# of expected passes 1692
# of unsupported tests 8
Running target unix/-fPIC
=== g77 Summary for unix/-fPIC ===
# of expected passes 1692
# of unsupported tests 8
Running target unix/-fpic
=== g77 Summary for unix/-fpic ===
# of expected passes 1692
# of unsupported tests 8
Running target unix
=== g77 Summary for unix ===
# of expected passes 1692
# of unsupported tests 8
=== g77 Summary ===
# of expected passes 6768
# of unsupported tests 32
/teal/tmpdisk/ghazi/gcc-testing/33/build/gcc/testsuite/../g77 version 3.3.3 20031212 (prerelease)
=== gcc tests ===
Running target unix/-m64
ERROR: (DejaGnu) proc "scan-file xwin1.i {(^|
=== gcc Summary ===
# of expected passes 15413
# of expected failures 31
# of unsupported tests 2
/teal/tmpdisk/ghazi/gcc-testing/33/build/gcc/xgcc version 3.3.3 20031212 (prerelease)
=== objc tests ===
Running target unix/-m64
=== objc Summary for unix/-m64 ===
# of expected passes 1155
Running target unix/-fPIC
=== objc Summary for unix/-fPIC ===
# of expected passes 1155
Running target unix/-fpic
=== objc Summary for unix/-fpic ===
# of expected passes 1155
Running target unix
=== objc Summary for unix ===
# of expected passes 1155
=== objc Summary ===
# of expected passes 4620
/teal/tmpdisk/ghazi/gcc-testing/33/build/gcc/xgcc version 3.3.3 20031212 (prerelease)
=== libjava tests ===
Running target unix/-m64
FAIL: linking cxxtest
FAIL: Array_3 execution - gij test
FAIL: Array_3 execution - gij test
FAIL: FileHandleGcTest execution - source compiled test
FAIL: FileHandleGcTest execution - gij test
FAIL: FileHandleGcTest execution - bytecode->native test
FAIL: FileHandleGcTest -O execution - source compiled test
FAIL: FileHandleGcTest execution - gij test
FAIL: FileHandleGcTest -O execution - bytecode->native test
WARNING: program timed out.
FAIL: SyncTest execution - gij test
WARNING: program timed out.
FAIL: SyncTest execution - bytecode->native test
WARNING: program timed out.
FAIL: SyncTest execution - gij test
WARNING: program timed out.
FAIL: SyncTest -O execution - bytecode->native test
FAIL: Thread_Wait_Interrupt execution - gij test
FAIL: Thread_Wait_Interrupt execution - gij test
=== libjava Summary for unix/-m64 ===
# of expected passes 2961
# of unexpected failures 15
# of expected failures 17
# of untested testcases 26
Running target unix/-fPIC
FAIL: linking cxxtest
FAIL: Array_3 execution - gij test
FAIL: Array_3 execution - gij test
FAIL: FileHandleGcTest execution - source compiled test
FAIL: FileHandleGcTest execution - bytecode->native test
FAIL: FileHandleGcTest -O execution - source compiled test
FAIL: FileHandleGcTest -O execution - bytecode->native test
FAIL: SyncTest execution - gij test
WARNING: program timed out.
FAIL: SyncTest execution - bytecode->native test
FAIL: SyncTest execution - gij test
WARNING: program timed out.
FAIL: SyncTest -O execution - bytecode->native test
FAIL: TLtest execution - gij test
FAIL: Thread_Join execution - gij test
FAIL: Thread_Join execution - gij test
FAIL: Thread_Monitor execution - gij test
FAIL: Thread_Monitor execution - gij test
FAIL: Thread_Wait_2 execution - gij test
FAIL: Thread_Wait_Interrupt execution - gij test
FAIL: Thread_Wait_Interrupt execution - gij test
FAIL: Throw_2 execution - source compiled test
FAIL: Throw_2 execution - gij test
FAIL: Throw_2 execution - bytecode->native test
FAIL: Throw_2 -O execution - source compiled test
FAIL: Throw_2 execution - gij test
FAIL: Throw_2 -O execution - bytecode->native test
=== libjava Summary for unix/-fPIC ===
# of expected passes 2941
# of unexpected failures 25
# of expected failures 17
# of untested testcases 36
Running target unix/-fpic
FAIL: linking cxxtest
FAIL: Array_3 execution - gij test
FAIL: Array_3 execution - gij test
FAIL: FileHandleGcTest execution - source compiled test
FAIL: FileHandleGcTest execution - bytecode->native test
FAIL: FileHandleGcTest -O execution - source compiled test
FAIL: FileHandleGcTest -O execution - bytecode->native test
FAIL: SyncTest execution - gij test
WARNING: program timed out.
FAIL: SyncTest execution - bytecode->native test
FAIL: SyncTest execution - gij test
WARNING: program timed out.
FAIL: SyncTest -O execution - bytecode->native test
FAIL: TLtest execution - gij test
FAIL: TLtest execution - gij test
FAIL: Thread_Join execution - gij test
FAIL: Thread_Join execution - gij test
FAIL: Thread_Monitor execution - gij test
FAIL: Thread_Monitor execution - gij test
FAIL: Thread_Wait_2 execution - gij test
FAIL: Thread_Wait_2 execution - gij test
FAIL: Thread_Wait_Interrupt execution - gij test
FAIL: Throw_2 execution - source compiled test
FAIL: Throw_2 execution - gij test
FAIL: Throw_2 execution - bytecode->native test
FAIL: Throw_2 -O execution - source compiled test
FAIL: Throw_2 execution - gij test
FAIL: Throw_2 -O execution - bytecode->native test
=== libjava Summary for unix/-fpic ===
# of expected passes 2939
# of unexpected failures 26
# of expected failures 17
# of untested testcases 37
Running target unix
FAIL: linking cxxtest
FAIL: Array_3 execution - gij test
FAIL: Array_3 execution - gij test
FAIL: FileHandleGcTest execution - source compiled test
FAIL: FileHandleGcTest execution - bytecode->native test
FAIL: FileHandleGcTest -O execution - source compiled test
FAIL: FileHandleGcTest -O execution - bytecode->native test
FAIL: SyncTest execution - gij test
WARNING: program timed out.
FAIL: SyncTest execution - bytecode->native test
FAIL: SyncTest execution - gij test
WARNING: program timed out.
FAIL: SyncTest -O execution - bytecode->native test
FAIL: TLtest execution - gij test
FAIL: TLtest execution - gij test
FAIL: Thread_Join execution - gij test
FAIL: Thread_Join execution - gij test
FAIL: Thread_Monitor execution - gij test
FAIL: Thread_Monitor execution - gij test
FAIL: Thread_Wait_2 execution - gij test
FAIL: Throw_2 execution - source compiled test
FAIL: Throw_2 execution - gij test
FAIL: Throw_2 execution - bytecode->native test
FAIL: Throw_2 -O execution - source compiled test
FAIL: Throw_2 execution - gij test
FAIL: Throw_2 -O execution - bytecode->native test
=== libjava Summary for unix ===
# of expected passes 2943
# of unexpected failures 24
# of expected failures 17
# of untested testcases 35
=== libjava Summary ===
# of expected passes 11784
# of unexpected failures 90
# of expected failures 68
# of untested testcases 134
=== libstdc++-v3 tests ===
Running target unix/-m64
=== libstdc++-v3 Summary for unix/-m64 ===
# of expected passes 429
# of expected failures 18
Running target unix/-fPIC
=== libstdc++-v3 Summary for unix/-fPIC ===
# of expected passes 429
# of expected failures 18
Running target unix/-fpic
=== libstdc++-v3 Summary for unix/-fpic ===
# of expected passes 429
# of expected failures 18
Running target unix
=== libstdc++-v3 Summary for unix ===
# of expected passes 429
# of expected failures 18
=== libstdc++-v3 Summary ===
# of expected passes 1716
# of expected failures 72
Compiler version: 3.3.3 20031212 (prerelease)
Platform: sparc-sun-solaris2.7
configure flags: --host=sparc-sun-solaris2.7 --verbose