This is the mail archive of the
gcc-testresults@gcc.gnu.org
mailing list for the GCC project.
Results for 3.3.3 20031208 (prerelease) testsuite on powerpc-ibm-aix5.1.0.0
- From: David Edelsohn <dje at watson dot ibm dot com>
- To: gcc-testresults at gcc dot gnu dot org
- Date: Tue, 09 Dec 2003 00:18:26 -0500
- Subject: Results for 3.3.3 20031208 (prerelease) testsuite on powerpc-ibm-aix5.1.0.0
LAST_UPDATED: Mon Dec 8 21:08:29 UTC 2003
Native configuration is powerpc-ibm-aix5.1.0.0
=== g++ tests ===
Running target unix
XPASS: g++.dg/other/packed1.C execution test
FAIL: g++.dg/parse/class1.C (test for excess errors)
FAIL: g++.abi/cxa_vec.C Execution test
FAIL: g++.abi/ptrflags.C (test for excess errors)
FAIL: g++.brendan/new3.C Execution test
FAIL: g++.eh/catchptr1.C (test for excess errors)
WARNING: program timed out.
FAIL: g++.ext/attrib5.C (test for excess errors)
FAIL: g++.jason/thunk3.C (test for excess errors)
XPASS: g++.other/decl5.C no such type (test for errors, line 60)
XPASS: g++.other/decl5.C no such type (test for errors, line 63)
XPASS: g++.other/decl5.C N::fn not a member of NMS (test for errors, line 66)
XPASS: g++.other/decl5.C extra qualification (test for warnings, line 57)
FAIL: g++.other/decl5.C (test for excess errors)
XPASS: g++.pt/const2.C (test for excess errors)
XPASS: g++.pt/const2.C Execution test
=== g++ Summary ===
# of expected passes 7968
# of unexpected failures 8
# of unexpected successes 7
# of expected failures 93
# of untested testcases 23
# of unsupported tests 29
/k42/dje/build/powerpc-ibm-aix5.1.0.0-20031208/gcc/testsuite/../g++ version 3.3.3 20031208 (prerelease)
=== g77 tests ===
Running target unix
=== g77 Summary ===
# of expected passes 1686
# of unsupported tests 8
/k42/dje/build/powerpc-ibm-aix5.1.0.0-20031208/gcc/testsuite/../g77 version 3.3.3 20031208 (prerelease)
=== gcc tests ===
Running target unix
WARNING: program timed out.
FAIL: gcc.c-torture/compile/981001-2.c, -O3 -fomit-frame-pointer
WARNING: program timed out.
FAIL: gcc.c-torture/compile/981001-2.c, -O3 -g
FAIL: gcc.c-torture/compile/990801-1.c, -O3 -fomit-frame-pointer -funroll-all-loops -finline-functions
WARNING: program timed out.
FAIL: gcc.c-torture/compile/20011119-1.c, -O3 -fomit-frame-pointer
WARNING: program timed out.
FAIL: gcc.c-torture/compile/20011119-1.c, -O3 -g
WARNING: program timed out.
FAIL: gcc.c-torture/compile/20011119-2.c, -O0
WARNING: program timed out.
FAIL: gcc.c-torture/compile/20011119-2.c, -O1
WARNING: program timed out.
FAIL: gcc.c-torture/compile/20011119-2.c, -O2
WARNING: program timed out.
FAIL: gcc.c-torture/compile/20011119-2.c, -O3 -fomit-frame-pointer
WARNING: program timed out.
FAIL: gcc.c-torture/compile/20011119-2.c, -O3 -g
WARNING: program timed out.
FAIL: gcc.c-torture/compile/20011119-2.c, -Os
FAIL: gcc.c-torture/execute/eeprof-1.c execution, -O0
FAIL: gcc.c-torture/execute/eeprof-1.c execution, -O1
FAIL: gcc.c-torture/execute/eeprof-1.c execution, -O2
FAIL: gcc.c-torture/execute/eeprof-1.c execution, -O3 -fomit-frame-pointer
FAIL: gcc.c-torture/execute/eeprof-1.c execution, -O3 -g
FAIL: gcc.c-torture/execute/eeprof-1.c execution, -Os
FAIL: gcc.dg/20020103-1.c scan-assembler-not LC
FAIL: gcc.dg/20020118-1.c execution test
FAIL: gcc.dg/altivec-4.c (test for excess errors)
FAIL: gcc.dg/altivec-7.c (test for excess errors)
FAIL: gcc.dg/altivec-8.c (test for excess errors)
FAIL: gcc.dg/asm-names.c (test for excess errors)
FAIL: gcc.dg/duff-2.c (test for excess errors)
FAIL: gcc.dg/old-style-asm-1.c scan-assembler L(:|\\\$0*)?2
=== gcc Summary ===
# of expected passes 20282
# of unexpected failures 25
# of expected failures 67
# of unsupported tests 177
/k42/dje/build/powerpc-ibm-aix5.1.0.0-20031208/gcc/xgcc version 3.3.3 20031208 (prerelease)
=== objc tests ===
Running target unix
=== objc Summary ===
# of expected passes 1155
/k42/dje/build/powerpc-ibm-aix5.1.0.0-20031208/gcc/xgcc version 3.3.3 20031208 (prerelease)
=== libstdc++-v3 tests ===
Running target unix
FAIL: 20_util/allocator_members.cc execution test
FAIL: 27_io/istream_extractor_arith/12.cc execution test
=== libstdc++-v3 Summary ===
# of expected passes 416
# of unexpected failures 2
# of expected failures 17
# of unsupported tests 6
Compiler version: 3.3.3 20031208 (prerelease)
Platform: powerpc-ibm-aix5.1.0.0
configure flags: --host=powerpc-ibm-aix5.1.0.0 --prefix=/k42/dje/install/powerpc-ibm-aix5.1.0.0-20031208 --disable-win32-registry --disable-nls