This is the mail archive of the
gcc-testresults@gcc.gnu.org
mailing list for the GCC project.
Results for 3.420031205(experimental) testsuite on alphaev67-unknown-linux-gnu
- From: Richard Henderson <rth at twiddle dot net>
- To: gcc-testresults at gcc dot gnu dot org
- Date: Fri, 5 Dec 2003 11:13:29 -0800
- Subject: Results for 3.420031205(experimental) testsuite on alphaev67-unknown-linux-gnu
LAST_UPDATED: Fri Dec 5 11:39:01 UTC 2003
Native configuration is alphaev67-unknown-linux-gnu
=== libffi tests ===
Running target unix
FAIL: libffi.call/cls_align_pointer.c (test for excess errors)
=== libffi Summary ===
# of expected passes 211
# of unexpected failures 1
# of unsupported tests 2
=== libjava tests ===
Running target unix
FAIL: linking simple
FAIL: /home/rth/work/gcc/src-gcc/libjava/testsuite/libjava.jar/simple.jar execution - gij test
FAIL: initexc execution - gij test
FAIL: initexc execution - gij test
=== libjava Summary ===
# of expected passes 3254
# of unexpected failures 4
# of expected failures 11
# of untested testcases 11
=== libstdc++-v3 check-abi Summary ===
# of added symbols: 241
# of missing symbols: 210
# of incompatible symbols: 217
=== libstdc++ tests ===
Running target unix
FAIL: 22_locale/time_get/get_year/char/3.cc execution test
FAIL: 22_locale/time_get/get_year/wchar_t/3.cc execution test
FAIL: 26_numerics/fabs_inline.cc (test for excess errors)
WARNING: 26_numerics/fabs_inline.cc compilation failed to produce executable
=== libstdc++ Summary ===
# of expected passes 2436
# of unexpected failures 3
# of expected failures 12
=== g++ tests ===
Running target unix
XPASS: g++.dg/ext/lvalue1.C not an lvalue (test for errors, line 7)
FAIL: g++.dg/lookup/using9.C (test for errors, line 7)
FAIL: g++.dg/lookup/using9.C (test for errors, line 8)
FAIL: g++.dg/lookup/using9.C (test for errors, line 12)
FAIL: g++.dg/lookup/using9.C (test for errors, line 13)
FAIL: g++.dg/lookup/using9.C (test for errors, line 14)
FAIL: g++.dg/lookup/using9.C (test for errors, line 22)
FAIL: g++.dg/lookup/using9.C (test for errors, line 23)
FAIL: g++.dg/lookup/using9.C (test for excess errors)
FAIL: g++.dg/template/ptrmem7.C (test for errors, line 38)
FAIL: g++.dg/template/ptrmem7.C (test for errors, line 39)
FAIL: g++.dg/template/ptrmem7.C (test for errors, line 43)
FAIL: g++.dg/template/ptrmem7.C (test for excess errors)
XPASS: g++.dg/warn/Wunused-2.C (test for warnings, line 5)
WARNING: g++.old-deja/g++.mike/p10769a.C compilation failed to produce executable
WARNING: g++.old-deja/g++.other/enum5.C compilation failed to produce executable
WARNING: g++.old-deja/g++.pt/friend44.C compilation failed to produce executable
=== g++ Summary ===
# of expected passes 9121
# of unexpected failures 12
# of unexpected successes 2
# of expected failures 59
# of unsupported tests 60
/home/rth/work/gcc/build/axp/gcc/testsuite/../g++ version 3.4 20031205 (experimental)
=== g77 tests ===
Running target unix
=== g77 Summary ===
# of expected passes 1752
# of expected failures 1
# of untested testcases 1
# of unsupported tests 6
/home/rth/work/gcc/build/axp/gcc/testsuite/../g77 version 3.4 20031205 (experimental)
=== gcc tests ===
Running target unix
WARNING: program timed out.
FAIL: gcc.c-torture/compile/20001226-1.c (test for excess errors)
WARNING: program timed out.
FAIL: gcc.c-torture/compile/20001226-1.c (test for excess errors)
UNRESOLVED: gcc.c-torture/execute/wchar_t-1.c execution, -O0
UNRESOLVED: gcc.c-torture/execute/wchar_t-1.c execution, -O1
UNRESOLVED: gcc.c-torture/execute/wchar_t-1.c execution, -O2
UNRESOLVED: gcc.c-torture/execute/wchar_t-1.c execution, -O3 -fomit-frame-pointer
UNRESOLVED: gcc.c-torture/execute/wchar_t-1.c execution, -O3 -g
UNRESOLVED: gcc.c-torture/execute/wchar_t-1.c execution, -Os
FAIL: gcc.dg/cleanup-9.c execution test
FAIL: gcc.dg/intermod-1.c scan-assembler-not foo[1-9]\\.
FAIL: gcc.dg/uninit-A.c uninitialized variable warning (test for bogus messages, line 52)
FAIL: gcc.dg/uninit-A.c uninitialized variable warning (test for bogus messages, line 53)
=== gcc Summary ===
# of expected passes 24363
# of unexpected failures 6
# of expected failures 88
# of unresolved testcases 6
# of untested testcases 7
# of unsupported tests 272
/home/rth/work/gcc/build/axp/gcc/xgcc version 3.4 20031205 (experimental)
=== objc tests ===
Running target unix
FAIL: objc.dg/call-super-2.m (test for excess errors)
FAIL: objc.dg/desig-init-1.m (test for excess errors)
FAIL: objc.dg/encode-2.m execution test
FAIL: objc.dg/encode-3.m execution test
FAIL: objc.dg/proto-qual-1.m execution test
=== objc Summary ===
# of expected passes 1334
# of unexpected failures 5
# of unsupported tests 7
/home/rth/work/gcc/build/axp/gcc/xgcc version 3.4 20031205 (experimental)
Compiler version: 3.420031205(experimental)
Platform: alphaev67-unknown-linux-gnu
configure flags: --prefix=/home/rth/work/run --enable-threads --enable-clocale=gnu --enable-languages=c,c++,java,f77,objc