This is the mail archive of the
gcc-testresults@gcc.gnu.org
mailing list for the GCC project.
Results for 3.4 20031015 (experimental) testsuite on i386-pc-solaris2.10
- From: Rainer Orth <ro at TechFak dot Uni-Bielefeld dot DE>
- To: gcc-testresults at gcc dot gnu dot org
- Date: Thu, 16 Oct 2003 12:35:56 +0200 (MEST)
- Subject: Results for 3.4 20031015 (experimental) testsuite on i386-pc-solaris2.10
LAST_UPDATED: Wed Oct 15 11:15:16 UTC 2003
Native configuration is i386-pc-solaris2.10
=== g++ tests ===
Running target unix
FAIL: g++.dg/eh/simd-2.C (test for excess errors)
WARNING: g++.dg/eh/simd-2.C compilation failed to produce executable
FAIL: g++.dg/ext/complit1.C (test for excess errors)
XPASS: g++.dg/ext/lvalue1.C not an lvalue (test for errors, line 7)
FAIL: g++.dg/ext/pretty1.C scan-assembler top level
FAIL: g++.dg/ext/pretty2.C (test for excess errors)
WARNING: g++.dg/ext/pretty2.C compilation failed to produce executable
FAIL: g++.dg/other/static11.C (test for excess errors)
FAIL: g++.dg/parse/crash10.C (test for errors, line 14)
WARNING: program timed out.
FAIL: g++.dg/parse/stack1.C (test for excess errors)
XPASS: g++.dg/warn/Wunused-2.C (test for warnings, line 5)
FAIL: g++.dg/special/conpr-1.C execution test
FAIL: g++.dg/special/conpr-3.C execution test
FAIL: g++.dg/special/conpr-4.C execution test
FAIL: g++.old-deja/g++.eh/badalloc1.C execution test
WARNING: g++.old-deja/g++.mike/p10769a.C compilation failed to produce executable
WARNING: g++.old-deja/g++.other/enum5.C compilation failed to produce executable
WARNING: g++.old-deja/g++.pt/friend44.C compilation failed to produce executable
FAIL: g++.old-deja/g++.pt/vaarg3.C (test for excess errors)
=== g++ Summary ===
# of expected passes 9023
# of unexpected failures 12
# of unexpected successes 2
# of expected failures 62
# of unsupported tests 35
/amnt/figaro/volumes/obj-gcc/gcc/obj.sol86/gcc-3.4-20031015/10-gcc/gcc/testsuite/../g++ version 3.4 20031015 (experimental)
=== g77 tests ===
Running target unix
=== g77 Summary ===
# of expected passes 1752
# of expected failures 1
# of untested testcases 1
# of unsupported tests 6
/amnt/figaro/volumes/obj-gcc/gcc/obj.sol86/gcc-3.4-20031015/10-gcc/gcc/testsuite/../g77 version 3.4 20031015 (experimental)
=== gcc tests ===
Running target unix
WARNING: program timed out.
FAIL: gcc.c-torture/compile/20001226-1.c (test for excess errors)
WARNING: program timed out.
FAIL: gcc.c-torture/compile/20001226-1.c (test for excess errors)
WARNING: program timed out.
FAIL: gcc.c-torture/compile/20001226-1.c (test for excess errors)
WARNING: program timed out.
FAIL: gcc.c-torture/compile/20001226-1.c (test for excess errors)
WARNING: program timed out.
FAIL: gcc.c-torture/compile/20001226-1.c (test for excess errors)
FAIL: gcc.c-torture/execute/string-opt-18.c compilation, -O0
UNRESOLVED: gcc.c-torture/execute/string-opt-18.c execution, -O0
FAIL: gcc.c-torture/execute/va-arg-25.c execution, -O0
FAIL: gcc.c-torture/execute/va-arg-25.c execution, -O1
FAIL: gcc.c-torture/execute/va-arg-25.c execution, -O2
FAIL: gcc.c-torture/execute/va-arg-25.c execution, -O3 -fomit-frame-pointer
FAIL: gcc.c-torture/execute/va-arg-25.c execution, -O3 -g
FAIL: gcc.c-torture/execute/va-arg-25.c execution, -Os
UNRESOLVED: gcc.c-torture/execute/wchar_t-1.c execution, -O0
UNRESOLVED: gcc.c-torture/execute/wchar_t-1.c execution, -O1
UNRESOLVED: gcc.c-torture/execute/wchar_t-1.c execution, -O2
UNRESOLVED: gcc.c-torture/execute/wchar_t-1.c execution, -O3 -fomit-frame-pointer
UNRESOLVED: gcc.c-torture/execute/wchar_t-1.c execution, -O3 -g
UNRESOLVED: gcc.c-torture/execute/wchar_t-1.c execution, -Os
FAIL: gcc.dg/compat/vector-1 c_compat_x_tst.o compile
FAIL: gcc.dg/compat/vector-1 c_compat_y_tst.o compile
UNRESOLVED: gcc.dg/compat/vector-1 c_compat_x_tst.o-c_compat_y_tst.o link
UNRESOLVED: gcc.dg/compat/vector-1 c_compat_x_tst.o-c_compat_y_tst.o execute
FAIL: gcc.dg/compat/vector-2 c_compat_x_tst.o compile
FAIL: gcc.dg/compat/vector-2 c_compat_y_tst.o compile
UNRESOLVED: gcc.dg/compat/vector-2 c_compat_x_tst.o-c_compat_y_tst.o link
UNRESOLVED: gcc.dg/compat/vector-2 c_compat_x_tst.o-c_compat_y_tst.o execute
FAIL: gcc.dg/20011009-1.c (test for excess errors)
WARNING: gcc.dg/20011009-1.c compilation failed to produce executable
WARNING: program timed out.
FAIL: gcc.dg/20020425-1.c (test for excess errors)
WARNING: gcc.dg/20021014-1.c compilation failed to produce executable
FAIL: gcc.dg/builtins-20.c (test for excess errors)
FAIL: gcc.dg/const-elim-1.c scan-assembler-not L\\\$?C[^A-Z]
=== gcc Summary ===
# of expected passes 23746
# of unexpected failures 20
# of expected failures 80
# of unresolved testcases 11
# of untested testcases 7
# of unsupported tests 152
/amnt/figaro/volumes/obj-gcc/gcc/obj.sol86/gcc-3.4-20031015/10-gcc/gcc/xgcc version 3.4 20031015 (experimental)
=== objc tests ===
Running target unix
=== objc Summary ===
# of expected passes 1337
# of unsupported tests 7
/amnt/figaro/volumes/obj-gcc/gcc/obj.sol86/gcc-3.4-20031015/10-gcc/gcc/xgcc version 3.4 20031015 (experimental)
=== libffi tests ===
Running target unix
FAIL: libffi.call/cls_1_1byte.c execution test
FAIL: libffi.call/cls_2byte.c execution test
FAIL: libffi.call/cls_3_1byte.c execution test
FAIL: libffi.call/cls_5byte.c execution test
FAIL: libffi.call/cls_6byte.c execution test
=== libffi Summary ===
# of expected passes 115
# of unexpected failures 5
# of unsupported tests 2
=== libjava tests ===
Running target unix
FAIL: PR1343 compilation from bytecode
FAIL: PR1343 -O3 compilation from bytecode
FAIL: PR238 compilation from bytecode
FAIL: PR238 -O3 compilation from bytecode
FAIL: PR295 compilation from bytecode
FAIL: PR295 -O3 compilation from bytecode
FAIL: SuperConstr compilation from bytecode
FAIL: SuperConstr -O3 compilation from bytecode
FAIL: XercesBug compilation from bytecode
FAIL: XercesBug -O3 compilation from bytecode
FAIL: inner_1 compilation from bytecode
FAIL: inner_1 -O3 compilation from bytecode
FAIL: inner_data compilation from bytecode
FAIL: inner_data -O3 compilation from bytecode
FAIL: inner_inherit compilation from bytecode
FAIL: inner_inherit -O3 compilation from bytecode
FAIL: inner_priv compilation from bytecode
FAIL: inner_priv -O3 compilation from bytecode
FAIL: inner_pub compilation from bytecode
FAIL: inner_pub -O3 compilation from bytecode
FAIL: not_a_redef compilation from bytecode
FAIL: not_a_redef -O3 compilation from bytecode
FAIL: pr172 compilation from bytecode
FAIL: pr172 -O3 compilation from bytecode
FAIL: pr174 compilation from bytecode
FAIL: pr174 -O3 compilation from bytecode
FAIL: pr176 compilation from bytecode
FAIL: pr176 -O3 compilation from bytecode
FAIL: static_2 compilation from bytecode
FAIL: static_2 -O3 compilation from bytecode
FAIL: static_3 compilation from bytecode
FAIL: static_3 -O3 compilation from bytecode
FAIL: static_inner compilation from bytecode
FAIL: static_inner -O3 compilation from bytecode
FAIL: FileHandleGcTest execution - source compiled test
FAIL: FileHandleGcTest execution - gij test
FAIL: FileHandleGcTest execution - bytecode->native test
FAIL: FileHandleGcTest -O3 execution - source compiled test
FAIL: FileHandleGcTest execution - gij test
FAIL: FileHandleGcTest -O3 execution - bytecode->native test
WARNING: program timed out.
FAIL: SyncGlobal -O3 execution - bytecode->native test
FAIL: SyncTest execution - gij test
FAIL: Thread_Join execution - gij test
FAIL: Thread_Wait_2 execution - gij test
FAIL: Thread_Wait_2 execution - gij test
FAIL: Throw_2 execution - source compiled test
FAIL: Throw_2 execution - gij test
FAIL: Throw_2 execution - bytecode->native test
FAIL: Throw_2 -O3 execution - source compiled test
FAIL: Throw_2 execution - gij test
FAIL: Throw_2 -O3 execution - bytecode->native test
=== libjava Summary ===
# of expected passes 3047
# of unexpected failures 51
# of expected failures 10
# of untested testcases 25
=== libstdc++ tests ===
Running target unix
FAIL: 27_io/basic_istream/extractors_arithmetic/char/12.cc execution test
=== libstdc++ Summary ===
# of expected passes 2159
# of unexpected failures 1
# of expected failures 11
Compiler version: 3.4 20031015 (experimental)
Platform: i386-pc-solaris2.10
configure flags: --prefix=/vol/gcc --with-local-prefix=/vol/gcc --disable-nls --with-as=/vol/gcc/lib/as-7.0