This is the mail archive of the gcc-testresults@gcc.gnu.org mailing list for the GCC project.


Index Nav: [Date Index] [Subject Index] [Author Index] [Thread Index]
Message Nav: [Date Prev] [Date Next] [Thread Prev] [Thread Next]
Other format: [Raw text]

Results for 3.4 20031009 (experimental) testsuite on sparc-sun-solaris2.9



LAST_UPDATED: Thu Oct  9 20:06:23 UTC 2003

Native configuration is sparc-sun-solaris2.9

		=== gcc tests ===


Running target unix
WARNING: program timed out.
FAIL: gcc.c-torture/compile/20001226-1.c (test for excess errors)
WARNING: program timed out.
FAIL: gcc.c-torture/compile/20001226-1.c (test for excess errors)
FAIL: gcc.c-torture/execute/20030307-1.c execution,  -O2 
FAIL: gcc.c-torture/execute/20030307-1.c execution,  -Os 
FAIL: gcc.c-torture/execute/simd-4.c compilation,  -O0 
UNRESOLVED: gcc.c-torture/execute/simd-4.c execution,  -O0 
FAIL: gcc.c-torture/execute/va-arg-24.c compilation,  -O0 
UNRESOLVED: gcc.c-torture/execute/va-arg-24.c execution,  -O0 
FAIL: gcc.c-torture/execute/va-arg-24.c compilation,  -O1 
UNRESOLVED: gcc.c-torture/execute/va-arg-24.c execution,  -O1 
FAIL: gcc.c-torture/execute/va-arg-24.c compilation,  -O2 
UNRESOLVED: gcc.c-torture/execute/va-arg-24.c execution,  -O2 
FAIL: gcc.c-torture/execute/va-arg-24.c compilation,  -O3 -fomit-frame-pointer 
UNRESOLVED: gcc.c-torture/execute/va-arg-24.c execution,  -O3 -fomit-frame-pointer 
FAIL: gcc.c-torture/execute/va-arg-24.c compilation,  -O3 -g 
UNRESOLVED: gcc.c-torture/execute/va-arg-24.c execution,  -O3 -g 
FAIL: gcc.c-torture/execute/va-arg-24.c compilation,  -Os 
UNRESOLVED: gcc.c-torture/execute/va-arg-24.c execution,  -Os 
UNRESOLVED: gcc.c-torture/execute/wchar_t-1.c execution,  -O0 
UNRESOLVED: gcc.c-torture/execute/wchar_t-1.c execution,  -O1 
UNRESOLVED: gcc.c-torture/execute/wchar_t-1.c execution,  -O2 
UNRESOLVED: gcc.c-torture/execute/wchar_t-1.c execution,  -O3 -fomit-frame-pointer 
UNRESOLVED: gcc.c-torture/execute/wchar_t-1.c execution,  -O3 -g 
UNRESOLVED: gcc.c-torture/execute/wchar_t-1.c execution,  -Os 
FAIL: gcc.dg/compat/vector-1 c_compat_x_tst.o compile
FAIL: gcc.dg/compat/vector-1 c_compat_y_tst.o compile
UNRESOLVED: gcc.dg/compat/vector-1 c_compat_x_tst.o-c_compat_y_tst.o link 
UNRESOLVED: gcc.dg/compat/vector-1 c_compat_x_tst.o-c_compat_y_tst.o execute 
FAIL: gcc.dg/compat/vector-2 c_compat_x_tst.o compile
FAIL: gcc.dg/compat/vector-2 c_compat_y_tst.o compile
UNRESOLVED: gcc.dg/compat/vector-2 c_compat_x_tst.o-c_compat_y_tst.o link 
UNRESOLVED: gcc.dg/compat/vector-2 c_compat_x_tst.o-c_compat_y_tst.o execute 
WARNING: gcc.dg/20021014-1.c compilation failed to produce executable
FAIL: gcc.dg/builtins-18.c (test for excess errors)
FAIL: gcc.dg/builtins-20.c (test for excess errors)
XPASS: gcc.dg/uninit-4.c uninitialized variable warning (test for bogus messages, line 26)

		=== gcc Summary ===

# of expected passes		24069
# of unexpected failures	17
# of unexpected successes	1
# of expected failures		78
# of unresolved testcases	17
# of untested testcases		7
# of unsupported tests		259
/opt/gcc/gcc-cvs/objdir/gcc/xgcc version 3.4 20031009 (experimental)

		=== g++ tests ===


Running target unix
FAIL: g++.dg/eh/simd-1.C (test for excess errors)
WARNING: g++.dg/eh/simd-1.C compilation failed to produce executable
FAIL: g++.dg/eh/simd-2.C (test for excess errors)
WARNING: g++.dg/eh/simd-2.C compilation failed to produce executable
XPASS: g++.dg/ext/lvalue1.C not an lvalue (test for errors, line 7)
FAIL: g++.dg/ext/pretty1.C scan-assembler top level
FAIL: g++.dg/ext/pretty2.C (test for excess errors)
WARNING: g++.dg/ext/pretty2.C compilation failed to produce executable
FAIL: g++.dg/parse/crash10.C  (test for errors, line 14)
XPASS: g++.dg/warn/Wunused-2.C  (test for warnings, line 5)
FAIL: g++.dg/special/conpr-4.C execution test
FAIL: g++.old-deja/g++.jason/rfg27.C  (test for errors, line 5)
FAIL: g++.old-deja/g++.jason/rfg27.C  (test for errors, line 6)
FAIL: g++.old-deja/g++.jason/rfg27.C  (test for errors, line 7)
FAIL: g++.old-deja/g++.jason/rfg27.C  (test for errors, line 8)
FAIL: g++.old-deja/g++.jason/rfg27.C (test for excess errors)
WARNING: g++.old-deja/g++.mike/p10769a.C compilation failed to produce executable
WARNING: g++.old-deja/g++.other/enum5.C compilation failed to produce executable
WARNING: g++.old-deja/g++.pt/friend44.C compilation failed to produce executable

		=== g++ Summary ===

# of expected passes		8971
# of unexpected failures	11
# of unexpected successes	2
# of expected failures		63
# of unsupported tests		58
/opt/gcc/gcc-cvs/objdir/gcc/testsuite/../g++ version 3.4 20031009 (experimental)

		=== libffi tests ===


Running target unix
FAIL: libffi.call/cls_12byte.c execution test
FAIL: libffi.call/cls_16byte.c execution test
FAIL: libffi.call/cls_1_1byte.c execution test
FAIL: libffi.call/cls_20byte.c execution test
FAIL: libffi.call/cls_20byte1.c execution test
FAIL: libffi.call/cls_24byte.c execution test
FAIL: libffi.call/cls_2byte.c execution test
FAIL: libffi.call/cls_3_1byte.c execution test
FAIL: libffi.call/cls_3byte1.c execution test
FAIL: libffi.call/cls_3byte2.c execution test
FAIL: libffi.call/cls_4_1byte.c execution test
FAIL: libffi.call/cls_4byte.c execution test
FAIL: libffi.call/cls_5byte.c execution test
FAIL: libffi.call/cls_64byte.c execution test
FAIL: libffi.call/cls_6byte.c execution test
FAIL: libffi.call/cls_7byte.c execution test
FAIL: libffi.call/cls_8byte.c execution test
FAIL: libffi.call/cls_9byte1.c execution test
FAIL: libffi.call/cls_9byte2.c execution test
FAIL: libffi.call/nested_struct.c execution test
FAIL: libffi.call/nested_struct1.c execution test
FAIL: libffi.call/problem1.c execution test

		=== libffi Summary ===

# of expected passes		95
# of unexpected failures	22
# of unsupported tests		2
		=== libjava tests ===


Running target unix
FAIL: Array_3 execution - gij test
FAIL: Array_3 execution - gij test
ERROR: No \`main' given in program N19990310_3
UNRESOLVED: N19990310_4 compilation from source
FAIL: SyncTest execution - gij test
FAIL: SyncTest execution - gij test
FAIL: Thread_Join execution - gij test
FAIL: Thread_Monitor execution - gij test
FAIL: Thread_Wait_2 execution - gij test
FAIL: Thread_Wait_2 execution - gij test
WARNING: program timed out.
FAIL: anon2 execution - source compiled test
WARNING: program timed out.
FAIL: pr8823 execution - source compiled test
FAIL: gnu.testlet.BinaryCompatibility.BinaryCompatibilityTest (number 1)
FAIL: gnu.testlet.java.io.DataInputStream.ReadReference: Read reference DataInput data (number 1)
FAIL: gnu.testlet.java.io.DataInputStream.ReadReference2: Read reference DataInput data (2) (number 1)
FAIL: gnu.testlet.java.io.File.jdk11: mkdir () (number 1)
FAIL: gnu.testlet.java.io.File.jdk11: canRead () (number 1)
FAIL: gnu.testlet.java.io.File.jdk11: isDirectory () (number 1)
FAIL: gnu.testlet.java.io.File.jdk11: canWrite() (number 1)
FAIL: gnu.testlet.java.io.File.jdk11: exists () (number 1)
FAIL: gnu.testlet.java.io.File.jdk11: isFile () (number 1)
FAIL: gnu.testlet.java.io.File.jdk11: length () (number 1)
FAIL: gnu.testlet.java.io.File.jdk11: uncaught exception at "toString ()" number 2: java.lang.NullPointerException
FAIL: gnu.testlet.java.io.File.security: dir.canWrite() (number 1)
FAIL: gnu.testlet.java.io.File.security: dir.canRead() (number 1)
FAIL: gnu.testlet.java.io.File.security: file.createNewFile() (number 1)
FAIL: gnu.testlet.java.io.File.security: file.delete() (number 1)
FAIL: gnu.testlet.java.io.File.security: dir.list(null) (number 1)
FAIL: gnu.testlet.java.io.File.security: dir.list() (number 1)
FAIL: gnu.testlet.java.io.File.security: dir.listFiles() (number 1)
FAIL: gnu.testlet.java.io.File.security: dir.listFiles(FilenameFilter) (number 1)
FAIL: gnu.testlet.java.io.File.security: dir.listFiles(FileFilter) (number 1)
FAIL: gnu.testlet.java.io.File.security: dir.createTempFile(2-args) (number 1)
FAIL: gnu.testlet.java.io.File.security: File.createTempFile(3-args) (number 1)
FAIL: gnu.testlet.java.io.File.security: dir.setReadOnly() (number 1)
FAIL: gnu.testlet.java.io.File.security: File.listRoots() (number 1)
FAIL: gnu.testlet.java.io.File.security: file.renameTo() (number 1)
FAIL: gnu.testlet.java.io.File.security: dir.setLastModified() (number 1)
FAIL: gnu.testlet.java.io.File.security: dir.deleteOnExit() (number 1)
FAIL: gnu.testlet.java.io.ObjectInputOutput.InputTest: gnu.testlet.java.io.ObjectInputOutput.Test\$CallDefault (number 1)
FAIL: gnu.testlet.java.io.ObjectInputOutput.InputTest: gnu.testlet.java.io.ObjectInputOutput.Test\$Extern (number 1)
FAIL: gnu.testlet.java.io.ObjectInputOutput.InputTest: gnu.testlet.java.io.ObjectInputOutput.Test\$NoCallDefault (number 1)
FAIL: gnu.testlet.java.io.ObjectInputOutput.InputTest: gnu.testlet.java.io.ObjectInputOutput.Test\$HairyGraph (number 1)
FAIL: gnu.testlet.java.io.ObjectInputOutput.InputTest: gnu.testlet.java.io.ObjectInputOutput.Test\$GetPutField (number 1)
FAIL: gnu.testlet.java.io.ObjectInputOutput.OutputTest: gnu.testlet.java.io.ObjectInputOutput.Test\$CallDefault (number 1)
FAIL: gnu.testlet.java.io.ObjectInputOutput.OutputTest: Serializable: gnu.testlet.java.io.ObjectInputOutput.Test\$Extern () (number 2)
FAIL: gnu.testlet.java.io.ObjectInputOutput.OutputTest: gnu.testlet.java.io.ObjectInputOutput.Test\$NoCallDefault (number 1)
FAIL: gnu.testlet.java.io.ObjectInputOutput.OutputTest: gnu.testlet.java.io.ObjectInputOutput.Test\$HairyGraph (number 1)
FAIL: gnu.testlet.java.io.ObjectInputOutput.OutputTest: Serializable: test(str=null, x=0) (number 2)
FAIL: gnu.testlet.java.io.ObjectInputOutput.OutputTest: gnu.testlet.java.io.ObjectInputOutput.Test\$BadField (number 1)
FAIL: gnu.testlet.java.io.OutputStreamWriter.jdk11: OutputStreamWriter(writer, encoding) (number 1)
FAIL: gnu.testlet.java.io.OutputStreamWriter.jdk11: OutputStreamWriter(writer, encoding) // alias (number 1)
FAIL: gnu.testlet.java.io.PrintStream.subclass (number 1)
FAIL: gnu.testlet.java.io.PrintWriter.jdk11: checkError() after close() (number 1)
WARNING: program timed out.
FAIL: gnu.testlet.java.io.Utf8Encoding.ReadReference: Read UTF8 reference file (number 1)
FAIL: gnu.testlet.java.lang.Math.MathTest: Error : test_asinacosatan failed - 4 (number 1)
FAIL: gnu.testlet.java.lang.Math.MathTest: Error : test_asinacosatan failed - 6 (number 1)
FAIL: gnu.testlet.java.lang.Math.MathTest: Error : test_log failed - 2 (number 1)
WARNING: program timed out.
FAIL: gnu.testlet.java.lang.Package.getPackage: uncaught exception at  number 1: java.lang.ArrayIndexOutOfBoundsException: 1
FAIL: gnu.testlet.java.lang.String.getBytes13: String.getBytes("Cp1252") (number 1)
FAIL: gnu.testlet.java.lang.String.getBytes14: String.getBytes("windows-1252") (number 1)
FAIL: gnu.testlet.java.lang.Thread.contextClassLoader: null is a valid contextClassLoader (number 1)
FAIL: gnu.testlet.java.lang.Thread.contextClassLoader: New thread inherits null classloader (number 1)
FAIL: gnu.testlet.java.lang.Thread.contextClassLoader: run with null classloader (number 1)
FAIL: gnu.testlet.java.lang.Thread.daemon: Can change daemon state on an exitted Thread (number 1)
FAIL: gnu.testlet.java.lang.Thread.daemon: Daemon status changed when set on an exitted Thread (number 1)
FAIL: gnu.testlet.java.lang.Thread.stop: Unexpected exception during test() (number 1)
FAIL: gnu.testlet.java.net.Socket.jdk13: unexpected error: Invalid argument (number 1)
FAIL: gnu.testlet.java.net.URL.URLTest: toString (number 2)
FAIL: gnu.testlet.java.net.URLClassLoader.getResource: Unexpected exception: java.io.IOException: Permission denied (number 1)
FAIL: gnu.testlet.java.text.RuleBasedCollator.jdk11: constructor rule parsing (number 3)
FAIL: gnu.testlet.java.text.RuleBasedCollator.jdk11: constructor rule parsing (number 4)
FAIL: gnu.testlet.java.text.RuleBasedCollator.jdk11: constructor rule parsing (number 5)
FAIL: gnu.testlet.java.text.RuleBasedCollator.jdk11: constructor rule parsing (number 9)
FAIL: gnu.testlet.java.text.RuleBasedCollator.jdk11: constructor rule parsing (number 10)
FAIL: gnu.testlet.java.text.RuleBasedCollator.jdk11: constructor rule parsing (number 11)
FAIL: gnu.testlet.java.text.RuleBasedCollator.jdk11: constructor rule parsing (number 20)
FAIL: gnu.testlet.java.text.RuleBasedCollator.jdk11: constructor rule parsing (number 21)
FAIL: gnu.testlet.java.text.RuleBasedCollator.jdk11: constructor rule parsing (number 22)
FAIL: gnu.testlet.java.text.RuleBasedCollator.jdk11: constructor rule parsing (number 23)
FAIL: gnu.testlet.java.text.RuleBasedCollator.jdk11: constructor rule parsing (number 24)
FAIL: gnu.testlet.java.text.RuleBasedCollator.jdk11: constructor rule parsing (number 25)
FAIL: gnu.testlet.java.text.RuleBasedCollator.jdk11: constructor rule parsing (number 26)
FAIL: gnu.testlet.java.text.RuleBasedCollator.jdk11: constructor rule parsing (number 27)
FAIL: gnu.testlet.java.text.RuleBasedCollator.jdk11: constructor rule parsing (number 28)
FAIL: gnu.testlet.java.text.RuleBasedCollator.jdk11: constructor rule parsing (number 29)
FAIL: gnu.testlet.java.text.RuleBasedCollator.jdk11: constructor rule parsing (number 30)
FAIL: gnu.testlet.java.text.RuleBasedCollator.jdk11: constructor rule parsing (number 31)
FAIL: gnu.testlet.java.text.RuleBasedCollator.jdk11: constructor rule parsing errors (number 1)
FAIL: gnu.testlet.java.text.RuleBasedCollator.jdk11: single character ordering (number 19)
FAIL: gnu.testlet.java.text.RuleBasedCollator.jdk11: single character ordering (number 73)
FAIL: gnu.testlet.java.text.RuleBasedCollator.jdk11: contraction ordering (number 5)
FAIL: gnu.testlet.java.text.RuleBasedCollator.jdk11: expansion ordering: ParseException (offset is 26) (number 1)
FAIL: gnu.testlet.java.util.ArrayList.serial (number 2)
FAIL: gnu.testlet.java.util.jar.JarFile.basic: all basic tests failed (number 1)
FAIL: gnu.testlet.java.util.zip.GZIPInputStream.basic: reading gzip file (number 1)
FAIL: gnu.testlet.java.util.zip.GZIPInputStream.basic: compressing and re-reading (number 1)
FAIL: gnu.testlet.java.util.zip.InflaterInputStream.basic: compressing string (number 2)
FAIL: gnu.testlet.java.util.zip.InflaterInputStream.basic: Constructor (number 2)
FAIL: gnu.testlet.java.util.zip.InflaterInputStream.basic: Constructor (number 4)
FAIL: gnu.testlet.java.util.zip.InflaterInputStream.basic: uncaught exception at "Constructor" number 5: java.lang.NegativeArraySizeException
FAIL: gnu.testlet.java.util.zip.ZipInputStream.basic: all basic tests failed (number 1)
FAIL: gnu.testlet.java.util.zip.ZipInputStream.basic: all read tests failed (number 1)

		=== libjava Summary ===

# of expected passes		11713
# of unexpected failures	101
# of expected failures		49
# of unresolved testcases	1
# of untested testcases		18
		=== libstdc++ tests ===


Running target unix

		=== libstdc++ Summary ===

# of expected passes		2151
# of expected failures		12

Compiler version: 3.4 20031009 (experimental) 
Platform: sparc-sun-solaris2.9
configure flags: --prefix=/var/tmp --enable-languages=c,c++,java --with-dwarf2

Index Nav: [Date Index] [Subject Index] [Author Index] [Thread Index]
Message Nav: [Date Prev] [Date Next] [Thread Prev] [Thread Next]