This is the mail archive of the
gcc-testresults@gcc.gnu.org
mailing list for the GCC project.
Results for [trunk] 3.420030930(experimental) testsuite on i686-pc-linux-gnu
- From: "Autocrasher" <autocrasher at devphil dot com>
- To: gcc-testresults at gcc dot gnu dot org
- Date: 30 Sep 2003 14:00:02 -0000
- Subject: Results for [trunk] 3.420030930(experimental) testsuite on i686-pc-linux-gnu
The configure/build/test log and libstdc++-v3 regression plots can be
found at http://www.devphil.com/build/
Host was specified as athlon_mp-pc-linux-gnu.
This particular run used standard (previously installed) binutils.
- The Autocrasher (Phil's Builder Bot, version 2.0)
LAST_UPDATED: Mon Feb 3 09:55:58 UTC 2003
Native configuration is i686-pc-linux-gnu
=== g++ tests ===
Running target unix
XPASS: g++.dg/ext/lvalue1.C not an lvalue (test for errors, line 7)
FAIL: g++.dg/ext/pretty1.C scan-assembler top level
FAIL: g++.dg/ext/pretty2.C (test for excess errors)
WARNING: g++.dg/ext/pretty2.C compilation failed to produce executable
FAIL: g++.dg/ext/vla1.C (test for excess errors)
FAIL: g++.dg/parse/crash10.C (test for errors, line 14)
XPASS: g++.dg/warn/Wunused-2.C (test for warnings, line 5)
WARNING: g++.old-deja/g++.mike/p10769a.C compilation failed to produce executable
WARNING: g++.old-deja/g++.other/enum5.C compilation failed to produce executable
XPASS: g++.old-deja/g++.other/init5.C execution test
WARNING: g++.old-deja/g++.pt/friend44.C compilation failed to produce executable
=== g++ Summary ===
# of expected passes 9043
# of unexpected failures 4
# of unexpected successes 3
# of expected failures 59
# of unsupported tests 29
/mnt/build/build-2003-09-30-trunk/gcc/testsuite/../g++ version 3.4 20030930 (experimental)
=== libstdc++-v3 check-abi Summary ===
# of added symbols: 131
# of missing symbols: 194
# of incompatible symbols: 198
=== libstdc++ tests ===
Running target unix
XPASS: 26_numerics/c99_classification_macros_c.cc (test for excess errors)
=== libstdc++ Summary ===
# of expected passes 2128
# of unexpected successes 1
# of expected failures 11
Compiler version: 3.420030930(experimental)
Platform: i686-pc-linux-gnu
configure flags: --prefix=/mnt/build/install-2003-09-30-trunk --enable-threads=posix --enable-__cxa_atexit --enable-languages=c++ --with-dwarf2