This is the mail archive of the
gcc-testresults@gcc.gnu.org
mailing list for the GCC project.
Results for 3.4 20030930 (experimental) testsuite on powerpc-ibm-aix5.1.0.0
- From: David Edelsohn <dje at watson dot ibm dot com>
- To: gcc-testresults at gcc dot gnu dot org
- Date: Tue, 30 Sep 2003 09:44:17 -0400
- Subject: Results for 3.4 20030930 (experimental) testsuite on powerpc-ibm-aix5.1.0.0
LAST_UPDATED: Tue Sep 30 03:48:05 UTC 2003
Native configuration is powerpc-ibm-aix5.1.0.0
=== g++ tests ===
Running target unix
FAIL: g++.dg/ext/altivec-1.C (test for excess errors)
XPASS: g++.dg/ext/lvalue1.C not an lvalue (test for errors, line 7)
FAIL: g++.dg/ext/pretty1.C scan-assembler top level
FAIL: g++.dg/ext/pretty2.C (test for excess errors)
WARNING: g++.dg/ext/pretty2.C compilation failed to produce executable
FAIL: g++.dg/ext/vla1.C (test for excess errors)
XPASS: g++.dg/other/packed1.C execution test
FAIL: g++.dg/parse/crash10.C (test for errors, line 14)
XPASS: g++.dg/warn/Wunused-2.C (test for warnings, line 5)
FAIL: g++.dg/pch/system-1.C -g assembly comparison
FAIL: g++.dg/pch/system-2.C -g assembly comparison
FAIL: g++.dg/pch/uninst.C -g assembly comparison
FAIL: g++.old-deja/g++.abi/cxa_vec.C execution test
FAIL: g++.old-deja/g++.abi/ptrflags.C (test for excess errors)
WARNING: g++.old-deja/g++.abi/ptrflags.C compilation failed to produce executable
FAIL: g++.old-deja/g++.brendan/new3.C execution test
FAIL: g++.old-deja/g++.eh/catchptr1.C (test for excess errors)
WARNING: g++.old-deja/g++.eh/catchptr1.C compilation failed to produce executable
WARNING: program timed out.
FAIL: g++.old-deja/g++.ext/attrib5.C (test for excess errors)
WARNING: g++.old-deja/g++.ext/attrib5.C compilation failed to produce executable
WARNING: g++.old-deja/g++.mike/p10769a.C compilation failed to produce executable
WARNING: g++.old-deja/g++.other/enum5.C compilation failed to produce executable
FAIL: g++.old-deja/g++.pt/const2.C (test for errors, line )
WARNING: g++.old-deja/g++.pt/friend44.C compilation failed to produce executable
=== g++ Summary ===
# of expected passes 8804
# of unexpected failures 14
# of unexpected successes 3
# of expected failures 60
# of unsupported tests 60
/tmp2/powerpc-ibm-aix5.1.0.0-20030929/gcc/testsuite/../g++ version 3.4 20030930 (experimental)
=== g77 tests ===
Running target unix
FAIL: g77.f-torture/execute/19990325-0.f execution, -O0
FAIL: g77.f-torture/execute/980520-1.f compilation, -O0
FAIL: g77.f-torture/execute/intrinsic77.f execution, -O0
FAIL: g77.f-torture/execute/intrinsic77.f execution, -O1
FAIL: g77.f-torture/execute/intrinsic77.f execution, -O2
FAIL: g77.f-torture/execute/intrinsic77.f execution, -O3 -fomit-frame-pointer
FAIL: g77.f-torture/execute/intrinsic77.f execution, -O3 -g
FAIL: g77.f-torture/execute/intrinsic77.f execution, -Os
=== g77 Summary ===
# of expected passes 1745
# of unexpected failures 8
# of untested testcases 1
# of unsupported tests 6
/tmp2/powerpc-ibm-aix5.1.0.0-20030929/gcc/testsuite/../g77 version 3.4 20030930 (experimental)
=== gcc tests ===
Running target unix
WARNING: program timed out.
FAIL: gcc.c-torture/compile/20011119-1.c (test for excess errors)
WARNING: program timed out.
FAIL: gcc.c-torture/compile/20011119-1.c (test for excess errors)
WARNING: program timed out.
FAIL: gcc.c-torture/compile/20011119-1.c (test for excess errors)
WARNING: program timed out.
FAIL: gcc.c-torture/compile/20011119-1.c (test for excess errors)
WARNING: program timed out.
FAIL: gcc.c-torture/compile/20011119-2.c (test for excess errors)
WARNING: program timed out.
FAIL: gcc.c-torture/compile/20011119-2.c (test for excess errors)
WARNING: program timed out.
FAIL: gcc.c-torture/compile/20011119-2.c (test for excess errors)
WARNING: program timed out.
FAIL: gcc.c-torture/compile/20011119-2.c (test for excess errors)
WARNING: program timed out.
FAIL: gcc.c-torture/compile/20011119-2.c (test for excess errors)
WARNING: program timed out.
FAIL: gcc.c-torture/compile/20011119-2.c (test for excess errors)
WARNING: program timed out.
FAIL: gcc.c-torture/compile/981001-2.c (test for excess errors)
WARNING: program timed out.
FAIL: gcc.c-torture/compile/981001-2.c (test for excess errors)
WARNING: program timed out.
FAIL: gcc.c-torture/compile/981001-2.c (test for excess errors)
WARNING: program timed out.
FAIL: gcc.c-torture/compile/981001-2.c (test for excess errors)
FAIL: gcc.c-torture/execute/eeprof-1.c execution, -O0
FAIL: gcc.c-torture/execute/eeprof-1.c execution, -O1
FAIL: gcc.c-torture/execute/eeprof-1.c execution, -O2
FAIL: gcc.c-torture/execute/eeprof-1.c execution, -O3 -fomit-frame-pointer
FAIL: gcc.c-torture/execute/eeprof-1.c execution, -O3 -g
FAIL: gcc.c-torture/execute/eeprof-1.c execution, -Os
UNRESOLVED: gcc.c-torture/execute/wchar_t-1.c execution, -O0
UNRESOLVED: gcc.c-torture/execute/wchar_t-1.c execution, -O1
UNRESOLVED: gcc.c-torture/execute/wchar_t-1.c execution, -O2
UNRESOLVED: gcc.c-torture/execute/wchar_t-1.c execution, -O3 -fomit-frame-pointer
UNRESOLVED: gcc.c-torture/execute/wchar_t-1.c execution, -O3 -g
UNRESOLVED: gcc.c-torture/execute/wchar_t-1.c execution, -Os
FAIL: gcc.dg/cpp/lexident.c (test for excess errors)
FAIL: gcc.dg/20020103-1.c scan-assembler-not LC
FAIL: gcc.dg/20020118-1.c execution test
FAIL: gcc.dg/altivec-4.c (test for excess errors)
FAIL: gcc.dg/altivec-7.c (test for excess errors)
FAIL: gcc.dg/altivec-8.c (test for excess errors)
FAIL: gcc.dg/asm-names.c (test for excess errors)
FAIL: gcc.dg/const-elim-1.c scan-assembler-not L\\\$?C[^A-Z]
FAIL: gcc.dg/old-style-asm-1.c scan-assembler L(:|\\\$0*)?2
FAIL: gcc.dg/pch/static-1.c -O0 -g assembly comparison
FAIL: gcc.dg/pch/static-2.c -O0 -g assembly comparison
FAIL: gcc.dg/pch/static-3.c -O0 -g assembly comparison
FAIL: gcc.dg/pch/warn-1.c (test for excess errors)
FAIL: gcc.dg/pch/warn-1.c (test for excess errors)
FAIL: gcc.dg/pch/warn-1.c (test for excess errors)
FAIL: gcc.dg/pch/warn-1.c (test for excess errors)
FAIL: gcc.dg/pch/warn-1.c (test for excess errors)
FAIL: gcc.dg/pch/warn-1.c (test for excess errors)
FAIL: gcc.dg/pch/warn-1.c (test for excess errors)
=== gcc Summary ===
# of expected passes 22395
# of unexpected failures 39
# of expected failures 79
# of unresolved testcases 6
# of untested testcases 7
# of unsupported tests 270
/tmp2/powerpc-ibm-aix5.1.0.0-20030929/gcc/xgcc version 3.4 20030930 (experimental)
=== objc tests ===
Running target unix
FAIL: objc.dg/encode-2.m execution test
FAIL: objc.dg/encode-3.m execution test
FAIL: objc.dg/encode-4.m execution test
=== objc Summary ===
# of expected passes 1326
# of unexpected failures 3
# of unsupported tests 9
/tmp2/powerpc-ibm-aix5.1.0.0-20030929/gcc/xgcc version 3.4 20030930 (experimental)
=== libstdc++ tests ===
Running target unix
FAIL: 20_util/allocator_members.cc execution test
FAIL: 21_strings/basic_string/inserters_extractors/wchar_t/1.cc execution test
FAIL: 21_strings/basic_string/inserters_extractors/wchar_t/5.cc execution test
FAIL: 22_locale/ctype/is/char/3.cc execution test
FAIL: 22_locale/ctype/is/wchar_t/1.cc execution test
FAIL: 22_locale/ctype/scan/wchar_t/1.cc execution test
FAIL: 22_locale/money_get/get/wchar_t/5.cc execution test
FAIL: 22_locale/money_get/get/wchar_t/6.cc execution test
FAIL: 22_locale/money_get/get/wchar_t/7.cc execution test
FAIL: 22_locale/money_get/get/wchar_t/8.cc execution test
FAIL: 22_locale/money_get/get/wchar_t/9.cc execution test
FAIL: 22_locale/money_put/put/wchar_t/4.cc execution test
FAIL: 22_locale/money_put/put/wchar_t/5.cc execution test
FAIL: 22_locale/time_get/get_date/wchar_t/3.cc execution test
FAIL: 22_locale/time_get/get_time/wchar_t/3.cc execution test
FAIL: 22_locale/time_get/get_year/wchar_t/3.cc execution test
FAIL: 27_io/basic_istream/extractors_arithmetic/char/12.cc execution test
FAIL: 27_io/objects/char/6.cc execution test
FAIL: 27_io/objects/wchar_t/6.cc execution test
=== libstdc++ Summary ===
# of expected passes 2097
# of unexpected failures 19
# of expected failures 11
# of unsupported tests 7
Compiler version: 3.4 20030930 (experimental)
Platform: powerpc-ibm-aix5.1.0.0
configure flags: --prefix=/farm/dje/install/powerpc-ibm-aix5.1.0.0-20030929 --disable-werror --disable-win32-registry