This is the mail archive of the
gcc-testresults@gcc.gnu.org
mailing list for the GCC project.
Results for 3.420030928(experimental) testsuite on alphaev67-unknown-linux-gnu
- From: Richard Henderson <rth at twiddle dot net>
- To: gcc-testresults at gcc dot gnu dot org
- Date: Mon, 29 Sep 2003 10:02:44 -0700
- Subject: Results for 3.420030928(experimental) testsuite on alphaev67-unknown-linux-gnu
LAST_UPDATED: Sun Sep 28 10:17:03 UTC 2003
Native configuration is alphaev67-unknown-linux-gnu
=== libffi tests ===
Running target unix
=== libffi Summary ===
# of expected passes 125
# of unsupported tests 2
=== libjava tests ===
Running target unix
FAIL: cxxtest output
FAIL: initexc execution - gij test
FAIL: initexc execution - gij test
=== libjava Summary ===
# of expected passes 3110
# of unexpected failures 3
# of expected failures 10
# of untested testcases 10
=== libstdc++ tests ===
Running target unix
FAIL: 26_numerics/fabs_inline.cc (test for excess errors)
WARNING: 26_numerics/fabs_inline.cc compilation failed to produce executable
=== libstdc++ Summary ===
# of expected passes 2124
# of unexpected failures 1
# of expected failures 12
=== g++ tests ===
Running target unix
FAIL: g++.dg/eh/forced1.C execution test
XPASS: g++.dg/ext/lvalue1.C not an lvalue (test for errors, line 7)
FAIL: g++.dg/ext/pretty1.C scan-assembler top level
FAIL: g++.dg/ext/pretty2.C (test for excess errors)
WARNING: g++.dg/ext/pretty2.C compilation failed to produce executable
FAIL: g++.dg/ext/vla1.C (test for excess errors)
FAIL: g++.dg/init/array10.C (test for excess errors)
FAIL: g++.dg/opt/unroll1.C (test for excess errors)
WARNING: g++.dg/opt/unroll1.C compilation failed to produce executable
FAIL: g++.dg/parse/crash10.C (test for errors, line 14)
XPASS: g++.dg/warn/Wunused-2.C (test for warnings, line 5)
FAIL: g++.old-deja/g++.eh/terminate2.C execution test
WARNING: g++.old-deja/g++.mike/p10769a.C compilation failed to produce executable
XPASS: g++.old-deja/g++.other/crash31.C (test for bogus messages, line 13)
FAIL: g++.old-deja/g++.other/crash31.C (test for excess errors)
WARNING: g++.old-deja/g++.other/enum5.C compilation failed to produce executable
WARNING: g++.old-deja/g++.pt/friend44.C compilation failed to produce executable
=== g++ Summary ===
# of expected passes 8980
# of unexpected failures 9
# of unexpected successes 3
# of expected failures 61
# of unsupported tests 59
/home/rth/work/gcc/build/axp/gcc/testsuite/../g++ version 3.4 20030928 (experimental)
=== g77 tests ===
Running target unix
FAIL: g77.f-torture/execute/980520-1.f compilation, -O0
=== g77 Summary ===
# of expected passes 1752
# of unexpected failures 1
# of untested testcases 1
# of unsupported tests 6
/home/rth/work/gcc/build/axp/gcc/testsuite/../g77 version 3.4 20030928 (experimental)
=== gcc tests ===
Running target unix
WARNING: program timed out.
FAIL: gcc.c-torture/compile/20001226-1.c (test for excess errors)
WARNING: program timed out.
FAIL: gcc.c-torture/compile/20001226-1.c (test for excess errors)
WARNING: program timed out.
FAIL: gcc.c-torture/compile/20001226-1.c (test for excess errors)
WARNING: program timed out.
FAIL: gcc.c-torture/compile/20001226-1.c (test for excess errors)
UNRESOLVED: gcc.c-torture/execute/wchar_t-1.c execution, -O0
UNRESOLVED: gcc.c-torture/execute/wchar_t-1.c execution, -O1
UNRESOLVED: gcc.c-torture/execute/wchar_t-1.c execution, -O2
UNRESOLVED: gcc.c-torture/execute/wchar_t-1.c execution, -O3 -fomit-frame-pointer
UNRESOLVED: gcc.c-torture/execute/wchar_t-1.c execution, -O3 -g
UNRESOLVED: gcc.c-torture/execute/wchar_t-1.c execution, -Os
FAIL: gcc.dg/Wpadded.c (test for excess errors)
FAIL: gcc.dg/cleanup-8.c execution test
FAIL: gcc.dg/cleanup-9.c execution test
FAIL: gcc.dg/intermod-1.c scan-assembler-not foo[1-9]\\.
FAIL: gcc.dg/uninit-A.c uninitialized variable warning (test for bogus messages, line 52)
FAIL: gcc.dg/uninit-A.c uninitialized variable warning (test for bogus messages, line 53)
=== gcc Summary ===
# of expected passes 24056
# of unexpected failures 10
# of expected failures 90
# of unresolved testcases 6
# of untested testcases 7
# of unsupported tests 258
/home/rth/work/gcc/build/axp/gcc/xgcc version 3.4 20030928 (experimental)
=== objc tests ===
Running target unix
FAIL: objc.dg/bitfield-3.m (test for excess errors)
FAIL: objc.dg/call-super-2.m (test for excess errors)
FAIL: objc.dg/desig-init-1.m (test for excess errors)
FAIL: objc.dg/encode-2.m execution test
FAIL: objc.dg/encode-3.m execution test
FAIL: objc.dg/proto-qual-1.m execution test
=== objc Summary ===
# of expected passes 1323
# of unexpected failures 6
# of unsupported tests 9
/home/rth/work/gcc/build/axp/gcc/xgcc version 3.4 20030928 (experimental)
Compiler version: 3.420030928(experimental)
Platform: alphaev67-unknown-linux-gnu
configure flags: --prefix=/home/rth/work/run --enable-threads --enable-clocale=gnu