This is the mail archive of the
gcc-testresults@gcc.gnu.org
mailing list for the GCC project.
Results for 3.4 20030929 (experimental) testsuite on i686-pc-linux-gnu
- From: Diego Novillo <dnovillo at toribio dot toronto dot redhat dot com>
- To: gcc-testresults at gcc dot gnu dot org
- Date: Mon, 29 Sep 2003 08:55:03 -0400
- Subject: Results for 3.4 20030929 (experimental) testsuite on i686-pc-linux-gnu
LAST_UPDATED:
Native configuration is i686-pc-linux-gnu
=== g++ tests ===
Running target unix
XPASS: g++.dg/ext/lvalue1.C not an lvalue (test for errors, line 7)
FAIL: g++.dg/ext/pretty1.C scan-assembler top level
FAIL: g++.dg/ext/pretty2.C (test for excess errors)
WARNING: g++.dg/ext/pretty2.C compilation failed to produce executable
FAIL: g++.dg/ext/vla1.C (test for excess errors)
FAIL: g++.dg/init/array10.C (test for excess errors)
FAIL: g++.dg/parse/crash10.C (test for errors, line 14)
XPASS: g++.dg/warn/Wunused-2.C (test for warnings, line 5)
WARNING: g++.old-deja/g++.mike/p10769a.C compilation failed to produce executable
WARNING: g++.old-deja/g++.other/enum5.C compilation failed to produce executable
WARNING: g++.old-deja/g++.pt/friend44.C compilation failed to produce executable
=== g++ Summary ===
# of expected passes 9042
# of unexpected failures 5
# of unexpected successes 2
# of expected failures 60
# of unsupported tests 29
/notnfs/dnovillo/sbox/gcc/bld.toribio/gcc/testsuite/../g++ version 3.4 20030929 (experimental)
=== g77 tests ===
Running target unix
FAIL: g77.f-torture/execute/980520-1.f compilation, -O0
=== g77 Summary ===
# of expected passes 1764
# of unexpected failures 1
# of untested testcases 1
/notnfs/dnovillo/sbox/gcc/bld.toribio/gcc/testsuite/../g77 version 3.4 20030929 (experimental)
=== gcc tests ===
Running target unix
UNRESOLVED: gcc.c-torture/execute/wchar_t-1.c execution, -O0
UNRESOLVED: gcc.c-torture/execute/wchar_t-1.c execution, -O1
UNRESOLVED: gcc.c-torture/execute/wchar_t-1.c execution, -O2
UNRESOLVED: gcc.c-torture/execute/wchar_t-1.c execution, -O3 -fomit-frame-pointer
UNRESOLVED: gcc.c-torture/execute/wchar_t-1.c execution, -O3 -g
UNRESOLVED: gcc.c-torture/execute/wchar_t-1.c execution, -Os
=== gcc Summary ===
# of expected passes 23704
# of expected failures 81
# of unresolved testcases 6
# of untested testcases 7
# of unsupported tests 146
/notnfs/dnovillo/sbox/gcc/bld.toribio/gcc/xgcc version 3.4 20030929 (experimental)
=== objc tests ===
Running target unix
=== objc Summary ===
# of expected passes 1329
# of unsupported tests 9
/notnfs/dnovillo/sbox/gcc/bld.toribio/gcc/xgcc version 3.4 20030929 (experimental)
=== libffi tests ===
Running target unix
FAIL: libffi.call/cls_1_1byte.c execution test
FAIL: libffi.call/cls_2byte.c execution test
FAIL: libffi.call/cls_3_1byte.c execution test
FAIL: libffi.call/cls_5byte.c execution test
FAIL: libffi.call/cls_6byte.c execution test
=== libffi Summary ===
# of expected passes 115
# of unexpected failures 5
# of unsupported tests 2
=== libjava tests ===
Running target unix
=== libjava Summary ===
# of expected passes 3115
# of expected failures 10
# of untested testcases 8
=== libstdc++-v3 check-abi Summary ===
# of added symbols: 131
# of missing symbols: 194
# of incompatible symbols: 198
=== libstdc++ tests ===
Running target unix
XPASS: 26_numerics/c99_classification_macros_c.cc (test for excess errors)
=== libstdc++ Summary ===
# of expected passes 2126
# of unexpected successes 1
# of expected failures 11
Compiler version: 3.4 20030929 (experimental)
Platform: i686-pc-linux-gnu
configure flags: --prefix=/home/dnovillo/perf/sbox/gcc/local.i686/inst.toribio --srcdir=/home/dnovillo/perf/sbox/gcc/local.i686/src --disable-multilib --disable-checking --enable-threads