This is the mail archive of the
gcc-testresults@gcc.gnu.org
mailing list for the GCC project.
Results for 3.4 20030927 (experimental) testsuite on sparc64-sun-solaris2.7
- From: "Kaveh R. Ghazi" <ghazi at caip dot rutgers dot edu>
- To: gcc-testresults at gcc dot gnu dot org
- Date: Sun, 28 Sep 2003 21:49:03 -0400 (EDT)
- Subject: Results for 3.4 20030927 (experimental) testsuite on sparc64-sun-solaris2.7
LAST_UPDATED:
Native configuration is sparc64-sun-solaris2.7
=== g++ tests ===
Running target unix
FAIL: g++.dg/eh/simd-1.C (test for excess errors)
WARNING: g++.dg/eh/simd-1.C compilation failed to produce executable
FAIL: g++.dg/eh/simd-2.C (test for excess errors)
WARNING: g++.dg/eh/simd-2.C compilation failed to produce executable
XPASS: g++.dg/ext/lvalue1.C not an lvalue (test for errors, line 7)
FAIL: g++.dg/ext/pretty1.C scan-assembler top level
FAIL: g++.dg/ext/pretty2.C (test for excess errors)
WARNING: g++.dg/ext/pretty2.C compilation failed to produce executable
FAIL: g++.dg/ext/vla1.C (test for excess errors)
FAIL: g++.dg/init/array10.C (test for excess errors)
FAIL: g++.dg/opt/unroll1.C (test for excess errors)
WARNING: g++.dg/opt/unroll1.C compilation failed to produce executable
FAIL: g++.dg/parse/crash10.C (test for errors, line 14)
FAIL: g++.dg/parse/stack1.C (test for excess errors)
XPASS: g++.dg/warn/Wunused-2.C (test for warnings, line 5)
FAIL: g++.dg/special/conpr-4.C execution test
FAIL: g++.old-deja/g++.jason/incomplete2.C (test for excess errors)
FAIL: g++.old-deja/g++.jason/init.C (test for excess errors)
FAIL: g++.old-deja/g++.jason/init2.C (test for excess errors)
WARNING: g++.old-deja/g++.jason/init2.C compilation failed to produce executable
FAIL: g++.old-deja/g++.jason/init3.C (test for excess errors)
WARNING: g++.old-deja/g++.jason/init3.C compilation failed to produce executable
FAIL: g++.old-deja/g++.jason/init4.C (test for excess errors)
FAIL: g++.old-deja/g++.jason/inline.C (test for excess errors)
WARNING: g++.old-deja/g++.jason/inline.C compilation failed to produce executable
FAIL: g++.old-deja/g++.jason/inline2.C (test for excess errors)
FAIL: g++.old-deja/g++.jason/inline3.C (test for excess errors)
WARNING: g++.old-deja/g++.jason/inline3.C compilation failed to produce executable
FAIL: g++.old-deja/g++.jason/jump.C (test for excess errors)
FAIL: g++.old-deja/g++.jason/lex1.C (test for excess errors)
WARNING: g++.old-deja/g++.jason/lex1.C compilation failed to produce executable
FAIL: g++.old-deja/g++.jason/lineno.C (test for excess errors)
FAIL: g++.old-deja/g++.jason/lineno2.C (test for excess errors)
FAIL: g++.old-deja/g++.jason/lineno3.C (test for excess errors)
FAIL: g++.old-deja/g++.jason/lineno4.C (test for excess errors)
FAIL: g++.old-deja/g++.jason/lineno5.C (test for excess errors)
FAIL: g++.old-deja/g++.jason/local.C (test for excess errors)
FAIL: g++.old-deja/g++.jason/lookup.C (test for excess errors)
FAIL: g++.old-deja/g++.jason/lookup2.C (test for excess errors)
FAIL: g++.old-deja/g++.jason/lookup3.C (test for excess errors)
FAIL: g++.old-deja/g++.jason/loverload.C (test for excess errors)
FAIL: g++.old-deja/g++.jason/loverload3.C (test for excess errors)
FAIL: g++.old-deja/g++.jason/loverload4.C (test for excess errors)
FAIL: g++.old-deja/g++.jason/lvalue.C (test for excess errors)
WARNING: g++.old-deja/g++.mike/p10769a.C compilation failed to produce executable
FAIL: g++.old-deja/g++.other/comdat1.C (test for excess errors)
WARNING: g++.old-deja/g++.other/comdat1.C compilation failed to produce executable
FAIL: g++.old-deja/g++.other/comdat2.C (test for excess errors)
WARNING: g++.old-deja/g++.other/comdat2.C compilation failed to produce executable
FAIL: g++.old-deja/g++.other/comdat3.C (test for excess errors)
WARNING: g++.old-deja/g++.other/comdat3.C compilation failed to produce executable
XPASS: g++.old-deja/g++.other/crash31.C (test for bogus messages, line 13)
FAIL: g++.old-deja/g++.other/crash31.C (test for excess errors)
FAIL: g++.old-deja/g++.other/crash34.C (test for excess errors)
FAIL: g++.old-deja/g++.other/ctor1.C (test for excess errors)
WARNING: g++.old-deja/g++.other/ctor1.C compilation failed to produce executable
WARNING: g++.old-deja/g++.other/enum5.C compilation failed to produce executable
WARNING: g++.old-deja/g++.pt/friend44.C compilation failed to produce executable
FAIL: g++.old-deja/g++.pt/instantiate5.C (test for excess errors)
=== g++ Summary ===
# of expected passes 8916
# of unexpected failures 40
# of unexpected successes 3
# of expected failures 64
# of unsupported tests 59
/teal/tmpdisk/ghazi/gcc-testing/v9-34/build/gcc/testsuite/../g++ version 3.4 20030927 (experimental)
=== g77 tests ===
Running target unix
FAIL: g77.f-torture/execute/980520-1.f compilation, -O0
=== g77 Summary ===
# of expected passes 1752
# of unexpected failures 1
# of untested testcases 1
# of unsupported tests 6
/teal/tmpdisk/ghazi/gcc-testing/v9-34/build/gcc/testsuite/../g77 version 3.4 20030927 (experimental)
=== gcc tests ===
Running target unix
XPASS: gcc.c-torture/compile/simd-5.c (test for excess errors)
XPASS: gcc.c-torture/compile/simd-5.c (test for excess errors)
XPASS: gcc.c-torture/compile/simd-5.c (test for excess errors)
XPASS: gcc.c-torture/compile/simd-5.c (test for excess errors)
FAIL: gcc.c-torture/execute/simd-4.c compilation, -O0
UNRESOLVED: gcc.c-torture/execute/simd-4.c execution, -O0
UNRESOLVED: gcc.c-torture/execute/wchar_t-1.c execution, -O0
UNRESOLVED: gcc.c-torture/execute/wchar_t-1.c execution, -O1
UNRESOLVED: gcc.c-torture/execute/wchar_t-1.c execution, -O2
UNRESOLVED: gcc.c-torture/execute/wchar_t-1.c execution, -O3 -fomit-frame-pointer
UNRESOLVED: gcc.c-torture/execute/wchar_t-1.c execution, -O3 -g
UNRESOLVED: gcc.c-torture/execute/wchar_t-1.c execution, -Os
FAIL: gcc.dg/compat/scalar-by-value-3 c_compat_x_tst.o-c_compat_y_tst.o execute
FAIL: gcc.dg/compat/scalar-return-3 c_compat_x_tst.o-c_compat_y_tst.o execute
FAIL: gcc.dg/compat/struct-align-1 c_compat_x_tst.o compile
FAIL: gcc.dg/compat/struct-align-1 c_compat_y_tst.o compile
UNRESOLVED: gcc.dg/compat/struct-align-1 c_compat_x_tst.o-c_compat_y_tst.o link
UNRESOLVED: gcc.dg/compat/struct-align-1 c_compat_x_tst.o-c_compat_y_tst.o execute
FAIL: gcc.dg/compat/vector-1 c_compat_x_tst.o compile
FAIL: gcc.dg/compat/vector-1 c_compat_y_tst.o compile
UNRESOLVED: gcc.dg/compat/vector-1 c_compat_x_tst.o-c_compat_y_tst.o link
UNRESOLVED: gcc.dg/compat/vector-1 c_compat_x_tst.o-c_compat_y_tst.o execute
FAIL: gcc.dg/compat/vector-2 c_compat_x_tst.o compile
FAIL: gcc.dg/compat/vector-2 c_compat_y_tst.o compile
UNRESOLVED: gcc.dg/compat/vector-2 c_compat_x_tst.o-c_compat_y_tst.o link
UNRESOLVED: gcc.dg/compat/vector-2 c_compat_x_tst.o-c_compat_y_tst.o execute
FAIL: gcc.dg/cpp/19990228-1.c scan-file-not [^\\n]#
FAIL: gcc.dg/cpp/_Pragma4.c scan-file (^|\\n)#pragma bar(\$|\\n)
FAIL: gcc.dg/cpp/avoidpaste2.c scan-file (^|\\n): : : - > - >
FAIL: gcc.dg/cpp/avoidpaste2.c scan-file (^|\\n):2: :22 22:
FAIL: gcc.dg/cpp/cmdlne-dD-dM.c scan-file (^|\\n)#define foo bar(\$|\\n)
FAIL: gcc.dg/cpp/cmdlne-dM-M.c scan-file (^|\\n)#define foo bar(\$|\\n)
FAIL: gcc.dg/cpp/cmdlne-dM-dD.c scan-file (^|\\n)#define foo bar(\$|\\n)
FAIL: gcc.dg/cpp/maccom1.c scan-file (^|\\n)passed
FAIL: gcc.dg/debug/debug-1.c scan-assembler xyzzy
FAIL: gcc.dg/debug/debug-1.c scan-assembler xyzzy
FAIL: gcc.dg/debug/debug-1.c scan-assembler xyzzy
FAIL: gcc.dg/debug/debug-1.c scan-assembler xyzzy
FAIL: gcc.dg/debug/debug-1.c scan-assembler xyzzy
FAIL: gcc.dg/debug/debug-1.c scan-assembler xyzzy
FAIL: gcc.dg/debug/debug-2.c scan-assembler xyzzy
FAIL: gcc.dg/debug/debug-2.c scan-assembler xyzzy
FAIL: gcc.dg/debug/debug-2.c scan-assembler xyzzy
FAIL: gcc.dg/debug/debug-2.c scan-assembler xyzzy
FAIL: gcc.dg/debug/debug-2.c scan-assembler xyzzy
FAIL: gcc.dg/debug/debug-2.c scan-assembler xyzzy
WARNING: gcc.dg/20021014-1.c compilation failed to produce executable
FAIL: gcc.dg/builtins-18.c (test for excess errors)
FAIL: gcc.dg/builtins-20.c (test for excess errors)
ERROR: gcc.dg/const-elim-2.c: error executing dg-final: bad switch "-inline": must be -indices, -nocase, or --
UNRESOLVED: gcc.dg/const-elim-2.c: error executing dg-final: bad switch "-inline": must be -indices, -nocase, or --
XPASS: gcc.dg/uninit-4.c uninitialized variable warning (test for bogus messages, line 26)
FAIL: 169:is -:should be 11
FAIL: 170:is -:should be 1
FAIL: 171:is -:should be 11
FAIL: 172:is -:should be 5
FAIL: 173:is -:should be 2
FAIL: 174:is -:should be 1
FAIL: 175:is -:should be 11
FAIL: 176:is -:should be 3
FAIL: 177:is -:should be 11
FAIL: gcc.misc-tests/gcov-4.c gcov: 9 failures in line counts, 0 in branch percentages, 0 in return percentages
=== gcc Summary ===
# of expected passes 23294
# of unexpected failures 41
# of unexpected successes 5
# of expected failures 84
# of unresolved testcases 14
# of untested testcases 7
# of unsupported tests 258
/teal/tmpdisk/ghazi/gcc-testing/v9-34/build/gcc/xgcc version 3.4 20030927 (experimental)
=== objc tests ===
Running target unix
FAIL: objc.dg/call-super-2.m (test for excess errors)
FAIL: objc.dg/desig-init-1.m (test for excess errors)
FAIL: objc.dg/encode-2.m execution test
FAIL: objc.dg/encode-3.m execution test
FAIL: objc.dg/proto-qual-1.m execution test
=== objc Summary ===
# of expected passes 1324
# of unexpected failures 5
# of unsupported tests 9
/teal/tmpdisk/ghazi/gcc-testing/v9-34/build/gcc/xgcc version 3.4 20030927 (experimental)
=== libffi tests ===
Running target unix
FAIL: libffi.call/cls_12byte.c execution test
FAIL: libffi.call/cls_16byte.c execution test
FAIL: libffi.call/cls_1_1byte.c execution test
FAIL: libffi.call/cls_20byte.c execution test
FAIL: libffi.call/cls_24byte.c execution test
FAIL: libffi.call/cls_2byte.c execution test
FAIL: libffi.call/cls_3_1byte.c execution test
FAIL: libffi.call/cls_3byte1.c execution test
FAIL: libffi.call/cls_3byte2.c execution test
FAIL: libffi.call/cls_4_1byte.c execution test
FAIL: libffi.call/cls_4byte.c execution test
FAIL: libffi.call/cls_5byte.c execution test
FAIL: libffi.call/cls_6byte.c execution test
FAIL: libffi.call/cls_7byte.c execution test
FAIL: libffi.call/cls_8byte.c execution test
FAIL: libffi.call/nested_struct.c execution test
FAIL: libffi.call/nested_struct1.c execution test
FAIL: libffi.call/problem1.c execution test
FAIL: libffi.call/pyobjc-tc.c execution test
FAIL: libffi.special/unwindtest.cc execution test
=== libffi Summary ===
# of expected passes 86
# of unexpected failures 20
# of unsupported tests 2
=== libjava tests ===
Running target unix
FAIL: linking cxxtest
FAIL: Array_3 execution - gij test
FAIL: Array_3 execution - gij test
FAIL: FileHandleGcTest execution - source compiled test
FAIL: FileHandleGcTest execution - gij test
FAIL: FileHandleGcTest execution - bytecode->native test
FAIL: FileHandleGcTest -O3 execution - source compiled test
FAIL: FileHandleGcTest execution - gij test
FAIL: FileHandleGcTest -O3 execution - bytecode->native test
WARNING: program timed out.
FAIL: Thread_Wait_2 execution - gij test
FAIL: Thread_Wait_Interrupt execution - gij test
FAIL: Thread_Wait_Interrupt execution - gij test
=== libjava Summary ===
# of expected passes 3091
# of unexpected failures 12
# of expected failures 11
# of untested testcases 19
=== libstdc++ tests ===
Running target unix
FAIL: 21_strings/basic_string/inserters_extractors/wchar_t/1.cc execution test
FAIL: 21_strings/basic_string/inserters_extractors/wchar_t/5.cc execution test
FAIL: 22_locale/ctype/is/wchar_t/1.cc execution test
FAIL: 22_locale/ctype/scan/wchar_t/1.cc execution test
FAIL: 22_locale/locale/cons/12352.cc (test for excess errors)
WARNING: 22_locale/locale/cons/12352.cc compilation failed to produce executable
FAIL: 22_locale/money_get/get/wchar_t/5.cc execution test
FAIL: 22_locale/money_get/get/wchar_t/6.cc execution test
FAIL: 22_locale/money_get/get/wchar_t/7.cc execution test
FAIL: 22_locale/money_get/get/wchar_t/8.cc execution test
FAIL: 22_locale/money_get/get/wchar_t/9.cc execution test
FAIL: 22_locale/money_put/put/wchar_t/4.cc execution test
FAIL: 22_locale/money_put/put/wchar_t/5.cc execution test
FAIL: 22_locale/time_get/get_date/wchar_t/3.cc execution test
FAIL: 22_locale/time_get/get_time/wchar_t/3.cc execution test
FAIL: 22_locale/time_get/get_year/wchar_t/3.cc execution test
=== libstdc++ Summary ===
# of expected passes 2110
# of unexpected failures 15
# of expected failures 12
Compiler version: 3.4 20030927 (experimental)
Platform: sparc64-sun-solaris2.7
configure flags: --verbose sparc64-sun-solaris2.7