This is the mail archive of the
gcc-testresults@gcc.gnu.org
mailing list for the GCC project.
Results for 3.3.2 20030927 (prerelease) testsuite on i586-redhat-linux-gnu
- From: Eric Botcazou <eric at localhost dot localdomain>
- To: gcc-testresults at gcc dot gnu dot org
- Date: Sun, 28 Sep 2003 10:36:36 +0200
- Subject: Results for 3.3.2 20030927 (prerelease) testsuite on i586-redhat-linux-gnu
LAST_UPDATED: Sat Sep 27 18:52:27 UTC 2003
Native configuration is i586-redhat-linux-gnu
=== g77 tests ===
Running target unix
=== g77 Summary ===
# of expected passes 1686
# of unsupported tests 8
/home/eric/cvs/gcc-3_3-branch/obj/gcc/testsuite/../g77 version 3.3.2 20030927 (prerelease)
=== gcc tests ===
Running target unix
FAIL: gcc.dg/duff-2.c (test for excess errors)
=== gcc Summary ===
# of expected passes 21200
# of unexpected failures 1
# of expected failures 69
# of unsupported tests 87
/home/eric/cvs/gcc-3_3-branch/obj/gcc/xgcc version 3.3.2 20030927 (prerelease)
=== g++ tests ===
Running target unix
FAIL: g++.dg/parse/parameter-declaration-1.C (test for errors, line 7)
FAIL: g++.dg/parse/parameter-declaration-1.C (test for excess errors)
FAIL: g++.dg/tls/init-2.C (test for excess errors)
FAIL: g++.other/decl5.C caused compiler crash
=== g++ Summary ===
# of expected passes 8135
# of unexpected failures 4
# of expected failures 89
# of untested testcases 9
# of unsupported tests 14
/home/eric/cvs/gcc-3_3-branch/obj/gcc/testsuite/../g++ version 3.3.2 20030927 (prerelease)
=== objc tests ===
Running target unix
=== objc Summary ===
# of expected passes 1153
/home/eric/cvs/gcc-3_3-branch/obj/gcc/xgcc version 3.3.2 20030927 (prerelease)
=== libjava tests ===
Running target unix
FAIL: cxxtest output
FAIL: SyncGlobal -O execution - bytecode->native test
WARNING: program timed out.
FAIL: SyncTest execution - gij test
WARNING: program timed out.
FAIL: SyncTest execution - gij test
=== libjava Summary ===
# of expected passes 2984
# of unexpected failures 4
# of expected failures 16
# of untested testcases 15
=== libstdc++-v3 check-abi Summary ===
# of added symbols: 0
# of missing symbols: 0
# of incompatible symbols: 0
=== libstdc++-v3 tests ===
Running target unix
XPASS: 22_locale/collate_byname.cc execution test
XPASS: 22_locale/collate_members_char.cc execution test
XPASS: 22_locale/collate_members_wchar_t.cc execution test
XPASS: 22_locale/ctype_is_char.cc execution test
XPASS: 22_locale/ctype_is_wchar_t.cc execution test
XPASS: 22_locale/members.cc execution test
XPASS: 22_locale/money_get_members_char.cc execution test
XPASS: 22_locale/money_get_members_wchar_t.cc execution test
XPASS: 22_locale/money_put_members_char.cc execution test
XPASS: 22_locale/money_put_members_wchar_t.cc execution test
XPASS: 22_locale/moneypunct_byname.cc execution test
XPASS: 22_locale/moneypunct_members_char.cc execution test
XPASS: 22_locale/moneypunct_members_wchar_t.cc execution test
XPASS: 22_locale/num_get_members_char.cc execution test
XPASS: 22_locale/num_get_members_wchar_t.cc execution test
XPASS: 22_locale/num_put_members_char.cc execution test
XPASS: 22_locale/num_put_members_wchar_t.cc execution test
XPASS: 22_locale/numpunct_byname.cc execution test
XPASS: 22_locale/numpunct_members_char.cc execution test
XPASS: 22_locale/numpunct_members_wchar_t.cc execution test
XPASS: 22_locale/time_get_members_char.cc execution test
XPASS: 22_locale/time_get_members_wchar_t.cc execution test
XPASS: 22_locale/time_put_members_char.cc execution test
XPASS: 22_locale/time_put_members_wchar_t.cc execution test
=== libstdc++-v3 Summary ===
# of expected passes 453
# of unexpected successes 24
# of expected failures 4
Compiler version: 3.3.2 20030927 (prerelease)
Platform: i586-redhat-linux-gnu
configure flags: --host=i586-redhat-linux-gnu --prefix=/usr/local --enable-checking=misc,tree,rtlflag