This is the mail archive of the
gcc-testresults@gcc.gnu.org
mailing list for the GCC project.
Results for 3.4 20030927 (experimental) testsuite on hppa64-hp-hpux11.11
- From: John David Anglin <dave at hiauly3 dot hia dot nrc dot ca>
- To: dave at hiauly3 dot hia dot nrc dot ca, gcc-testresults at gcc dot gnu dot org
- Date: Sat, 27 Sep 2003 21:48:17 -0400 (EDT)
- Subject: Results for 3.4 20030927 (experimental) testsuite on hppa64-hp-hpux11.11
LAST_UPDATED: Sat Sep 27 19:23:12 UTC 2003
Native configuration is hppa64-hp-hpux11.11
=== g++ tests ===
Running target unix
WARNING: program timed out.
FAIL: g++.dg/eh/cleanup1.C (test for excess errors)
XPASS: g++.dg/ext/lvalue1.C not an lvalue (test for errors, line 7)
FAIL: g++.dg/ext/pretty1.C scan-assembler top level
FAIL: g++.dg/ext/pretty2.C (test for excess errors)
WARNING: g++.dg/ext/pretty2.C compilation failed to produce executable
FAIL: g++.dg/ext/vla1.C (test for excess errors)
FAIL: g++.dg/init/array10.C (test for excess errors)
XPASS: g++.dg/init/init-ref4.C execution test
FAIL: g++.dg/opt/inline4.C scan-assembler-not _Z1g
FAIL: g++.dg/opt/template1.C scan-assembler-not foo1
FAIL: g++.dg/opt/unroll1.C (test for excess errors)
WARNING: g++.dg/opt/unroll1.C compilation failed to produce executable
FAIL: g++.dg/parse/crash10.C (test for errors, line 14)
XPASS: g++.dg/warn/Wunused-2.C (test for warnings, line 5)
WARNING: g++.old-deja/g++.mike/p10769a.C compilation failed to produce executable
XPASS: g++.old-deja/g++.other/crash31.C (test for bogus messages, line 13)
FAIL: g++.old-deja/g++.other/crash31.C (test for excess errors)
WARNING: g++.old-deja/g++.other/enum5.C compilation failed to produce executable
FAIL: g++.old-deja/g++.pt/const2.C (test for excess errors)
WARNING: g++.old-deja/g++.pt/friend44.C compilation failed to produce executable
XPASS: g++.old-deja/g++.pt/static3.C execution test
=== g++ Summary ===
# of expected passes 8650
# of unexpected failures 11
# of unexpected successes 5
# of expected failures 63
# of unsupported tests 61
/xxx/gnu/gcc-3.3/objdir/gcc/testsuite/../g++ version 3.4 20030927 (experimental)
=== g77 tests ===
Running target unix
FAIL: g77.f-torture/execute/980520-1.f compilation, -O0
=== g77 Summary ===
# of expected passes 1752
# of unexpected failures 1
# of untested testcases 1
# of unsupported tests 6
/xxx/gnu/gcc-3.3/objdir/gcc/testsuite/../g77 version 3.4 20030927 (experimental)
=== gcc tests ===
Running target unix
UNRESOLVED: gcc.c-torture/execute/wchar_t-1.c execution, -O0
UNRESOLVED: gcc.c-torture/execute/wchar_t-1.c execution, -O1
UNRESOLVED: gcc.c-torture/execute/wchar_t-1.c execution, -O2
UNRESOLVED: gcc.c-torture/execute/wchar_t-1.c execution, -O3 -fomit-frame-pointer
UNRESOLVED: gcc.c-torture/execute/wchar_t-1.c execution, -O3 -g
UNRESOLVED: gcc.c-torture/execute/wchar_t-1.c execution, -Os
FAIL: gcc.dg/compat/vector-1 c_compat_x_tst.o-c_compat_y_tst.o execute
FAIL: gcc.dg/debug/debug-1.c scan-assembler xyzzy
FAIL: gcc.dg/debug/debug-1.c scan-assembler xyzzy
FAIL: gcc.dg/debug/debug-2.c scan-assembler xyzzy
FAIL: gcc.dg/debug/debug-2.c scan-assembler xyzzy
FAIL: gcc.dg/builtins-1.c scan-assembler-not __builtin_
FAIL: gcc.dg/builtins-18.c (test for excess errors)
FAIL: gcc.dg/builtins-20.c (test for excess errors)
FAIL: gcc.dg/funcorder.c scan-assembler-not link_error,%r
FAIL: gcc.dg/sibcall-1.c execution test
FAIL: gcc.dg/sibcall-2.c execution test
FAIL: gcc.dg/sibcall-3.c execution test
FAIL: gcc.dg/sibcall-4.c execution test
=== gcc Summary ===
# of expected passes 22948
# of unexpected failures 13
# of expected failures 85
# of unresolved testcases 6
# of untested testcases 7
# of unsupported tests 273
/xxx/gnu/gcc-3.3/objdir/gcc/xgcc version 3.4 20030927 (experimental)
=== objc tests ===
Running target unix
FAIL: objc.dg/call-super-2.m (test for excess errors)
FAIL: objc.dg/desig-init-1.m (test for excess errors)
FAIL: objc.dg/encode-2.m execution test
FAIL: objc.dg/encode-3.m execution test
FAIL: objc.dg/proto-qual-1.m execution test
=== objc Summary ===
# of expected passes 1324
# of unexpected failures 5
# of unsupported tests 9
/xxx/gnu/gcc-3.3/objdir/gcc/xgcc version 3.4 20030927 (experimental)
=== libstdc++ tests ===
Running target unix
FAIL: 26_numerics/c99_classification_macros_c++.cc (test for excess errors)
FAIL: 26_numerics/c99_classification_macros_c.cc (test for excess errors)
=== libstdc++ Summary ===
# of expected passes 1598
# of unexpected failures 2
# of expected failures 1
# of unsupported tests 7
Compiler version: 3.4 20030927 (experimental)
Platform: hppa64-hp-hpux11.11
configure flags: --with-gnu-as --with-as=/opt/gnu64/bin/as --with-ld=/usr/ccs/bin/ld --enable-shared --disable-nls --with-local-prefix=/opt/gnu64 --prefix=/opt/gnu64 --host=hppa64-hp-hpux11.11