This is the mail archive of the
gcc-testresults@gcc.gnu.org
mailing list for the GCC project.
Results for 3.3.2 20030927 (prerelease) testsuite on sparc-sun-solaris2.5.1
- From: Eric Botcazou <eric at localhost dot localdomain>
- To: gcc-testresults at gcc dot gnu dot org
- Date: Sat, 27 Sep 2003 16:44:18 +0200
- Subject: Results for 3.3.2 20030927 (prerelease) testsuite on sparc-sun-solaris2.5.1
LAST_UPDATED: Sat Sep 27 04:43:59 UTC 2003
Native configuration is sparc-sun-solaris2.5.1
=== g++ tests ===
Running target unix
ERROR: g++.dg/abi/rtti1.C: error executing dg-final: couldn't execute "c++filt": no such file or directory
UNRESOLVED: g++.dg/abi/rtti1.C: error executing dg-final: couldn't execute "c++filt": no such file or directory
FAIL: g++.dg/parse/parameter-declaration-1.C (test for errors, line 7)
FAIL: g++.dg/parse/parameter-declaration-1.C (test for excess errors)
=== g++ Summary ===
# of expected passes 7953
# of unexpected failures 2
# of expected failures 98
# of unresolved testcases 1
# of untested testcases 21
# of unsupported tests 26
/opt/build/eric/gcc-3_3-branch/gcc/testsuite/../g++ version 3.3.2 20030927 (prerelease)
=== g77 tests ===
Running target unix
=== g77 Summary ===
# of expected passes 1686
# of unsupported tests 8
/opt/build/eric/gcc-3_3-branch/gcc/testsuite/../g77 version 3.3.2 20030927 (prerelease)
=== gcc tests ===
Running target unix
WARNING: gcc.dg/20021014-1.c compilation failed to produce executable
FAIL: gcc.dg/duff-2.c (test for excess errors)
FAIL: gcc.dg/uninit-C.c (test for excess errors)
=== gcc Summary ===
# of expected passes 20777
# of unexpected failures 2
# of expected failures 67
# of unsupported tests 166
/opt/build/eric/gcc-3_3-branch/gcc/xgcc version 3.3.2 20030927 (prerelease)
=== objc tests ===
Running target unix
=== objc Summary ===
# of expected passes 1153
/opt/build/eric/gcc-3_3-branch/gcc/xgcc version 3.3.2 20030927 (prerelease)
=== libstdc++-v3 tests ===
Running target unix
FAIL: 22_locale/codecvt/max_length/char/wrapped_env.cc (test for excess errors)
WARNING: 22_locale/codecvt/max_length/char/wrapped_env.cc compilation failed to produce executable
FAIL: 22_locale/codecvt/max_length/char/wrapped_locale.cc (test for excess errors)
WARNING: 22_locale/codecvt/max_length/char/wrapped_locale.cc compilation failed to produce executable
FAIL: 23_containers/vector_resize.cc execution test
FAIL: 27_io/ios_base_storage.cc execution test
FAIL: 27_io/istream_unformatted.cc execution test
FAIL: thread/pthread1.cc (test for excess errors)
WARNING: thread/pthread1.cc compilation failed to produce executable
FAIL: thread/pthread2.cc (test for excess errors)
WARNING: thread/pthread2.cc compilation failed to produce executable
FAIL: thread/pthread3.cc (test for excess errors)
WARNING: thread/pthread3.cc compilation failed to produce executable
FAIL: thread/pthread4.cc (test for excess errors)
WARNING: thread/pthread4.cc compilation failed to produce executable
FAIL: thread/pthread5.cc (test for excess errors)
WARNING: thread/pthread5.cc compilation failed to produce executable
FAIL: thread/pthread6.cc (test for excess errors)
WARNING: thread/pthread6.cc compilation failed to produce executable
=== libstdc++-v3 Summary ===
# of expected passes 416
# of unexpected failures 11
# of expected failures 18
Compiler version: 3.3.2 20030927 (prerelease)
Platform: sparc-sun-solaris2.5.1
configure flags: --host=sparc-sun-solaris2.5.1 --prefix=/opt/build/eric/gcc332 --disable-checking