This is the mail archive of the gcc-testresults@gcc.gnu.org mailing list for the GCC project.
Index Nav: | [Date Index] [Subject Index] [Author Index] [Thread Index] | |
---|---|---|
Message Nav: | [Date Prev] [Date Next] | [Thread Prev] [Thread Next] |
Other format: | [Raw text] |
LAST_UPDATED: Tue Sep 16 13:56:10 UTC 2003 Native configuration is sparc-sun-solaris2.10 === g++ tests === Running target unix FAIL: g++.dg/eh/simd-1.C (test for excess errors) WARNING: g++.dg/eh/simd-1.C compilation failed to produce executable FAIL: g++.dg/eh/simd-2.C (test for excess errors) WARNING: g++.dg/eh/simd-2.C compilation failed to produce executable XPASS: g++.dg/ext/lvalue1.C not an lvalue (test for errors, line 7) FAIL: g++.dg/ext/pretty1.C scan-assembler top level FAIL: g++.dg/ext/pretty2.C (test for excess errors) WARNING: g++.dg/ext/pretty2.C compilation failed to produce executable FAIL: g++.dg/init/array10.C (test for excess errors) FAIL: g++.dg/parse/crash10.C (test for errors, line 14) WARNING: program timed out. FAIL: g++.dg/parse/stack1.C (test for excess errors) XPASS: g++.dg/warn/Wunused-2.C (test for warnings, line 5) FAIL: g++.dg/special/conpr-4.C execution test FAIL: g++.old-deja/g++.eh/badalloc1.C execution test WARNING: g++.old-deja/g++.mike/p10769a.C compilation failed to produce executable XPASS: g++.old-deja/g++.other/crash31.C (test for bogus messages, line 13) FAIL: g++.old-deja/g++.other/crash31.C (test for excess errors) WARNING: g++.old-deja/g++.other/enum5.C compilation failed to produce executable WARNING: g++.old-deja/g++.pt/friend44.C compilation failed to produce executable === g++ Summary for unix === # of expected passes 8933 # of unexpected failures 10 # of unexpected successes 3 # of expected failures 64 # of unsupported tests 57 Running target unix/-m64 FAIL: g++.dg/eh/simd-1.C (test for excess errors) WARNING: g++.dg/eh/simd-1.C compilation failed to produce executable FAIL: g++.dg/eh/simd-2.C (test for excess errors) WARNING: g++.dg/eh/simd-2.C compilation failed to produce executable XPASS: g++.dg/ext/lvalue1.C not an lvalue (test for errors, line 7) FAIL: g++.dg/ext/pretty1.C scan-assembler top level FAIL: g++.dg/ext/pretty2.C (test for excess errors) WARNING: g++.dg/ext/pretty2.C compilation failed to produce executable FAIL: g++.dg/init/array10.C (test for excess errors) FAIL: g++.dg/init/array11.C (test for excess errors) FAIL: g++.dg/parse/crash10.C (test for errors, line 14) WARNING: program timed out. FAIL: g++.dg/parse/stack1.C (test for excess errors) XPASS: g++.dg/warn/Wunused-2.C (test for warnings, line 5) FAIL: g++.dg/special/conpr-4.C execution test FAIL: g++.old-deja/g++.eh/badalloc1.C execution test WARNING: g++.old-deja/g++.mike/p10769a.C compilation failed to produce executable XPASS: g++.old-deja/g++.other/crash31.C (test for bogus messages, line 13) FAIL: g++.old-deja/g++.other/crash31.C (test for excess errors) FAIL: g++.old-deja/g++.other/crash34.C (test for excess errors) WARNING: g++.old-deja/g++.other/enum5.C compilation failed to produce executable WARNING: g++.old-deja/g++.pt/friend44.C compilation failed to produce executable === g++ Summary for unix/-m64 === # of expected passes 8931 # of unexpected failures 12 # of unexpected successes 3 # of expected failures 64 # of unsupported tests 57 === g++ Summary === # of expected passes 17864 # of unexpected failures 22 # of unexpected successes 6 # of expected failures 128 # of unsupported tests 114 /amnt/figaro/volumes/obj-gcc/gcc/obj.sol2/gcc-3.4-20030915/10-cc/gcc/testsuite/../g++ version 3.4 20030916 (experimental) === g77 tests === Running target unix FAIL: g77.f-torture/execute/980520-1.f compilation, -O0 === g77 Summary for unix === # of expected passes 1752 # of unexpected failures 1 # of untested testcases 1 # of unsupported tests 6 Running target unix/-m64 ERROR: tcl error sourcing /vol/gnu/src/gcc/gcc-dist/gcc/testsuite/g77.dg/dg.exp. ERROR: couldn't compile regular expression pattern: parentheses () not balanced FAIL: g77.f-torture/execute/980520-1.f compilation, -O0 === g77 Summary for unix/-m64 === # of expected passes 1250 # of unexpected failures 1 # of untested testcases 1 === g77 Summary === # of expected passes 3002 # of unexpected failures 2 # of untested testcases 2 # of unsupported tests 6 /amnt/figaro/volumes/obj-gcc/gcc/obj.sol2/gcc-3.4-20030915/10-cc/gcc/testsuite/../g77 version 3.4 20030916 (experimental) === gcc tests === Running target unix WARNING: program timed out. FAIL: gcc.c-torture/compile/20001226-1.c (test for excess errors) WARNING: program timed out. FAIL: gcc.c-torture/compile/20001226-1.c (test for excess errors) WARNING: program timed out. FAIL: gcc.c-torture/compile/20001226-1.c (test for excess errors) WARNING: program timed out. FAIL: gcc.c-torture/compile/20001226-1.c (test for excess errors) WARNING: program timed out. FAIL: gcc.c-torture/compile/20001226-1.c (test for excess errors) FAIL: gcc.c-torture/execute/20030307-1.c execution, -O2 FAIL: gcc.c-torture/execute/20030307-1.c execution, -Os FAIL: gcc.c-torture/execute/simd-4.c compilation, -O0 UNRESOLVED: gcc.c-torture/execute/simd-4.c execution, -O0 UNRESOLVED: gcc.c-torture/execute/wchar_t-1.c execution, -O0 UNRESOLVED: gcc.c-torture/execute/wchar_t-1.c execution, -O1 UNRESOLVED: gcc.c-torture/execute/wchar_t-1.c execution, -O2 UNRESOLVED: gcc.c-torture/execute/wchar_t-1.c execution, -O3 -fomit-frame-pointer UNRESOLVED: gcc.c-torture/execute/wchar_t-1.c execution, -O3 -g UNRESOLVED: gcc.c-torture/execute/wchar_t-1.c execution, -Os FAIL: gcc.dg/compat/vector-1 c_compat_x_tst.o compile FAIL: gcc.dg/compat/vector-1 c_compat_y_tst.o compile UNRESOLVED: gcc.dg/compat/vector-1 c_compat_x_tst.o-c_compat_y_tst.o link UNRESOLVED: gcc.dg/compat/vector-1 c_compat_x_tst.o-c_compat_y_tst.o execute FAIL: gcc.dg/compat/vector-2 c_compat_x_tst.o compile FAIL: gcc.dg/compat/vector-2 c_compat_y_tst.o compile UNRESOLVED: gcc.dg/compat/vector-2 c_compat_x_tst.o-c_compat_y_tst.o link UNRESOLVED: gcc.dg/compat/vector-2 c_compat_x_tst.o-c_compat_y_tst.o execute WARNING: program timed out. FAIL: gcc.dg/20020425-1.c (test for excess errors) WARNING: gcc.dg/20021014-1.c compilation failed to produce executable FAIL: gcc.dg/builtins-18.c (test for excess errors) FAIL: gcc.dg/builtins-20.c (test for excess errors) FAIL: gcc.dg/pragma-re-2.c (test for warnings, line 3) FAIL: gcc.dg/pragma-re-2.c (test for warnings, line 4) FAIL: gcc.dg/pragma-re-2.c (test for warnings, line 5) FAIL: gcc.dg/pragma-re-2.c (test for warnings, line 6) FAIL: gcc.dg/pragma-re-2.c (test for excess errors) XPASS: gcc.dg/uninit-4.c uninitialized variable warning (test for bogus messages, line 26) === gcc Summary for unix === # of expected passes 23253 # of unexpected failures 20 # of unexpected successes 1 # of expected failures 78 # of unresolved testcases 11 # of untested testcases 7 # of unsupported tests 255 Running target unix/-m64 WARNING: program timed out. FAIL: gcc.c-torture/compile/20001226-1.c (test for excess errors) WARNING: program timed out. FAIL: gcc.c-torture/compile/20001226-1.c (test for excess errors) WARNING: program timed out. FAIL: gcc.c-torture/compile/20001226-1.c (test for excess errors) WARNING: program timed out. FAIL: gcc.c-torture/compile/20001226-1.c (test for excess errors) WARNING: program timed out. FAIL: gcc.c-torture/compile/20001226-1.c (test for excess errors) FAIL: gcc.c-torture/execute/simd-4.c compilation, -O0 UNRESOLVED: gcc.c-torture/execute/simd-4.c execution, -O0 UNRESOLVED: gcc.c-torture/execute/wchar_t-1.c execution, -O0 UNRESOLVED: gcc.c-torture/execute/wchar_t-1.c execution, -O1 UNRESOLVED: gcc.c-torture/execute/wchar_t-1.c execution, -O2 UNRESOLVED: gcc.c-torture/execute/wchar_t-1.c execution, -O3 -fomit-frame-pointer UNRESOLVED: gcc.c-torture/execute/wchar_t-1.c execution, -O3 -g UNRESOLVED: gcc.c-torture/execute/wchar_t-1.c execution, -Os FAIL: gcc.dg/compat/scalar-by-value-3 c_compat_x_tst.o-c_compat_y_tst.o execute FAIL: gcc.dg/compat/scalar-return-3 c_compat_x_tst.o-c_compat_y_tst.o execute FAIL: gcc.dg/compat/struct-align-1 c_compat_x_tst.o compile FAIL: gcc.dg/compat/struct-align-1 c_compat_y_tst.o compile UNRESOLVED: gcc.dg/compat/struct-align-1 c_compat_x_tst.o-c_compat_y_tst.o link UNRESOLVED: gcc.dg/compat/struct-align-1 c_compat_x_tst.o-c_compat_y_tst.o execute FAIL: gcc.dg/compat/vector-1 c_compat_x_tst.o compile FAIL: gcc.dg/compat/vector-1 c_compat_y_tst.o compile UNRESOLVED: gcc.dg/compat/vector-1 c_compat_x_tst.o-c_compat_y_tst.o link UNRESOLVED: gcc.dg/compat/vector-1 c_compat_x_tst.o-c_compat_y_tst.o execute FAIL: gcc.dg/compat/vector-2 c_compat_x_tst.o compile FAIL: gcc.dg/compat/vector-2 c_compat_y_tst.o compile UNRESOLVED: gcc.dg/compat/vector-2 c_compat_x_tst.o-c_compat_y_tst.o link UNRESOLVED: gcc.dg/compat/vector-2 c_compat_x_tst.o-c_compat_y_tst.o execute FAIL: gcc.dg/debug/debug-1.c scan-assembler xyzzy FAIL: gcc.dg/debug/debug-1.c scan-assembler xyzzy FAIL: gcc.dg/debug/debug-1.c scan-assembler xyzzy FAIL: gcc.dg/debug/debug-1.c scan-assembler xyzzy FAIL: gcc.dg/debug/debug-1.c scan-assembler xyzzy FAIL: gcc.dg/debug/debug-1.c scan-assembler xyzzy FAIL: gcc.dg/debug/debug-2.c scan-assembler xyzzy FAIL: gcc.dg/debug/debug-2.c scan-assembler xyzzy FAIL: gcc.dg/debug/debug-2.c scan-assembler xyzzy FAIL: gcc.dg/debug/debug-2.c scan-assembler xyzzy FAIL: gcc.dg/debug/debug-2.c scan-assembler xyzzy FAIL: gcc.dg/debug/debug-2.c scan-assembler xyzzy WARNING: program timed out. FAIL: gcc.dg/20020425-1.c (test for excess errors) WARNING: gcc.dg/20021014-1.c compilation failed to produce executable FAIL: gcc.dg/builtins-18.c (test for excess errors) FAIL: gcc.dg/builtins-20.c (test for excess errors) FAIL: gcc.dg/pragma-re-2.c (test for warnings, line 3) FAIL: gcc.dg/pragma-re-2.c (test for warnings, line 4) FAIL: gcc.dg/pragma-re-2.c (test for warnings, line 5) FAIL: gcc.dg/pragma-re-2.c (test for warnings, line 6) FAIL: gcc.dg/pragma-re-2.c (test for excess errors) FAIL: gcc.dg/sparc-ret.c (test for excess errors) ERROR: gcc.dg/sparc-ret.c: error executing dg-final: couldn't open "sparc-ret.s": no such file or directory UNRESOLVED: gcc.dg/sparc-ret.c: error executing dg-final: couldn't open "sparc-ret.s": no such file or directory XPASS: gcc.dg/uninit-4.c uninitialized variable warning (test for bogus messages, line 26) === gcc Summary for unix/-m64 === # of expected passes 23224 # of unexpected failures 35 # of unexpected successes 1 # of expected failures 88 # of unresolved testcases 14 # of untested testcases 7 # of unsupported tests 255 === gcc Summary === # of expected passes 46477 # of unexpected failures 55 # of unexpected successes 2 # of expected failures 166 # of unresolved testcases 25 # of untested testcases 14 # of unsupported tests 510 /amnt/figaro/volumes/obj-gcc/gcc/obj.sol2/gcc-3.4-20030915/10-cc/gcc/xgcc version 3.4 20030916 (experimental) === objc tests === Running target unix FAIL: objc/execute/formal_protocol-1.m compilation, -O3 -fomit-frame-pointer UNRESOLVED: objc/execute/formal_protocol-1.m execution, -O3 -fomit-frame-pointer FAIL: objc/execute/formal_protocol-1.m compilation, -O3 -g UNRESOLVED: objc/execute/formal_protocol-1.m execution, -O3 -g FAIL: objc/execute/formal_protocol-2.m compilation, -O3 -fomit-frame-pointer UNRESOLVED: objc/execute/formal_protocol-2.m execution, -O3 -fomit-frame-pointer FAIL: objc/execute/formal_protocol-2.m compilation, -O3 -g UNRESOLVED: objc/execute/formal_protocol-2.m execution, -O3 -g FAIL: objc/execute/formal_protocol-3.m compilation, -O3 -fomit-frame-pointer UNRESOLVED: objc/execute/formal_protocol-3.m execution, -O3 -fomit-frame-pointer FAIL: objc/execute/formal_protocol-3.m compilation, -O3 -g UNRESOLVED: objc/execute/formal_protocol-3.m execution, -O3 -g === objc Summary for unix === # of expected passes 1144 # of unexpected failures 6 # of unresolved testcases 6 Running target unix/-m64 === objc Summary for unix/-m64 === # of expected passes 1156 === objc Summary === # of expected passes 2300 # of unexpected failures 6 # of unresolved testcases 6 /amnt/figaro/volumes/obj-gcc/gcc/obj.sol2/gcc-3.4-20030915/10-cc/gcc/xgcc version 3.4 20030916 (experimental) === libffi tests === Running target unix FAIL: libffi.call/cls_12byte.c execution test FAIL: libffi.call/cls_16byte.c execution test FAIL: libffi.call/cls_1_1byte.c execution test FAIL: libffi.call/cls_20byte.c execution test FAIL: libffi.call/cls_24byte.c execution test FAIL: libffi.call/cls_2byte.c execution test FAIL: libffi.call/cls_3_1byte.c execution test FAIL: libffi.call/cls_3byte1.c execution test FAIL: libffi.call/cls_3byte2.c execution test FAIL: libffi.call/cls_4_1byte.c execution test FAIL: libffi.call/cls_4byte.c execution test FAIL: libffi.call/cls_5byte.c execution test FAIL: libffi.call/cls_6byte.c execution test FAIL: libffi.call/cls_7byte.c execution test FAIL: libffi.call/cls_8byte.c execution test FAIL: libffi.call/nested_struct.c execution test FAIL: libffi.call/nested_struct1.c execution test FAIL: libffi.call/problem1.c execution test FAIL: libffi.call/struct3.c execution test FAIL: libffi.special/unwindtest.cc execution test === libffi Summary for unix === # of expected passes 86 # of unexpected failures 20 # of unsupported tests 2 Running target unix/-m64 FAIL: libffi.call/cls_12byte.c execution test FAIL: libffi.call/cls_16byte.c execution test FAIL: libffi.call/cls_1_1byte.c execution test FAIL: libffi.call/cls_20byte.c execution test FAIL: libffi.call/cls_24byte.c execution test FAIL: libffi.call/cls_2byte.c execution test FAIL: libffi.call/cls_3_1byte.c execution test FAIL: libffi.call/cls_3byte1.c execution test FAIL: libffi.call/cls_3byte2.c execution test FAIL: libffi.call/cls_4_1byte.c execution test FAIL: libffi.call/cls_4byte.c execution test FAIL: libffi.call/cls_5byte.c execution test FAIL: libffi.call/cls_6byte.c execution test FAIL: libffi.call/cls_7byte.c execution test FAIL: libffi.call/cls_8byte.c execution test FAIL: libffi.call/nested_struct.c execution test FAIL: libffi.call/nested_struct1.c execution test FAIL: libffi.call/problem1.c execution test FAIL: libffi.call/pyobjc-tc.c execution test FAIL: libffi.special/unwindtest.cc execution test === libffi Summary for unix/-m64 === # of expected passes 86 # of unexpected failures 20 # of unsupported tests 2 === libffi Summary === # of expected passes 172 # of unexpected failures 40 # of unsupported tests 4 === libjava tests === Running target unix FAIL: Array_3 execution - gij test FAIL: Array_3 execution - gij test FAIL: FileHandleGcTest execution - source compiled test FAIL: FileHandleGcTest execution - bytecode->native test FAIL: FileHandleGcTest -O3 execution - source compiled test FAIL: FileHandleGcTest -O3 execution - bytecode->native test FAIL: SyncTest execution - gij test WARNING: program timed out. FAIL: Thread_Join execution - gij test FAIL: Thread_Join execution - gij test FAIL: Thread_Wait_2 execution - gij test FAIL: Thread_Wait_2 execution - gij test === libjava Summary for unix === # of expected passes 3070 # of unexpected failures 11 # of expected failures 10 # of untested testcases 19 Running target unix/-m64 FAIL: Array_3 execution - gij test FAIL: Array_3 execution - gij test FAIL: FileHandleGcTest execution - source compiled test FAIL: FileHandleGcTest execution - gij test FAIL: FileHandleGcTest execution - bytecode->native test FAIL: FileHandleGcTest -O3 execution - source compiled test FAIL: FileHandleGcTest execution - gij test FAIL: FileHandleGcTest -O3 execution - bytecode->native test WARNING: program timed out. FAIL: Thread_Wait_2 execution - gij test WARNING: program timed out. FAIL: Thread_Wait_2 execution - gij test === libjava Summary for unix/-m64 === # of expected passes 3072 # of unexpected failures 10 # of expected failures 10 # of untested testcases 18 === libjava Summary === # of expected passes 6142 # of unexpected failures 21 # of expected failures 20 # of untested testcases 37 === libstdc++ tests === Running target unix FAIL: 27_io/basic_istream/sentry/char/3983-fstream.cc (test for excess errors) WARNING: 27_io/basic_istream/sentry/char/3983-fstream.cc compilation failed to produce executable FAIL: 27_io/basic_istream/sentry/char/3983-sstream.cc (test for excess errors) WARNING: 27_io/basic_istream/sentry/char/3983-sstream.cc compilation failed to produce executable FAIL: 27_io/basic_ostream/sentry/char/3983-fstream.cc (test for excess errors) WARNING: 27_io/basic_ostream/sentry/char/3983-fstream.cc compilation failed to produce executable FAIL: 27_io/basic_ostream/sentry/char/3983-sstream.cc (test for excess errors) WARNING: 27_io/basic_ostream/sentry/char/3983-sstream.cc compilation failed to produce executable === libstdc++ Summary for unix === # of expected passes 1604 # of unexpected failures 4 # of expected failures 2 Running target unix/-m64 FAIL: 27_io/basic_istream/sentry/char/3983-fstream.cc (test for excess errors) WARNING: 27_io/basic_istream/sentry/char/3983-fstream.cc compilation failed to produce executable FAIL: 27_io/basic_istream/sentry/char/3983-sstream.cc (test for excess errors) WARNING: 27_io/basic_istream/sentry/char/3983-sstream.cc compilation failed to produce executable FAIL: 27_io/basic_ostream/sentry/char/3983-fstream.cc (test for excess errors) WARNING: 27_io/basic_ostream/sentry/char/3983-fstream.cc compilation failed to produce executable FAIL: 27_io/basic_ostream/sentry/char/3983-sstream.cc (test for excess errors) WARNING: 27_io/basic_ostream/sentry/char/3983-sstream.cc compilation failed to produce executable === libstdc++ Summary for unix/-m64 === # of expected passes 1604 # of unexpected failures 4 # of expected failures 2 === libstdc++ Summary === # of expected passes 3208 # of unexpected failures 8 # of expected failures 4 Compiler version: 3.4 20030916 (experimental) Platform: sparc-sun-solaris2.10 configure flags: --prefix=/vol/gcc --with-local-prefix=/vol/gcc --enable-languages=c,c++,f77,objc,java --disable-nls
Index Nav: | [Date Index] [Subject Index] [Author Index] [Thread Index] | |
---|---|---|
Message Nav: | [Date Prev] [Date Next] | [Thread Prev] [Thread Next] |