This is the mail archive of the gcc-testresults@gcc.gnu.org mailing list for the GCC project.


Index Nav: [Date Index] [Subject Index] [Author Index] [Thread Index]
Message Nav: [Date Prev] [Date Next] [Thread Prev] [Thread Next]
Other format: [Raw text]

Results for 3.5-tree-ssa 20030923 (merged 20030817) testsuite on powerpc-unknown-linux-gnu


LAST_UPDATED: 
Native configuration is powerpc-unknown-linux-gnu

		=== g++ tests ===


Running target unix
FAIL: g++.dg/ext/label3.C (test for excess errors)
WARNING: g++.dg/ext/label3.C compilation failed to produce executable
FAIL: g++.dg/ext/pretty1.C scan-assembler top level
FAIL: g++.dg/ext/pretty2.C (test for excess errors)
WARNING: g++.dg/ext/pretty2.C compilation failed to produce executable
FAIL: g++.dg/ext/stmtexpr1.C (test for excess errors)
WARNING: g++.dg/ext/stmtexpr1.C compilation failed to produce executable
FAIL: g++.dg/init/array10.C (test for excess errors)
FAIL: g++.dg/opt/inline4.C (test for excess errors)
ERROR: g++.dg/opt/inline4.C: error executing dg-final: couldn't open "inline4.s": no such file or directory
UNRESOLVED: g++.dg/opt/inline4.C: error executing dg-final: couldn't open "inline4.s": no such file or directory
FAIL: g++.dg/opt/nrv3.C execution test
XPASS: g++.dg/other/packed1.C execution test
FAIL: g++.dg/template/error2.C (test for excess errors)
FAIL: g++.dg/template/recurse.C  (test for errors, line 8)
FAIL: g++.dg/template/warn1.C (test for excess errors)
FAIL: 23:is 2:should be 1
FAIL: g++.dg/gcov/gcov-2.C gcov: 1 failures in line counts, 0 in branch percentages, 0 in return percentages
FAIL: g++.old-deja/g++.brendan/crash13.C  (test for errors, line 34)
FAIL: g++.old-deja/g++.brendan/crash13.C (test for excess errors)
FAIL: g++.old-deja/g++.brendan/crash30.C (test for excess errors)
FAIL: g++.old-deja/g++.bugs/900205_03.C  (test for errors, line 21)
FAIL: g++.old-deja/g++.bugs/900205_03.C  (test for errors, line 24)
FAIL: g++.old-deja/g++.bugs/900205_03.C  (test for errors, line 44)
FAIL: g++.old-deja/g++.bugs/900205_03.C  (test for errors, line 47)
FAIL: g++.old-deja/g++.bugs/900205_03.C (test for excess errors)
FAIL: g++.old-deja/g++.law/friend5.C  (test for errors, line 19)
FAIL: g++.old-deja/g++.law/friend5.C  (test for errors, line 24)
FAIL: g++.old-deja/g++.law/friend5.C (test for excess errors)
WARNING: g++.old-deja/g++.mike/p10769a.C compilation failed to produce executable
FAIL: g++.old-deja/g++.mike/p646.C  (test for warnings, line 104)
FAIL: g++.old-deja/g++.mike/p646.C  (test for warnings, line 112)
FAIL: g++.old-deja/g++.mike/p646.C  (test for warnings, line 120)
FAIL: g++.old-deja/g++.mike/p646.C  (test for warnings, line 127)
FAIL: g++.old-deja/g++.mike/p646.C  (test for warnings, line 133)
FAIL: g++.old-deja/g++.mike/p646.C (test for excess errors)
WARNING: g++.old-deja/g++.other/enum5.C compilation failed to produce executable
FAIL: g++.old-deja/g++.other/vaarg3.C  (test for errors, line 23)
FAIL: g++.old-deja/g++.other/vaarg3.C  (test for errors, line 26)
WARNING: g++.old-deja/g++.pt/friend44.C compilation failed to produce executable

		=== g++ Summary ===

# of expected passes		8829
# of unexpected failures	31
# of unexpected successes	1
# of expected failures		65
# of unresolved testcases	1
# of unsupported tests		59
/mnt/build/dnovillo/sbox/tree-ssa-branch.ppc64/bld.cure81/gcc/testsuite/../g++ version 3.5-tree-ssa 20030923 (merged 20030817)

		=== g77 tests ===


Running target unix
FAIL: g77.f-torture/execute/980520-1.f compilation,  -O0 

		=== g77 Summary ===

# of expected passes		1746
# of unexpected failures	1
# of untested testcases		1
# of unsupported tests		6
/mnt/build/dnovillo/sbox/tree-ssa-branch.ppc64/bld.cure81/gcc/testsuite/../g77 version 3.5-tree-ssa 20030923 (merged 20030817)

		=== gcc tests ===


Running target unix
FAIL: gcc.c-torture/execute/20000603-1.c execution,  -O3 -fomit-frame-pointer 
FAIL: gcc.c-torture/execute/20000603-1.c execution,  -O3 -g 
FAIL: gcc.c-torture/execute/20020412-1.c execution,  -O3 -fomit-frame-pointer 
FAIL: gcc.c-torture/execute/20020412-1.c execution,  -O3 -fomit-frame-pointer -funroll-loops 
FAIL: gcc.c-torture/execute/20020412-1.c execution,  -O3 -fomit-frame-pointer -funroll-all-loops -finline-functions 
FAIL: gcc.c-torture/execute/20020412-1.c execution,  -O3 -g 
FAIL: gcc.c-torture/execute/20030125-1.c execution,  -O1 
FAIL: gcc.c-torture/execute/20030125-1.c execution,  -O2 
FAIL: gcc.c-torture/execute/20030125-1.c execution,  -O3 -fomit-frame-pointer 
FAIL: gcc.c-torture/execute/20030125-1.c execution,  -O3 -g 
FAIL: gcc.c-torture/execute/20030125-1.c execution,  -Os 
FAIL: gcc.c-torture/execute/20030330-1.c compilation,  -O0 
UNRESOLVED: gcc.c-torture/execute/20030330-1.c execution,  -O0 
FAIL: gcc.c-torture/execute/string-opt-7.c execution,  -O1 
FAIL: gcc.c-torture/execute/string-opt-7.c execution,  -O2 
FAIL: gcc.c-torture/execute/string-opt-7.c execution,  -O3 -fomit-frame-pointer 
FAIL: gcc.c-torture/execute/string-opt-7.c execution,  -O3 -g 
FAIL: gcc.c-torture/execute/string-opt-7.c execution,  -Os 
UNRESOLVED: gcc.c-torture/execute/wchar_t-1.c execution,  -O0 
UNRESOLVED: gcc.c-torture/execute/wchar_t-1.c execution,  -O1 
UNRESOLVED: gcc.c-torture/execute/wchar_t-1.c execution,  -O2 
UNRESOLVED: gcc.c-torture/execute/wchar_t-1.c execution,  -O3 -fomit-frame-pointer 
UNRESOLVED: gcc.c-torture/execute/wchar_t-1.c execution,  -O3 -g 
UNRESOLVED: gcc.c-torture/execute/wchar_t-1.c execution,  -Os 
FAIL: gcc.dg/compat/scalar-by-value-3 c_compat_x_tst.o-c_compat_y_tst.o execute 
FAIL: gcc.dg/compat/scalar-return-3 c_compat_x_tst.o-c_compat_y_tst.o execute 
FAIL: gcc.dg/cpp/cmdlne-M.c (test for excess errors)
FAIL: gcc.dg/cpp/cmdlne-dD-M.c (test for excess errors)
ERROR: gcc.dg/cpp/cmdlne-dD-M.c: error executing dg-final: couldn't open "cmdlne-dD-M.i": no such file or directory
UNRESOLVED: gcc.dg/cpp/cmdlne-dD-M.c: error executing dg-final: couldn't open "cmdlne-dD-M.i": no such file or directory
FAIL: gcc.dg/cpp/cmdlne-dI-M.c (test for excess errors)
ERROR: gcc.dg/cpp/cmdlne-dI-M.c: error executing dg-final: couldn't open "cmdlne-dI-M.i": no such file or directory
UNRESOLVED: gcc.dg/cpp/cmdlne-dI-M.c: error executing dg-final: couldn't open "cmdlne-dI-M.i": no such file or directory
FAIL: gcc.dg/cpp/cmdlne-dM-M.c (test for excess errors)
ERROR: gcc.dg/cpp/cmdlne-dM-M.c: error executing dg-final: couldn't open "cmdlne-dM-M.i": no such file or directory
UNRESOLVED: gcc.dg/cpp/cmdlne-dM-M.c: error executing dg-final: couldn't open "cmdlne-dM-M.i": no such file or directory
FAIL: gcc.dg/cpp/cmdlne-dN-M.c (test for excess errors)
ERROR: gcc.dg/cpp/cmdlne-dN-M.c: error executing dg-final: couldn't open "cmdlne-dN-M.i": no such file or directory
UNRESOLVED: gcc.dg/cpp/cmdlne-dN-M.c: error executing dg-final: couldn't open "cmdlne-dN-M.i": no such file or directory
FAIL: gcc.dg/20010516-1.c (test for excess errors)
FAIL: gcc.dg/20020103-1.c scan-assembler-not LC
FAIL: gcc.dg/20020118-1.c execution test
FAIL: gcc.dg/20020919-1.c  (test for errors, line 89)
FAIL: gcc.dg/20020919-1.c  (test for errors, line 105)
FAIL: gcc.dg/20020919-1.c  (test for errors, line 114)
FAIL: gcc.dg/20020919-1.c  (test for errors, line 123)
FAIL: gcc.dg/20020919-1.c  (test for errors, line 132)
FAIL: gcc.dg/20020919-1.c  (test for errors, line 141)
FAIL: gcc.dg/20020919-1.c  (test for errors, line 159)
FAIL: gcc.dg/20020919-1.c  (test for errors, line 177)
FAIL: gcc.dg/20020919-1.c  (test for errors, line 195)
FAIL: gcc.dg/20020919-1.c  (test for errors, line 222)
FAIL: gcc.dg/20020919-1.c  (test for errors, line 231)
FAIL: gcc.dg/20020919-1.c  (test for errors, line 244)
FAIL: gcc.dg/20030331-2.c (test for excess errors)
FAIL: gcc.dg/Wunreachable-4.c (test for excess errors)
FAIL: gcc.dg/altivec-5.c (test for excess errors)
FAIL: gcc.dg/asm-6.c  (test for errors, line 5)
FAIL: gcc.dg/asm-7.c  (test for warnings, line 12)
FAIL: gcc.dg/asm-7.c  (test for warnings, line 15)
FAIL: gcc.dg/asm-7.c  (test for warnings, line 16)
FAIL: gcc.dg/asm-7.c  (test for warnings, line 25)
FAIL: gcc.dg/asm-7.c (test for excess errors)
WARNING: program timed out.
ERROR: gcc.dg/attr-noinline.c: error executing dg-final: couldn't open "attr-noinline.s": no such file or directory
UNRESOLVED: gcc.dg/attr-noinline.c: error executing dg-final: couldn't open "attr-noinline.s": no such file or directory
FAIL: gcc.dg/builtins-10.c (test for excess errors)
FAIL: gcc.dg/builtins-18.c (test for excess errors)
FAIL: gcc.dg/builtins-20.c (test for excess errors)
FAIL: gcc.dg/builtins-26.c (test for excess errors)
FAIL: gcc.dg/builtins-7.c (test for excess errors)
FAIL: gcc.dg/cleanup-1.c (test for excess errors)
FAIL: gcc.dg/doloop-1.c scan-assembler-not blt
FAIL: gcc.dg/noreturn-1.c detect noreturn candidate (test for warnings, line 31)
FAIL: gcc.dg/noreturn-1.c detect return from noreturn (test for warnings, line 38)
FAIL: gcc.dg/noreturn-1.c detect return from tail call (test for warnings, line 59)
FAIL: gcc.dg/noreturn-1.c (test for excess errors)
FAIL: gcc.dg/noreturn-4.c warn for main (test for warnings, line 10)
FAIL: gcc.dg/noreturn-4.c (test for excess errors)
FAIL: gcc.dg/ppc-sdata-1.c scan-assembler sdat@sdarel\\(13\\)
FAIL: gcc.dg/ppc-sdata-1.c scan-assembler sdat2@sda21\\(2\\)
FAIL: gcc.dg/return-type-3.c warning for falling off end of non-void function (test for warnings, line 14)
FAIL: gcc.dg/return-type-3.c (test for excess errors)
XPASS: gcc.dg/uninit-2.c uninitialized variable warning (test for bogus messages, line 28)
XPASS: gcc.dg/uninit-4.c uninitialized variable warning (test for bogus messages, line 26)
XPASS: gcc.dg/uninit-5.c uninitialized variable warning (test for bogus messages, line 13)
XPASS: gcc.dg/uninit-5.c uninitialized variable warning (test for bogus messages, line 27)
XPASS: gcc.dg/uninit-8.c uninitialized variable warning (test for bogus messages, line 14)
FAIL: gcc.dg/warn-1.c  (test for warnings, line 8)
FAIL: gcc.dg/warn-1.c  (test for warnings, line 15)
FAIL: gcc.dg/warn-1.c (test for excess errors)
FAIL: gcc.dg/format/gcc_diag-1.c wrong arg (test for warnings, line 98)
FAIL: gcc.dg/format/gcc_diag-1.c wrong arg (test for warnings, line 99)
FAIL: gcc.dg/format/gcc_diag-1.c wrong arg (test for warnings, line 100)
FAIL: gcc.dg/format/gcc_diag-1.c bogus modifier (test for warnings, line 101)
FAIL: gcc.dg/format/gcc_diag-1.c bogus modifier (test for warnings, line 102)
FAIL: gcc.dg/format/gcc_diag-1.c bogus modifier (test for warnings, line 103)
FAIL: gcc.dg/format/gcc_diag-1.c bogus modifier (test for warnings, line 104)
FAIL: gcc.dg/format/gcc_diag-1.c bogus modifier (test for warnings, line 105)
FAIL: gcc.dg/format/gcc_diag-1.c bogus modifier (test for warnings, line 106)
FAIL: gcc.dg/format/gcc_diag-1.c bogus tree (test for warnings, line 107)
FAIL: gcc.dg/format/gcc_diag-1.c bogus tree (test for warnings, line 108)
FAIL: gcc.dg/format/gcc_diag-1.c bogus modifier (test for warnings, line 109)
FAIL: gcc.dg/format/gcc_diag-1.c bogus modifier (test for warnings, line 110)
FAIL: gcc.dg/format/gcc_diag-1.c missing arg (test for warnings, line 111)
FAIL: gcc.dg/format/gcc_diag-1.c wrong arg (test for warnings, line 112)
FAIL: gcc.dg/format/gcc_diag-1.c extra arg (test for warnings, line 113)
FAIL: gcc.dg/format/gcc_diag-1.c bogus modifier (test for warnings, line 114)
FAIL: gcc.dg/format/gcc_diag-1.c bogus modifier (test for warnings, line 115)
FAIL: gcc.dg/format/gcc_diag-1.c missing arg (test for warnings, line 116)
FAIL: gcc.dg/format/gcc_diag-1.c missing arg (test for warnings, line 117)
FAIL: gcc.dg/format/gcc_diag-1.c wrong arg (test for warnings, line 118)
FAIL: gcc.dg/format/gcc_diag-1.c wrong arg (test for warnings, line 119)
FAIL: gcc.dg/format/gcc_diag-1.c extra arg (test for warnings, line 120)
FAIL: gcc.dg/format/gcc_diag-1.c extra arg (test for warnings, line 121)
FAIL: gcc.dg/format/gcc_diag-1.c HEX (test for warnings, line 124)
FAIL: gcc.dg/format/gcc_diag-1.c float (test for warnings, line 125)
FAIL: gcc.dg/format/gcc_diag-1.c float (test for warnings, line 126)
FAIL: gcc.dg/format/gcc_diag-1.c float (test for warnings, line 127)
FAIL: gcc.dg/format/gcc_diag-1.c float (test for warnings, line 128)
FAIL: gcc.dg/format/gcc_diag-1.c float (test for warnings, line 129)
FAIL: gcc.dg/format/gcc_diag-1.c counter (test for warnings, line 130)
FAIL: gcc.dg/format/gcc_diag-1.c conversion (test for warnings, line 131)
FAIL: gcc.dg/format/gcc_diag-1.c bad flag (test for warnings, line 134)
FAIL: gcc.dg/format/gcc_diag-1.c bad flag (test for warnings, line 135)
FAIL: gcc.dg/format/gcc_diag-1.c bad flag (test for warnings, line 136)
FAIL: gcc.dg/format/gcc_diag-1.c bad flag (test for warnings, line 137)
FAIL: gcc.dg/format/gcc_diag-1.c bad flag (test for warnings, line 138)
FAIL: gcc.dg/format/gcc_diag-1.c bad flag (test for warnings, line 139)
FAIL: gcc.dg/format/gcc_diag-1.c bad flag (test for warnings, line 140)
FAIL: gcc.dg/format/gcc_diag-1.c bad flag (test for warnings, line 141)
FAIL: gcc.dg/format/gcc_diag-1.c bad flag (test for warnings, line 142)
FAIL: gcc.dg/format/gcc_diag-1.c bad flag (test for warnings, line 143)
FAIL: gcc.dg/format/gcc_diag-1.c bad flag (test for warnings, line 144)
FAIL: gcc.dg/format/gcc_diag-1.c bad flag (test for warnings, line 145)
FAIL: gcc.dg/format/gcc_diag-1.c bad flag (test for warnings, line 146)
FAIL: gcc.dg/format/gcc_diag-1.c bad flag (test for warnings, line 147)
FAIL: gcc.dg/format/gcc_diag-1.c bad flag (test for warnings, line 148)
FAIL: gcc.dg/format/gcc_diag-1.c bad flag (test for warnings, line 149)
FAIL: gcc.dg/format/gcc_diag-1.c bad flag (test for warnings, line 150)
FAIL: gcc.dg/format/gcc_diag-1.c bad flag (test for warnings, line 151)
FAIL: gcc.dg/format/gcc_diag-1.c bad flag (test for warnings, line 152)
FAIL: gcc.dg/format/gcc_diag-1.c bad flag (test for warnings, line 153)
FAIL: gcc.dg/format/gcc_diag-1.c bad flag (test for warnings, line 154)
FAIL: gcc.dg/format/gcc_diag-1.c bad flag (test for warnings, line 155)
FAIL: gcc.dg/format/gcc_diag-1.c bad flag (test for warnings, line 156)
FAIL: gcc.dg/format/gcc_diag-1.c bad flag (test for warnings, line 157)
FAIL: gcc.dg/format/gcc_diag-1.c bad flag (test for warnings, line 158)
FAIL: gcc.dg/format/gcc_diag-1.c bad flag (test for warnings, line 159)
FAIL: gcc.dg/format/gcc_diag-1.c bad flag (test for warnings, line 160)
FAIL: gcc.dg/format/gcc_diag-1.c bad flag (test for warnings, line 161)
FAIL: gcc.dg/format/gcc_diag-1.c bad flag (test for warnings, line 162)
FAIL: gcc.dg/format/gcc_diag-1.c bad flag (test for warnings, line 163)
FAIL: gcc.dg/format/gcc_diag-1.c bad flag (test for warnings, line 164)
FAIL: gcc.dg/format/gcc_diag-1.c bad flag (test for warnings, line 165)
FAIL: gcc.dg/format/gcc_diag-1.c bad flag (test for warnings, line 166)
FAIL: gcc.dg/format/gcc_diag-1.c bad argument types (test for warnings, line 168)
FAIL: gcc.dg/format/gcc_diag-1.c bad argument types (test for warnings, line 169)
FAIL: gcc.dg/format/gcc_diag-1.c bad argument types (test for warnings, line 170)
FAIL: gcc.dg/format/gcc_diag-1.c bad * argument types (test for warnings, line 171)
FAIL: gcc.dg/format/gcc_diag-1.c bad * argument types (test for warnings, line 172)
FAIL: gcc.dg/format/gcc_diag-1.c bad * argument types (test for warnings, line 173)
FAIL: gcc.dg/format/gcc_diag-1.c bad * argument types (test for warnings, line 174)
FAIL: gcc.dg/format/gcc_diag-1.c bad * argument types (test for warnings, line 175)
FAIL: gcc.dg/format/gcc_diag-1.c bad argument types (test for warnings, line 176)
FAIL: gcc.dg/format/gcc_diag-1.c bad argument types (test for warnings, line 177)
FAIL: gcc.dg/format/gcc_diag-1.c wrong number of args (test for warnings, line 180)
FAIL: gcc.dg/format/gcc_diag-1.c wrong number of args (test for warnings, line 181)
FAIL: gcc.dg/format/gcc_diag-1.c warning for empty format (test for warnings, line 183)
FAIL: gcc.dg/format/gcc_diag-1.c warning for embedded NUL (test for warnings, line 184)
FAIL: gcc.dg/format/gcc_diag-1.c warning for embedded NUL (test for warnings, line 185)
FAIL: gcc.dg/format/gcc_diag-1.c warning for embedded NUL (test for warnings, line 186)
FAIL: gcc.dg/format/gcc_diag-1.c null format string warning (test for warnings, line 187)
FAIL: gcc.dg/format/gcc_diag-1.c trailing % warning (test for warnings, line 188)
FAIL: gcc.dg/format/gcc_diag-1.c wide string (test for warnings, line 189)
FAIL: gcc.dg/format/gcc_diag-1.c %s with NULL (test for warnings, line 190)
FAIL: gcc.dg/format/gcc_diag-1.c bad argument types (test for warnings, line 193)
FAIL: gcc.dg/format/gcc_diag-1.c (test for excess errors)
FAIL: gcc.dg/format/gcc_diag-1.c wrong arg (test for warnings, line 98)
FAIL: gcc.dg/format/gcc_diag-1.c wrong arg (test for warnings, line 99)
FAIL: gcc.dg/format/gcc_diag-1.c wrong arg (test for warnings, line 100)
FAIL: gcc.dg/format/gcc_diag-1.c bogus modifier (test for warnings, line 101)
FAIL: gcc.dg/format/gcc_diag-1.c bogus modifier (test for warnings, line 102)
FAIL: gcc.dg/format/gcc_diag-1.c bogus modifier (test for warnings, line 103)
FAIL: gcc.dg/format/gcc_diag-1.c bogus modifier (test for warnings, line 104)
FAIL: gcc.dg/format/gcc_diag-1.c bogus modifier (test for warnings, line 105)
FAIL: gcc.dg/format/gcc_diag-1.c bogus modifier (test for warnings, line 106)
FAIL: gcc.dg/format/gcc_diag-1.c bogus tree (test for warnings, line 107)
FAIL: gcc.dg/format/gcc_diag-1.c bogus tree (test for warnings, line 108)
FAIL: gcc.dg/format/gcc_diag-1.c bogus modifier (test for warnings, line 109)
FAIL: gcc.dg/format/gcc_diag-1.c bogus modifier (test for warnings, line 110)
FAIL: gcc.dg/format/gcc_diag-1.c missing arg (test for warnings, line 111)
FAIL: gcc.dg/format/gcc_diag-1.c wrong arg (test for warnings, line 112)
FAIL: gcc.dg/format/gcc_diag-1.c extra arg (test for warnings, line 113)
FAIL: gcc.dg/format/gcc_diag-1.c bogus modifier (test for warnings, line 114)
FAIL: gcc.dg/format/gcc_diag-1.c bogus modifier (test for warnings, line 115)
FAIL: gcc.dg/format/gcc_diag-1.c missing arg (test for warnings, line 116)
FAIL: gcc.dg/format/gcc_diag-1.c missing arg (test for warnings, line 117)
FAIL: gcc.dg/format/gcc_diag-1.c wrong arg (test for warnings, line 118)
FAIL: gcc.dg/format/gcc_diag-1.c wrong arg (test for warnings, line 119)
FAIL: gcc.dg/format/gcc_diag-1.c extra arg (test for warnings, line 120)
FAIL: gcc.dg/format/gcc_diag-1.c extra arg (test for warnings, line 121)
FAIL: gcc.dg/format/gcc_diag-1.c HEX (test for warnings, line 124)
FAIL: gcc.dg/format/gcc_diag-1.c float (test for warnings, line 125)
FAIL: gcc.dg/format/gcc_diag-1.c float (test for warnings, line 126)
FAIL: gcc.dg/format/gcc_diag-1.c float (test for warnings, line 127)
FAIL: gcc.dg/format/gcc_diag-1.c float (test for warnings, line 128)
FAIL: gcc.dg/format/gcc_diag-1.c float (test for warnings, line 129)
FAIL: gcc.dg/format/gcc_diag-1.c counter (test for warnings, line 130)
FAIL: gcc.dg/format/gcc_diag-1.c conversion (test for warnings, line 131)
FAIL: gcc.dg/format/gcc_diag-1.c bad flag (test for warnings, line 134)
FAIL: gcc.dg/format/gcc_diag-1.c bad flag (test for warnings, line 135)
FAIL: gcc.dg/format/gcc_diag-1.c bad flag (test for warnings, line 136)
FAIL: gcc.dg/format/gcc_diag-1.c bad flag (test for warnings, line 137)
FAIL: gcc.dg/format/gcc_diag-1.c bad flag (test for warnings, line 138)
FAIL: gcc.dg/format/gcc_diag-1.c bad flag (test for warnings, line 139)
FAIL: gcc.dg/format/gcc_diag-1.c bad flag (test for warnings, line 140)
FAIL: gcc.dg/format/gcc_diag-1.c bad flag (test for warnings, line 141)
FAIL: gcc.dg/format/gcc_diag-1.c bad flag (test for warnings, line 142)
FAIL: gcc.dg/format/gcc_diag-1.c bad flag (test for warnings, line 143)
FAIL: gcc.dg/format/gcc_diag-1.c bad flag (test for warnings, line 144)
FAIL: gcc.dg/format/gcc_diag-1.c bad flag (test for warnings, line 145)
FAIL: gcc.dg/format/gcc_diag-1.c bad flag (test for warnings, line 146)
FAIL: gcc.dg/format/gcc_diag-1.c bad flag (test for warnings, line 147)
FAIL: gcc.dg/format/gcc_diag-1.c bad flag (test for warnings, line 148)
FAIL: gcc.dg/format/gcc_diag-1.c bad flag (test for warnings, line 149)
FAIL: gcc.dg/format/gcc_diag-1.c bad flag (test for warnings, line 150)
FAIL: gcc.dg/format/gcc_diag-1.c bad flag (test for warnings, line 151)
FAIL: gcc.dg/format/gcc_diag-1.c bad flag (test for warnings, line 152)
FAIL: gcc.dg/format/gcc_diag-1.c bad flag (test for warnings, line 153)
FAIL: gcc.dg/format/gcc_diag-1.c bad flag (test for warnings, line 154)
FAIL: gcc.dg/format/gcc_diag-1.c bad flag (test for warnings, line 155)
FAIL: gcc.dg/format/gcc_diag-1.c bad flag (test for warnings, line 156)
FAIL: gcc.dg/format/gcc_diag-1.c bad flag (test for warnings, line 157)
FAIL: gcc.dg/format/gcc_diag-1.c bad flag (test for warnings, line 158)
FAIL: gcc.dg/format/gcc_diag-1.c bad flag (test for warnings, line 159)
FAIL: gcc.dg/format/gcc_diag-1.c bad flag (test for warnings, line 160)
FAIL: gcc.dg/format/gcc_diag-1.c bad flag (test for warnings, line 161)
FAIL: gcc.dg/format/gcc_diag-1.c bad flag (test for warnings, line 162)
FAIL: gcc.dg/format/gcc_diag-1.c bad flag (test for warnings, line 163)
FAIL: gcc.dg/format/gcc_diag-1.c bad flag (test for warnings, line 164)
FAIL: gcc.dg/format/gcc_diag-1.c bad flag (test for warnings, line 165)
FAIL: gcc.dg/format/gcc_diag-1.c bad flag (test for warnings, line 166)
FAIL: gcc.dg/format/gcc_diag-1.c bad argument types (test for warnings, line 168)
FAIL: gcc.dg/format/gcc_diag-1.c bad argument types (test for warnings, line 169)
FAIL: gcc.dg/format/gcc_diag-1.c bad argument types (test for warnings, line 170)
FAIL: gcc.dg/format/gcc_diag-1.c bad * argument types (test for warnings, line 171)
FAIL: gcc.dg/format/gcc_diag-1.c bad * argument types (test for warnings, line 172)
FAIL: gcc.dg/format/gcc_diag-1.c bad * argument types (test for warnings, line 173)
FAIL: gcc.dg/format/gcc_diag-1.c bad * argument types (test for warnings, line 174)
FAIL: gcc.dg/format/gcc_diag-1.c bad * argument types (test for warnings, line 175)
FAIL: gcc.dg/format/gcc_diag-1.c bad argument types (test for warnings, line 176)
FAIL: gcc.dg/format/gcc_diag-1.c bad argument types (test for warnings, line 177)
FAIL: gcc.dg/format/gcc_diag-1.c wrong number of args (test for warnings, line 180)
FAIL: gcc.dg/format/gcc_diag-1.c wrong number of args (test for warnings, line 181)
FAIL: gcc.dg/format/gcc_diag-1.c warning for empty format (test for warnings, line 183)
FAIL: gcc.dg/format/gcc_diag-1.c warning for embedded NUL (test for warnings, line 184)
FAIL: gcc.dg/format/gcc_diag-1.c warning for embedded NUL (test for warnings, line 185)
FAIL: gcc.dg/format/gcc_diag-1.c warning for embedded NUL (test for warnings, line 186)
FAIL: gcc.dg/format/gcc_diag-1.c null format string warning (test for warnings, line 187)
FAIL: gcc.dg/format/gcc_diag-1.c trailing % warning (test for warnings, line 188)
FAIL: gcc.dg/format/gcc_diag-1.c wide string (test for warnings, line 189)
FAIL: gcc.dg/format/gcc_diag-1.c %s with NULL (test for warnings, line 190)
FAIL: gcc.dg/format/gcc_diag-1.c bad argument types (test for warnings, line 193)
FAIL: gcc.dg/format/gcc_diag-1.c (test for excess errors)
FAIL: gcc.dg/tree-ssa/20030708-1.c scan-tree-dump-times \\(short unsigned int\\) 1
FAIL: gcc.dg/tree-ssa/20030708-1.c scan-tree-dump-times if  1
FAIL: gcc.dg/tree-ssa/20030714-2.c scan-tree-dump-times if  3
FAIL: gcc.dg/tree-ssa/20030731-1.c scan-tree-dump-times target.*!= 0 0
FAIL: gcc.dg/tree-ssa/20030807-2.c scan-tree-dump-times if  0
FAIL: gcc.dg/tree-ssa/20030807-7.c scan-tree-dump-times if  1
FAIL: gcc.dg/tree-ssa/20030808-1.c scan-tree-dump-times if  1
FAIL: gcc.dg/tree-ssa/20030814-6.c scan-tree-dump-times common.code 1
FAIL: gcc.dg/tree-ssa/20030815-1.c scan-tree-dump-times \\(struct rtx_def \\* \\*\\) 0
FAIL: gcc.dg/tree-ssa/20030824-2.c scan-tree-dump-times return y \\+ x 1
FAIL: gcc.dg/tree-ssa/ssa-ccp-2.c scan-tree-dump-times link_error 0
FAIL: gcc.dg/tree-ssa/ssa-ccp-3.c scan-tree-dump-times link_error 0
FAIL: gcc.dg/tree-ssa/ssa-ccp-4.c scan-tree-dump-times link_error 0
FAIL: gcc.dg/tree-ssa/ssa-ccp-5.c scan-tree-dump-times link_error 0
FAIL: gcc.dg/tree-ssa/ssa-ccp-6.c scan-tree-dump-times link_error 0
FAIL: gcc.dg/tree-ssa/ssa-ccp-8.c scan-tree-dump-times link_error 0

		=== gcc Summary ===

# of expected passes		23949
# of unexpected failures	258
# of unexpected successes	5
# of expected failures		70
# of unresolved testcases	12
# of unsupported tests		238
/mnt/build/dnovillo/sbox/tree-ssa-branch.ppc64/bld.cure81/gcc/xgcc version 3.5-tree-ssa 20030923 (merged 20030817)

		=== gfortran tests ===


Running target unix
FAIL: gfortran.fortran-torture/execute/contained.f90 execution,  -O1 
FAIL: gfortran.fortran-torture/execute/contained.f90 execution,  -O2 
FAIL: gfortran.fortran-torture/execute/contained.f90 execution,  -O2 -fomit-frame-pointer -finline-functions 
FAIL: gfortran.fortran-torture/execute/contained.f90 execution,  -O2 -fomit-frame-pointer -finline-functions -funroll-loops 
FAIL: gfortran.fortran-torture/execute/contained.f90 execution,  -O2 -fomit-frame-pointer -finline-functions -funroll-all-loops 
FAIL: gfortran.fortran-torture/execute/contained.f90 execution,  -O2 -fno-repack-arrays 
FAIL: gfortran.fortran-torture/execute/contained.f90 execution,  -O2 -fg77-calls 
FAIL: gfortran.fortran-torture/execute/contained.f90 execution,  -O3 -g 
FAIL: gfortran.fortran-torture/execute/contained.f90 execution,  -Os 
FAIL: gfortran.fortran-torture/execute/forall_3.f90 execution,  -O0 
FAIL: gfortran.fortran-torture/execute/forall_3.f90 execution,  -O1 
FAIL: gfortran.fortran-torture/execute/forall_3.f90 execution,  -O2 
FAIL: gfortran.fortran-torture/execute/forall_3.f90 execution,  -O2 -fomit-frame-pointer -finline-functions 
FAIL: gfortran.fortran-torture/execute/forall_3.f90 execution,  -O2 -fomit-frame-pointer -finline-functions -funroll-loops 
FAIL: gfortran.fortran-torture/execute/forall_3.f90 execution,  -O2 -fomit-frame-pointer -finline-functions -funroll-all-loops 
FAIL: gfortran.fortran-torture/execute/forall_3.f90 execution,  -O2 -fno-repack-arrays 
FAIL: gfortran.fortran-torture/execute/forall_3.f90 execution,  -O2 -fg77-calls 
FAIL: gfortran.fortran-torture/execute/forall_3.f90 execution,  -O3 -g 
FAIL: gfortran.fortran-torture/execute/forall_3.f90 execution,  -Os 

		=== gfortran Summary ===

# of expected passes		2071
# of unexpected failures	19
/mnt/build/dnovillo/sbox/tree-ssa-branch.ppc64/bld.cure81/gcc/testsuite/../gfortran version 3.5-tree-ssa 20030923 (merged 20030817)

		=== objc tests ===


Running target unix
FAIL: objc.dg/method-1.m (test for excess errors)
FAIL: objc.dg/param-1.m (test for excess errors)

		=== objc Summary ===

# of expected passes		1154
# of unexpected failures	2
/mnt/build/dnovillo/sbox/tree-ssa-branch.ppc64/bld.cure81/gcc/xgcc version 3.5-tree-ssa 20030923 (merged 20030817)

		=== libjava tests ===


Running target unix
FAIL: G19990210_3 -O compilation from bytecode
FAIL: G19990217_01 -O compilation from bytecode
FAIL: PR232B -O compilation from bytecode
FAIL: T20020604 -O compilation from bytecode
FAIL: Array_3 execution - gij test
FAIL: Array_3 -O execution - source compiled test
FAIL: Array_3 execution - gij test
FAIL: Array_3 -O execution - bytecode->native test
FAIL: G19990310_01 -O compilation from bytecode
FAIL: InterfaceDispatch -O output - bytecode->native test
FAIL: Invoke_1 -O execution - source compiled test
FAIL: Invoke_1 -O execution - bytecode->native test
FAIL: N19990310_02 -O execution - bytecode->native test
FAIL: PR141 output - bytecode->native test
FAIL: PR141 -O output - bytecode->native test
FAIL: PR160 -O execution - bytecode->native test
FAIL: PR6729 -O output - bytecode->native test
FAIL: Shazam -O compilation from bytecode
FAIL: SyncGlobal -O compilation from bytecode
FAIL: SyncTest -O compilation from bytecode
FAIL: Thread_Alive -O compilation from bytecode
FAIL: Thread_Interrupt output - gij test
FAIL: Thread_Interrupt -O compilation from bytecode
FAIL: Thread_Monitor -O compilation from bytecode
FAIL: Thread_Wait -O compilation from bytecode
FAIL: Thread_Wait_2 -O compilation from bytecode
FAIL: Thread_Wait_Interrupt -O compilation from bytecode
FAIL: err11 -O output - bytecode->native test
FAIL: pr83 -O compilation from bytecode
XPASS: pr8823 compilation from bytecode
XPASS: pr8823 -O compilation from bytecode

		=== libjava Summary ===

# of expected passes		3026
# of unexpected failures	29
# of unexpected successes	2
# of expected failures		10
# of untested testcases		38
		=== libmudflap tests ===


Running target unix
FAIL: libmudflap.c++/fail24-frag.cxx (-O3) output pattern test
FAIL: libmudflap.c++/pass28-frag.cxx (-O3) execution test
FAIL: libmudflap.c++/pass31-frag.cxx (-O3) execution test
WARNING: program timed out.
FAIL: libmudflap.cth/pass37-frag.c (rerun 8) execution test
FAIL: libmudflap.cth/pass37-frag.c (rerun 8) output pattern test
WARNING: program timed out.
FAIL: libmudflap.cth/pass37-frag.c (rerun 9) execution test
FAIL: libmudflap.cth/pass37-frag.c (rerun 9) output pattern test
WARNING: program timed out.
FAIL: libmudflap.cth/pass37-frag.c (rerun 10) execution test
FAIL: libmudflap.cth/pass37-frag.c (rerun 10) output pattern test
WARNING: program timed out.
FAIL: libmudflap.cth/pass37-frag.c (rerun 12) execution test
FAIL: libmudflap.cth/pass37-frag.c (rerun 12) output pattern test
WARNING: program timed out.
FAIL: libmudflap.cth/pass37-frag.c (rerun 14) execution test
WARNING: program timed out.
FAIL: libmudflap.cth/pass37-frag.c (rerun 16) execution test
FAIL: libmudflap.cth/pass37-frag.c (rerun 16) output pattern test
WARNING: program timed out.
FAIL: libmudflap.cth/pass37-frag.c (rerun 18) execution test
WARNING: program timed out.
FAIL: libmudflap.cth/pass39-frag.c execution test
FAIL: libmudflap.cth/pass39-frag.c output pattern test
WARNING: program timed out.
FAIL: libmudflap.cth/pass39-frag.c (rerun 1) execution test
FAIL: libmudflap.cth/pass39-frag.c (rerun 1) output pattern test
WARNING: program timed out.
FAIL: libmudflap.cth/pass39-frag.c (rerun 2) execution test
FAIL: libmudflap.cth/pass39-frag.c (rerun 2) output pattern test
WARNING: program timed out.
FAIL: libmudflap.cth/pass39-frag.c (rerun 3) execution test
FAIL: libmudflap.cth/pass39-frag.c (rerun 3) output pattern test
WARNING: program timed out.
FAIL: libmudflap.cth/pass39-frag.c (rerun 4) execution test
FAIL: libmudflap.cth/pass39-frag.c (rerun 4) output pattern test
WARNING: program timed out.
FAIL: libmudflap.cth/pass39-frag.c (rerun 5) execution test
FAIL: libmudflap.cth/pass39-frag.c (rerun 5) output pattern test
WARNING: program timed out.
FAIL: libmudflap.cth/pass39-frag.c (rerun 6) execution test
FAIL: libmudflap.cth/pass39-frag.c (rerun 6) output pattern test
WARNING: program timed out.
FAIL: libmudflap.cth/pass39-frag.c (rerun 7) execution test
FAIL: libmudflap.cth/pass39-frag.c (rerun 7) output pattern test
WARNING: program timed out.
FAIL: libmudflap.cth/pass39-frag.c (rerun 8) execution test
FAIL: libmudflap.cth/pass39-frag.c (rerun 8) output pattern test
WARNING: program timed out.
FAIL: libmudflap.cth/pass39-frag.c (rerun 9) execution test
FAIL: libmudflap.cth/pass39-frag.c (rerun 9) output pattern test
WARNING: program timed out.
FAIL: libmudflap.cth/pass39-frag.c (rerun 10) execution test
FAIL: libmudflap.cth/pass39-frag.c (rerun 10) output pattern test
WARNING: program timed out.
FAIL: libmudflap.cth/pass39-frag.c (rerun 11) execution test
FAIL: libmudflap.cth/pass39-frag.c (rerun 11) output pattern test
WARNING: program timed out.
FAIL: libmudflap.cth/pass39-frag.c (rerun 13) execution test
FAIL: libmudflap.cth/pass39-frag.c (rerun 13) output pattern test
WARNING: program timed out.
FAIL: libmudflap.cth/pass39-frag.c (rerun 17) execution test
FAIL: libmudflap.cth/pass39-frag.c (rerun 17) output pattern test
WARNING: program timed out.
FAIL: libmudflap.cth/pass39-frag.c (rerun 18) execution test
FAIL: libmudflap.cth/pass39-frag.c (rerun 18) output pattern test
WARNING: program timed out.
FAIL: libmudflap.cth/pass39-frag.c (rerun 19) execution test
FAIL: libmudflap.cth/pass39-frag.c (rerun 19) output pattern test
WARNING: program timed out.
FAIL: libmudflap.cth/pass37-frag.c (-static) (rerun 3) execution test
FAIL: libmudflap.cth/pass37-frag.c (-static) (rerun 3) output pattern test
WARNING: program timed out.
FAIL: libmudflap.cth/pass37-frag.c (-static) (rerun 5) execution test
FAIL: libmudflap.cth/pass37-frag.c (-static) (rerun 5) output pattern test
WARNING: program timed out.
FAIL: libmudflap.cth/pass37-frag.c (-static) (rerun 7) execution test
FAIL: libmudflap.cth/pass37-frag.c (-static) (rerun 7) output pattern test
WARNING: program timed out.
FAIL: libmudflap.cth/pass37-frag.c (-static) (rerun 11) execution test
FAIL: libmudflap.cth/pass37-frag.c (-static) (rerun 11) output pattern test
WARNING: program timed out.
FAIL: libmudflap.cth/pass37-frag.c (-static) (rerun 13) execution test
FAIL: libmudflap.cth/pass37-frag.c (-static) (rerun 13) output pattern test
WARNING: program timed out.
FAIL: libmudflap.cth/pass37-frag.c (-static) (rerun 14) execution test
FAIL: libmudflap.cth/pass37-frag.c (-static) (rerun 14) output pattern test
WARNING: program timed out.
FAIL: libmudflap.cth/pass37-frag.c (-static) (rerun 15) execution test
FAIL: libmudflap.cth/pass37-frag.c (-static) (rerun 15) output pattern test
WARNING: program timed out.
FAIL: libmudflap.cth/pass37-frag.c (-static) (rerun 16) execution test
FAIL: libmudflap.cth/pass37-frag.c (-static) (rerun 16) output pattern test
WARNING: program timed out.
FAIL: libmudflap.cth/pass37-frag.c (-static) (rerun 17) execution test
FAIL: libmudflap.cth/pass37-frag.c (-static) (rerun 17) output pattern test
WARNING: program timed out.
FAIL: libmudflap.cth/pass39-frag.c (-static) execution test
FAIL: libmudflap.cth/pass39-frag.c (-static) output pattern test
WARNING: program timed out.
FAIL: libmudflap.cth/pass39-frag.c (-static) (rerun 1) execution test
WARNING: program timed out.
FAIL: libmudflap.cth/pass39-frag.c (-static) (rerun 7) execution test
FAIL: libmudflap.cth/pass39-frag.c (-static) (rerun 7) output pattern test
WARNING: program timed out.
FAIL: libmudflap.cth/pass39-frag.c (-static) (rerun 8) execution test
FAIL: libmudflap.cth/pass39-frag.c (-static) (rerun 8) output pattern test
WARNING: program timed out.
FAIL: libmudflap.cth/pass39-frag.c (-static) (rerun 10) execution test
FAIL: libmudflap.cth/pass39-frag.c (-static) (rerun 10) output pattern test
WARNING: program timed out.
FAIL: libmudflap.cth/pass39-frag.c (-static) (rerun 11) execution test
FAIL: libmudflap.cth/pass39-frag.c (-static) (rerun 11) output pattern test
WARNING: program timed out.
FAIL: libmudflap.cth/pass39-frag.c (-static) (rerun 12) execution test
FAIL: libmudflap.cth/pass39-frag.c (-static) (rerun 12) output pattern test
WARNING: program timed out.
FAIL: libmudflap.cth/pass39-frag.c (-static) (rerun 13) execution test
FAIL: libmudflap.cth/pass39-frag.c (-static) (rerun 13) output pattern test
WARNING: program timed out.
FAIL: libmudflap.cth/pass39-frag.c (-static) (rerun 14) execution test
FAIL: libmudflap.cth/pass39-frag.c (-static) (rerun 14) output pattern test
WARNING: program timed out.
FAIL: libmudflap.cth/pass39-frag.c (-static) (rerun 15) execution test
WARNING: program timed out.
FAIL: libmudflap.cth/pass39-frag.c (-static) (rerun 17) execution test
FAIL: libmudflap.cth/pass39-frag.c (-static) (rerun 17) output pattern test
WARNING: program timed out.
FAIL: libmudflap.cth/pass39-frag.c (-static) (rerun 18) execution test
FAIL: libmudflap.cth/pass39-frag.c (-static) (rerun 18) output pattern test
WARNING: program timed out.
FAIL: libmudflap.cth/pass39-frag.c (-static) (rerun 19) execution test
FAIL: libmudflap.cth/pass39-frag.c (-static) (rerun 19) output pattern test
WARNING: program timed out.
FAIL: libmudflap.cth/pass37-frag.c (-O2) execution test
FAIL: libmudflap.cth/pass37-frag.c (-O2) output pattern test
WARNING: program timed out.
FAIL: libmudflap.cth/pass37-frag.c (-O2) (rerun 8) execution test
FAIL: libmudflap.cth/pass37-frag.c (-O2) (rerun 8) output pattern test
WARNING: program timed out.
FAIL: libmudflap.cth/pass37-frag.c (-O2) (rerun 15) execution test
FAIL: libmudflap.cth/pass37-frag.c (-O2) (rerun 15) output pattern test
WARNING: program timed out.
FAIL: libmudflap.cth/pass37-frag.c (-O2) (rerun 16) execution test
FAIL: libmudflap.cth/pass37-frag.c (-O2) (rerun 16) output pattern test
WARNING: program timed out.
FAIL: libmudflap.cth/pass37-frag.c (-O2) (rerun 17) execution test
FAIL: libmudflap.cth/pass37-frag.c (-O2) (rerun 17) output pattern test
WARNING: program timed out.
FAIL: libmudflap.cth/pass39-frag.c (-O2) execution test
FAIL: libmudflap.cth/pass39-frag.c (-O2) output pattern test
WARNING: program timed out.
FAIL: libmudflap.cth/pass39-frag.c (-O2) (rerun 1) execution test
FAIL: libmudflap.cth/pass39-frag.c (-O2) (rerun 1) output pattern test
WARNING: program timed out.
FAIL: libmudflap.cth/pass39-frag.c (-O2) (rerun 2) execution test
FAIL: libmudflap.cth/pass39-frag.c (-O2) (rerun 2) output pattern test
WARNING: program timed out.
FAIL: libmudflap.cth/pass39-frag.c (-O2) (rerun 3) execution test
FAIL: libmudflap.cth/pass39-frag.c (-O2) (rerun 3) output pattern test
WARNING: program timed out.
FAIL: libmudflap.cth/pass39-frag.c (-O2) (rerun 4) execution test
FAIL: libmudflap.cth/pass39-frag.c (-O2) (rerun 4) output pattern test
WARNING: program timed out.
FAIL: libmudflap.cth/pass39-frag.c (-O2) (rerun 5) execution test
FAIL: libmudflap.cth/pass39-frag.c (-O2) (rerun 5) output pattern test
WARNING: program timed out.
FAIL: libmudflap.cth/pass39-frag.c (-O2) (rerun 6) execution test
FAIL: libmudflap.cth/pass39-frag.c (-O2) (rerun 6) output pattern test
WARNING: program timed out.
FAIL: libmudflap.cth/pass39-frag.c (-O2) (rerun 7) execution test
FAIL: libmudflap.cth/pass39-frag.c (-O2) (rerun 7) output pattern test
WARNING: program timed out.
FAIL: libmudflap.cth/pass39-frag.c (-O2) (rerun 8) execution test
FAIL: libmudflap.cth/pass39-frag.c (-O2) (rerun 8) output pattern test
WARNING: program timed out.
FAIL: libmudflap.cth/pass39-frag.c (-O2) (rerun 9) execution test
FAIL: libmudflap.cth/pass39-frag.c (-O2) (rerun 9) output pattern test
WARNING: program timed out.
FAIL: libmudflap.cth/pass39-frag.c (-O2) (rerun 13) execution test
FAIL: libmudflap.cth/pass39-frag.c (-O2) (rerun 13) output pattern test
WARNING: program timed out.
FAIL: libmudflap.cth/pass39-frag.c (-O2) (rerun 14) execution test
FAIL: libmudflap.cth/pass39-frag.c (-O2) (rerun 14) output pattern test
WARNING: program timed out.
FAIL: libmudflap.cth/pass39-frag.c (-O2) (rerun 15) execution test
FAIL: libmudflap.cth/pass39-frag.c (-O2) (rerun 15) output pattern test
WARNING: program timed out.
FAIL: libmudflap.cth/pass39-frag.c (-O2) (rerun 16) execution test
FAIL: libmudflap.cth/pass39-frag.c (-O2) (rerun 16) output pattern test
WARNING: program timed out.
FAIL: libmudflap.cth/pass39-frag.c (-O2) (rerun 17) execution test
FAIL: libmudflap.cth/pass39-frag.c (-O2) (rerun 17) output pattern test
WARNING: program timed out.
FAIL: libmudflap.cth/pass39-frag.c (-O2) (rerun 18) execution test
FAIL: libmudflap.cth/pass39-frag.c (-O2) (rerun 18) output pattern test
WARNING: program timed out.
FAIL: libmudflap.cth/pass39-frag.c (-O2) (rerun 19) execution test
FAIL: libmudflap.cth/pass39-frag.c (-O2) (rerun 19) output pattern test
WARNING: program timed out.
FAIL: libmudflap.cth/pass37-frag.c (-O3) execution test
FAIL: libmudflap.cth/pass37-frag.c (-O3) output pattern test
WARNING: program timed out.
FAIL: libmudflap.cth/pass37-frag.c (-O3) (rerun 1) execution test
FAIL: libmudflap.cth/pass37-frag.c (-O3) (rerun 1) output pattern test
WARNING: program timed out.
FAIL: libmudflap.cth/pass37-frag.c (-O3) (rerun 8) execution test
FAIL: libmudflap.cth/pass37-frag.c (-O3) (rerun 8) output pattern test
WARNING: program timed out.
FAIL: libmudflap.cth/pass37-frag.c (-O3) (rerun 17) execution test
FAIL: libmudflap.cth/pass37-frag.c (-O3) (rerun 17) output pattern test
WARNING: program timed out.
FAIL: libmudflap.cth/pass37-frag.c (-O3) (rerun 19) execution test
FAIL: libmudflap.cth/pass37-frag.c (-O3) (rerun 19) output pattern test
WARNING: program timed out.
FAIL: libmudflap.cth/pass39-frag.c (-O3) execution test
FAIL: libmudflap.cth/pass39-frag.c (-O3) output pattern test
WARNING: program timed out.
FAIL: libmudflap.cth/pass39-frag.c (-O3) (rerun 2) execution test
FAIL: libmudflap.cth/pass39-frag.c (-O3) (rerun 2) output pattern test
WARNING: program timed out.
FAIL: libmudflap.cth/pass39-frag.c (-O3) (rerun 3) execution test
FAIL: libmudflap.cth/pass39-frag.c (-O3) (rerun 3) output pattern test
WARNING: program timed out.
FAIL: libmudflap.cth/pass39-frag.c (-O3) (rerun 4) execution test
WARNING: program timed out.
FAIL: libmudflap.cth/pass39-frag.c (-O3) (rerun 5) execution test
FAIL: libmudflap.cth/pass39-frag.c (-O3) (rerun 5) output pattern test
WARNING: program timed out.
FAIL: libmudflap.cth/pass39-frag.c (-O3) (rerun 7) execution test
FAIL: libmudflap.cth/pass39-frag.c (-O3) (rerun 7) output pattern test
WARNING: program timed out.
FAIL: libmudflap.cth/pass39-frag.c (-O3) (rerun 9) execution test
FAIL: libmudflap.cth/pass39-frag.c (-O3) (rerun 9) output pattern test
WARNING: program timed out.
FAIL: libmudflap.cth/pass39-frag.c (-O3) (rerun 12) execution test
FAIL: libmudflap.cth/pass39-frag.c (-O3) (rerun 12) output pattern test
WARNING: program timed out.
FAIL: libmudflap.cth/pass39-frag.c (-O3) (rerun 13) execution test
FAIL: libmudflap.cth/pass39-frag.c (-O3) (rerun 13) output pattern test
WARNING: program timed out.
FAIL: libmudflap.cth/pass39-frag.c (-O3) (rerun 14) execution test
FAIL: libmudflap.cth/pass39-frag.c (-O3) (rerun 14) output pattern test
WARNING: program timed out.
FAIL: libmudflap.cth/pass39-frag.c (-O3) (rerun 16) execution test
FAIL: libmudflap.cth/pass39-frag.c (-O3) (rerun 16) output pattern test

		=== libmudflap Summary ===

# of expected passes		824
# of unexpected failures	164
		=== libstdc++ tests ===


Running target unix
FAIL: 22_locale/time_put/put/char/2.cc execution test
FAIL: 22_locale/time_put/put/char/wrapped_env.cc execution test
FAIL: 22_locale/time_put/put/char/wrapped_locale.cc execution test
FAIL: 22_locale/time_put/put/wchar_t/2.cc execution test
FAIL: 22_locale/time_put/put/wchar_t/wrapped_env.cc execution test
FAIL: 22_locale/time_put/put/wchar_t/wrapped_locale.cc execution test
WARNING: program timed out.
FAIL: thread/pthread5.cc execution test

		=== libstdc++ Summary ===

# of expected passes		2080
# of unexpected failures	7
# of expected failures		10

Compiler version: 3.5-tree-ssa 20030923 (merged 20030817) 
Platform: powerpc-unknown-linux-gnu
configure flags: --prefix=/home/cygnus/dnovillo/perf/sbox/tree-ssa-branch/local.ppc64/inst.cure81 --srcdir=/home/cygnus/dnovillo/perf/sbox/tree-ssa-branch/local.ppc64/src --disable-multilib --disable-checking --enable-threads --build=powerpc-linux --host=powerpc-linux --enable-languages=c,c++,f77,f95,java,objc --with-libbanshee


Index Nav: [Date Index] [Subject Index] [Author Index] [Thread Index]
Message Nav: [Date Prev] [Date Next] [Thread Prev] [Thread Next]