This is the mail archive of the
gcc-testresults@gcc.gnu.org
mailing list for the GCC project.
Results for 3.4 20030920 (experimental) testsuite on powerpc-unknown-linux-gnu
- From: Olaf Hering <olh at suse dot de>
- To: gcc-testresults at gcc dot gnu dot org
- Date: Sun, 21 Sep 2003 10:47:34 +0000
- Subject: Results for 3.4 20030920 (experimental) testsuite on powerpc-unknown-linux-gnu
LAST_UPDATED: Sun Sep 21 00:01:03 UTC 2003
Native configuration is powerpc-unknown-linux-gnu
=== g++ tests ===
Running target unix
XPASS: g++.dg/ext/lvalue1.C not an lvalue (test for errors, line 7)
FAIL: g++.dg/ext/pretty1.C scan-assembler top level
FAIL: g++.dg/ext/pretty2.C (test for excess errors)
WARNING: g++.dg/ext/pretty2.C compilation failed to produce executable
FAIL: g++.dg/init/array10.C (test for excess errors)
XPASS: g++.dg/other/packed1.C execution test
FAIL: g++.dg/parse/crash10.C (test for errors, line 14)
XPASS: g++.dg/warn/Wunused-2.C (test for warnings, line 5)
WARNING: g++.old-deja/g++.mike/p10769a.C compilation failed to produce executable
XPASS: g++.old-deja/g++.other/crash31.C (test for bogus messages, line 13)
FAIL: g++.old-deja/g++.other/crash31.C (test for excess errors)
WARNING: g++.old-deja/g++.other/enum5.C compilation failed to produce executable
XPASS: g++.old-deja/g++.other/init5.C execution test
WARNING: g++.old-deja/g++.pt/friend44.C compilation failed to produce executable
=== g++ Summary ===
# of expected passes 8971
# of unexpected failures 5
# of unexpected successes 5
# of expected failures 60
# of unsupported tests 60
/abuild/gcc_cvs_build/obj/obj-gcc34/gcc/testsuite/../g++ version 3.4 20030920 (experimental)
=== g77 tests ===
Running target unix
FAIL: g77.f-torture/execute/980520-1.f compilation, -O0
=== g77 Summary ===
# of expected passes 1752
# of unexpected failures 1
# of untested testcases 1
# of unsupported tests 6
/abuild/gcc_cvs_build/obj/obj-gcc34/gcc/testsuite/../g77 version 3.4 20030920 (experimental)
=== gcc tests ===
Running target unix
FAIL: gcc.c-torture/execute/20030125-1.c execution, -O1
FAIL: gcc.c-torture/execute/20030125-1.c execution, -O2
FAIL: gcc.c-torture/execute/20030125-1.c execution, -O3 -fomit-frame-pointer
FAIL: gcc.c-torture/execute/20030125-1.c execution, -O3 -g
FAIL: gcc.c-torture/execute/20030125-1.c execution, -Os
UNRESOLVED: gcc.c-torture/execute/wchar_t-1.c execution, -O0
UNRESOLVED: gcc.c-torture/execute/wchar_t-1.c execution, -O1
UNRESOLVED: gcc.c-torture/execute/wchar_t-1.c execution, -O2
UNRESOLVED: gcc.c-torture/execute/wchar_t-1.c execution, -O3 -fomit-frame-pointer
UNRESOLVED: gcc.c-torture/execute/wchar_t-1.c execution, -O3 -g
UNRESOLVED: gcc.c-torture/execute/wchar_t-1.c execution, -Os
FAIL: gcc.dg/compat/scalar-by-value-3 c_compat_x_tst.o-c_compat_y_tst.o execute
FAIL: gcc.dg/compat/scalar-return-3 c_compat_x_tst.o-c_compat_y_tst.o execute
FAIL: gcc.dg/20020103-1.c scan-assembler-not LC
FAIL: gcc.dg/20020118-1.c execution test
FAIL: gcc.dg/altivec-5.c (test for excess errors)
FAIL: gcc.dg/builtins-18.c (test for excess errors)
FAIL: gcc.dg/builtins-20.c (test for excess errors)
FAIL: gcc.dg/pack-test-2.c (test for errors, line 6)
FAIL: gcc.dg/pack-test-2.c (test for errors, line 7)
FAIL: gcc.dg/pack-test-2.c (test for errors, line 10)
FAIL: gcc.dg/pack-test-2.c (test for errors, line 14)
FAIL: gcc.dg/pack-test-2.c (test for errors, line 19)
FAIL: gcc.dg/pack-test-2.c (test for errors, line 21)
FAIL: gcc.dg/pack-test-2.c (test for excess errors)
FAIL: gcc.dg/ppc-sdata-1.c scan-assembler sdat@sdarel\\(13\\)
FAIL: gcc.dg/ppc-sdata-1.c scan-assembler sdat2@sda21\\(2\\)
=== gcc Summary ===
# of expected passes 24040
# of unexpected failures 21
# of expected failures 80
# of unresolved testcases 6
# of untested testcases 7
# of unsupported tests 243
/abuild/gcc_cvs_build/obj/obj-gcc34/gcc/xgcc version 3.4 20030920 (experimental)
=== objc tests ===
Running target unix
=== objc Summary ===
# of expected passes 1156
/abuild/gcc_cvs_build/obj/obj-gcc34/gcc/xgcc version 3.4 20030920 (experimental)
=== libffi tests ===
Running target unix
=== libffi Summary ===
# of expected passes 125
# of unsupported tests 2
=== libjava tests ===
Running target unix
FAIL: Array_3 -O3 execution - source compiled test
=== libjava Summary ===
# of expected passes 3095
# of unexpected failures 1
# of expected failures 10
# of untested testcases 9
=== libstdc++ tests ===
Running target unix
=== libstdc++ Summary ===
# of expected passes 2125
# of expected failures 12
Compiler version: 3.4 20030920 (experimental)
Platform: powerpc-unknown-linux-gnu
configure flags: --enable-checking --enable-libgcj --enable-shared --enable-__cxa_atexit --enable-threads --enable-languages=c,c++,f77,java,objc,ada --prefix=/abuild/gcc_cvs_build/obj/install-gcc34 --with-system-zlib
GNU ld version 2.14.90 20030704 (SuSE Linux)
FAIL: gcc.dg/altivec-5.c (test for excess errors)
output is:
/home/foo/src/gcc-head/gcc/testsuite/gcc.dg/altivec-5.c: In function \`foo':
/home/foo/src/gcc-head/gcc/testsuite/gcc.dg/altivec-5.c:12: error: unrecognizable insn:
(insn:HI 5 18 6 0 (set (reg/v:V4SI 120 [ b ])
(mem/f:V4SI (plus:SI (reg/f:SI 67 ap)
(const_int 8 [0x8])) [4 b+0 S16 A128])) -1 (nil)
(nil))
/home/foo/src/gcc-head/gcc/testsuite/gcc.dg/altivec-5.c:12: internal compiler error: in extract_insn, at recog.c:2064
Please submit a full bug report,
with preprocessed source if appropriate.
See <URL:http://gcc.gnu.org/bugs.html> for instructions.
FAIL: gcc.dg/builtins-18.c (test for excess errors)
output is:
/tmp/ccs2yjXa.o(.text+0x7c): In function \`main':
: undefined reference to \`link_error'
/tmp/ccs2yjXa.o(.text+0x84): In function \`main':
: undefined reference to \`link_error'
/tmp/ccs2yjXa.o(.text+0x9c): In function \`main':
: undefined reference to \`link_error'
/tmp/ccs2yjXa.o(.text+0xa4): In function \`main':
: undefined reference to \`link_error'
collect2: ld returned 1 exit status
FAIL: gcc.dg/builtins-20.c (test for excess errors)
output is:
/tmp/ccIMjq0N.o(.text+0xb4): In function \`test1l':
: undefined reference to \`link_error'
/tmp/ccIMjq0N.o(.text+0xcc): In function \`test1l':
: undefined reference to \`link_error'
/tmp/ccIMjq0N.o(.text+0xdc): In function \`test1l':
: undefined reference to \`link_error'
/tmp/ccIMjq0N.o(.text+0xe4): In function \`test1l':
: undefined reference to \`link_error'
/tmp/ccIMjq0N.o(.text+0x1c8): In function \`test1f':
: undefined reference to \`link_error'
/tmp/ccIMjq0N.o(.text+0x1e0): more undefined references to \`link_error' follow
collect2: ld returned 1 exit status
FAIL: gcc.dg/pack-test-2.c (test for errors, line 6)
output is:
/home/foo/src/gcc-head/gcc/testsuite/gcc.dg/pack-test-2.c:0: warning: malformed '#pragma pack(push[, id], <n>)' - ignored
/home/foo/src/gcc-head/gcc/testsuite/gcc.dg/pack-test-2.c:0: warning: #pragma pack (pop) encountered without matching #pragma pack (push, <n>)
/home/foo/src/gcc-head/gcc/testsuite/gcc.dg/pack-test-2.c:0: warning: malformed '#pragma pack(pop[, id])' - ignored
/home/foo/src/gcc-head/gcc/testsuite/gcc.dg/pack-test-2.c:0: warning: #pragma pack(pop, bar) encountered without matching #pragma pack(push, bar, <n>)
/home/foo/src/gcc-head/gcc/testsuite/gcc.dg/pack-test-2.c:0: warning: #pragma pack (pop) encountered without matching #pragma pack (push, <n>)
/home/foo/src/gcc-head/gcc/testsuite/gcc.dg/pack-test-2.c:0: warning: alignment must be a small power of two, not 3
FAIL: g++.dg/ext/pretty2.C (test for excess errors)
output is:
/tmp/ccgk7i4i.o(.text+0x1de): In function \`__static_initialization_and_destruction_0(int, int)':
: undefined reference to \`__PRETTY_FUNCTION__'
/tmp/ccgk7i4i.o(.text+0x1e2): In function \`__static_initialization_and_destruction_0(int, int)':
: undefined reference to \`__PRETTY_FUNCTION__'
/tmp/ccgk7i4i.o(.text+0x242): In function \`__static_initialization_and_destruction_0(int, int)':
: undefined reference to \`__PRETTY_FUNCTION__'
/tmp/ccgk7i4i.o(.text+0x246): In function \`__static_initialization_and_destruction_0(int, int)':
: undefined reference to \`__PRETTY_FUNCTION__'
/tmp/ccgk7i4i.o(.text+0x2a6): In function \`__static_initialization_and_destruction_0(int, int)':
: undefined reference to \`__PRETTY_FUNCTION__'
/tmp/ccgk7i4i.o(.text+0x2aa): more undefined references to \`__PRETTY_FUNCTION__' follow
collect2: ld returned 1 exit status
FAIL: g++.dg/init/array10.C (test for excess errors)
output is:
/home/foo/src/gcc-head/gcc/testsuite/g++.dg/init/array10.C:5: error: ISO C++ forbids compound-literals
FAIL: g++.dg/parse/crash10.C (test for errors, line 14)
output is:
/home/foo/src/gcc-head/gcc/testsuite/g++.dg/parse/crash10.C:12: error: using \`typename' outside of template
/home/foo/src/gcc-head/gcc/testsuite/g++.dg/parse/crash10.C:12: error: using \`typename' outside of template
/home/foo/src/gcc-head/gcc/testsuite/g++.dg/parse/crash10.C:13: error: expected nested-name-specifier
/home/foo/src/gcc-head/gcc/testsuite/g++.dg/parse/crash10.C:13: error: expected unqualified-id
/home/foo/src/gcc-head/gcc/testsuite/g++.dg/parse/crash10.C:13: error: expected \`}'
/home/foo/src/gcc-head/gcc/testsuite/g++.dg/parse/crash10.C:13: error: expected unqualified-id
/home/foo/src/gcc-head/gcc/testsuite/g++.dg/parse/crash10.C:13: error: expected \`,' or \`;'
FAIL: g77.f-torture/execute/980520-1.f compilation, -O0
output is:
/tmp/ccO09upq.o(.text+0x48): In function \`values.0':
: undefined reference to \`val_'
collect2: ld returned 1 exit status