This is the mail archive of the
gcc-testresults@gcc.gnu.org
mailing list for the GCC project.
Results for 3.3.2 20030908 (Debian prerelease) testsuite on i486-pc-linux-gnu
- From: Matthias Klose <doko at auric dot debian dot org>
- To: gcc-testresults at gcc dot gnu dot org
- Cc: debian-gcc at lists dot debian dot org
- Date: Sat, 20 Sep 2003 17:54:13 -0400
- Subject: Results for 3.3.2 20030908 (Debian prerelease) testsuite on i486-pc-linux-gnu
- Reply-to: Matthias Klose <doko at debian dot org>
LAST_UPDATED: Mon Sep 8 19:46:09 UTC 2003
Native configuration is i486-pc-linux-gnu
=== g++ tests ===
Running target unix
FAIL: g++.dg/tls/init-2.C (test for excess errors)
XPASS: g++.other/init5.C Execution test
=== g++ Summary ===
# of expected passes 8129
# of unexpected failures 1
# of unexpected successes 1
# of expected failures 94
# of untested testcases 9
# of unsupported tests 14
/build/rmurray/gcc-3.3-3.3.2ds2/build/gcc/testsuite/../g++ version 3.3.2 20030908 (Debian prerelease)
=== g77 tests ===
Running target unix
=== g77 Summary ===
# of expected passes 1686
# of unsupported tests 8
/build/rmurray/gcc-3.3-3.3.2ds2/build/gcc/testsuite/../g77 version 3.3.2 20030908 (Debian prerelease)
=== gcc tests ===
Running target unix
WARNING: program timed out.
FAIL: gcc.c-torture/unsorted/o.c, -Os
FAIL: gcc.dg/duff-2.c (test for excess errors)
=== gcc Summary ===
# of expected passes 21629
# of unexpected failures 2
# of expected failures 69
# of unsupported tests 85
/build/rmurray/gcc-3.3-3.3.2ds2/build/gcc/xgcc version 3.3.2 20030908 (Debian prerelease)
=== objc tests ===
Running target unix
=== objc Summary ===
# of expected passes 1153
/build/rmurray/gcc-3.3-3.3.2ds2/build/gcc/xgcc version 3.3.2 20030908 (Debian prerelease)
=== treelang tests ===
Running target unix
=== treelang Summary ===
# of expected passes 1
=== libjava tests ===
Running target unix
WARNING: program timed out.
FAIL: SyncTest execution - gij test
WARNING: program timed out.
FAIL: SyncTest execution - gij test
=== libjava Summary ===
# of expected passes 2987
# of unexpected failures 2
# of expected failures 16
# of untested testcases 14
=== libstdc++-v3 check-abi Summary ===
# of added symbols: 0
# of missing symbols: 0
# of incompatible symbols: 0
using: /build/rmurray/gcc-3.3-3.3.2ds2/src/libstdc++-v3/config/abi/i486-linux-gnu/baseline_symbols.txt
=== libstdc++-v3 tests ===
Running target unix
XPASS: 22_locale/collate_byname.cc execution test
XPASS: 22_locale/collate_members_char.cc execution test
XPASS: 22_locale/collate_members_wchar_t.cc execution test
XPASS: 22_locale/ctype_is_char.cc execution test
XPASS: 22_locale/ctype_is_wchar_t.cc execution test
XPASS: 22_locale/members.cc execution test
XPASS: 22_locale/messages_byname.cc execution test
XPASS: 22_locale/messages_members_char.cc execution test
XPASS: 22_locale/moneypunct_byname.cc execution test
XPASS: 22_locale/moneypunct_members_char.cc execution test
XPASS: 22_locale/moneypunct_members_wchar_t.cc execution test
XPASS: 22_locale/numpunct_byname.cc execution test
XPASS: 22_locale/numpunct_members_char.cc execution test
XPASS: 22_locale/numpunct_members_wchar_t.cc execution test
=== libstdc++-v3 Summary ===
# of expected passes 453
# of unexpected successes 14
# of expected failures 14
Compiler version: 3.3.2 20030908 (Debian prerelease)
Platform: i486-pc-linux-gnu
configure flags: --host=i486-linux -v --enable-languages=c,c++,java,f77,pascal,objc,ada,treelang --prefix=/usr --mandir=/usr/share/man --infodir=/usr/share/info --with-gxx-include-dir=/usr/include/c++/3.3 --enable-shared --with-system-zlib --enable-nls --without-included-gettext --enable-__cxa_atexit --enable-clocale=gnu --enable-debug --enable-java-gc=boehm --enable-java-awt=xlib --enable-objc-gc
BOOT_CFLAGS=-g -O2
Build Dependencies:
Desired=Unknown/Install/Remove/Purge/Hold
| Status=Not/Installed/Config-files/Unpacked/Failed-config/Half-installed
|/ Err?=(none)/Hold/Reinst-required/X=both-problems (Status,Err: uppercase=bad)
||/ Name Version Description
+++-==============-==============-============================================
ii binutils 2.14.90.0.6-2 The GNU assembler, linker and binary utiliti
ii libc6-dev 2.3.2-7 GNU C Library: Development Libraries and Hea
Patches that Debian applied in this version:
gcc-names:
versioned gcc names
gcc-version:
Add "(Debian)" to the gcc version string
libstdc++-pic:
Build and install libstdc++_pic.a library.
libstdc++-doclink:
link local libstdc++ documentation to local source-level documentation
gccbug:
Use sensible-editor instead of vi as fallback editor
libtool-rpath:
2003-03-10 Andreas Schwab <schwab at suse dot de>
With the introduction of multi-os-directory the libdir specification in
*.la files have /. appended to \$(libdir). This confuses libtool when it
tries to find out whether to add -rpath, because it only matches literally
against sys_lib_dlsearch_path members. Tested on i386-linux.
mips-branch-fix:
Fix #207915 (PR11716).
Make GCC think that the maximum length of a short branch is
64K instead of 128K. It's a big hammer, but it works.
gcc-unsharing_lhs:
Unsharing lhs (leading to generate an infinite loop with inline
functions).
see: http://gcc.gnu.org/ml/gcc-patches/2003-09/msg00853.html
see: http://gcc.gnu.org/bugzilla/show_bug.cgi?id=12223
test-summary:
add libstdc++-v3's check summary to the test summary
gcj-names:
versioned gcj info names
gcj-without-rpath:
don't define runtime link path for java binaries and libraries
libffi-install:
Allows libffi to be installed
libffi-no-debug:
Do not build libffi with debug information, although configuring
with --enable-debug
deb-protoize:
build protoize/unprotoize by default
libobjc:
Find gc.h header in /usr/include/gc for --enable-objc-gc enabled builds.
g77-names:
versioned g77 names
treelang-names:
Install treelang info pages under versioned name
ada-gcc-name:
use gcc-3.3 instead of gcc and gnatXXX-3.15 instead of gnatXXX
as the command names.
gpc-3.x:
The gpc patch from the gpc tarball.
gpc-names:
versioned gpc names
cpu-default-i486:
generate code for architecture i486, tuned for i686 by default.
reporting:
<compiler> --help gives hint to /usr/share/doc/debian/bug-reporting.txt
autoreconf:
autoreconf several directories for proper mipsen libtool support
Counting all warnings,
there are 397 warnings in stage3 of this bootstrap.
Number of warnings per file:
225 SYSCALLS.c
49 parse.c
44 gcc/gengtype-lex.c
11 gcc/treelang/lex.c
6 ./ffe.texi
5 op14747.c
5 gcc/treelang/parse.c
5 c-p9822.c
4 gcc/p/statements.c
4 gcc/p/lang-specs.h
4 ./intdoc.texi
3 gcc/tlink.c
3 gcc/p/gpc.c
3 gcc/gcc.c
2 insn-conditions.c
2 gengtype-yacc.c
2 gcc/p/rts/endian.pas
2 gcc/objc/lang-specs.h
2 gcc/function.c
2 gcc/f/sta.c
2 gcc/crtstuff.c
1 libiberty/choose-temp.c
1 gt-ada-utils.h
1 gt-ada-decl.h
1 gcc/unwind-pe.h
1 gcc/p/objects.c
1 gcc/p/gpc-lex.c
1 gcc/java/jvspec.c
1 gcc/emit-rtl.c
1 gcc/config/i386/i386.c
1 gcc/collect2.c
1 gcc/ada/tracebak.c
1 ada/b_gnatb.c
Number of warning types:
223 function declaration isn't a prototype
99 traditional C rejects ISO C style function definitions
22 no previous prototype for `???'
13 string length `???' is greater than the length `???' ISO C89 compilers are required to support
6 undefined flag: srcdir.
5 comparison of unsigned expression < 0 is always false
3 comparison between signed and unsigned
3 assignment makes pointer from integer without a cast
2 unlikely character ) in @var.
2 unlikely character ( in @var.
2 traditional C rejects string concatenation
2 statement with no effect
2 signed and unsigned type in conditional expression
2 passing arg ??? of `???' discards qualifiers from pointer target type
2 dereferencing type-punned pointer will break strict-aliasing rules
2 conflicting types for built-in function `???'
1 unused variable `???'
1 unused parameter `???'
1 traditional C ignores #define with the # indented
1 the use of `???' is dangerous, better use `???'
1 initialization makes pointer from integer without a cast
1 implicit declaration of function `???'
1 `???' defined but not used