This is the mail archive of the
gcc-testresults@gcc.gnu.org
mailing list for the GCC project.
Results for 3.5-tree-ssa 20030917 (merged 20030817) testsuite on alphaev67-unknown-linux-gnu
- From: Diego Novillo <dnovillo at dorothy dot sfbay dot redhat dot com>
- To: gcc-testresults at gcc dot gnu dot org
- Date: Wed, 17 Sep 2003 07:03:29 -0700
- Subject: Results for 3.5-tree-ssa 20030917 (merged 20030817) testsuite on alphaev67-unknown-linux-gnu
LAST_UPDATED:
Native configuration is alphaev67-unknown-linux-gnu
=== libjava tests ===
Running target unix
FAIL: ArrayStore execution - gij test
FAIL: ArrayStore execution - gij test
FAIL: ArrayStore2 execution - gij test
FAIL: ArrayStore2 execution - gij test
FAIL: Array_1 execution - gij test
FAIL: Array_1 execution - gij test
FAIL: Array_2 execution - gij test
FAIL: Array_2 execution - gij test
FAIL: Array_3 execution - source compiled test
FAIL: Array_3 execution - gij test
FAIL: Array_3 execution - bytecode->native test
FAIL: Array_3 -O execution - source compiled test
FAIL: Array_3 execution - gij test
FAIL: Array_3 -O execution - bytecode->native test
FAIL: Class_1 execution - gij test
FAIL: Class_1 execution - gij test
FAIL: CompareNaN execution - gij test
FAIL: CompareNaN execution - gij test
FAIL: Divide_1 execution - gij test
FAIL: Divide_1 execution - gij test
FAIL: EvaluationOrder execution - gij test
FAIL: EvaluationOrder execution - gij test
FAIL: FileHandleGcTest execution - gij test
FAIL: FileHandleGcTest execution - gij test
FAIL: Final execution - gij test
FAIL: Final execution - gij test
FAIL: Float_1 execution - gij test
FAIL: Float_1 execution - gij test
FAIL: G19990301_01 execution - gij test
FAIL: G19990301_01 execution - gij test
FAIL: G19990302_02 execution - gij test
FAIL: G19990302_02 execution - gij test
FAIL: G19990303_01 execution - gij test
FAIL: G19990303_01 execution - gij test
FAIL: G19990303_02 execution - gij test
FAIL: G19990303_02 execution - gij test
FAIL: G19990304_01 execution - gij test
FAIL: G19990304_01 execution - gij test
FAIL: G19990310_01 execution - gij test
FAIL: G19990310_01 execution - gij test
FAIL: II execution - gij test
FAIL: II execution - gij test
FAIL: InterfaceDispatch execution - gij test
FAIL: InterfaceDispatch execution - gij test
FAIL: InterfaceDispatch -O execution - bytecode->native test
FAIL: InvokeReturn execution - gij test
FAIL: InvokeReturn execution - gij test
FAIL: Invoke_1 execution - source compiled test
FAIL: Invoke_1 execution - gij test
FAIL: Invoke_1 execution - bytecode->native test
FAIL: Invoke_1 -O execution - source compiled test
FAIL: Invoke_1 execution - gij test
FAIL: Invoke_1 -O execution - bytecode->native test
FAIL: Invoke_2 execution - gij test
FAIL: Invoke_2 execution - gij test
FAIL: KeepInline execution - gij test
FAIL: KeepInline execution - gij test
FAIL: MathBuiltin execution - gij test
FAIL: MathBuiltin execution - gij test
FAIL: Matrix4f execution - gij test
FAIL: Matrix4f execution - gij test
FAIL: N19990310_02 execution - gij test
FAIL: N19990310_02 execution - gij test
FAIL: N19990310_02 -O output - bytecode->native test
FAIL: N19990310_3 execution - gij test
FAIL: N19990310_3 execution - gij test
FAIL: N19990310_4 execution - gij test
FAIL: N19990310_4 execution - gij test
FAIL: N19990310_5 execution - gij test
FAIL: N19990310_5 execution - gij test
FAIL: Overflow execution - gij test
FAIL: Overflow execution - gij test
FAIL: PR141 execution - gij test
FAIL: PR141 output - bytecode->native test
FAIL: PR141 execution - gij test
FAIL: PR141 -O output - bytecode->native test
FAIL: PR160 execution - gij test
FAIL: PR160 execution - gij test
FAIL: PR160 -O execution - bytecode->native test
FAIL: PR162 execution - gij test
FAIL: PR162 execution - gij test
FAIL: PR218 output - source compiled test
FAIL: PR218 execution - gij test
FAIL: PR218 output - bytecode->native test
FAIL: PR218 -O output - source compiled test
FAIL: PR218 execution - gij test
FAIL: PR218 -O output - bytecode->native test
FAIL: PR242 execution - gij test
FAIL: PR242 execution - gij test
FAIL: PR260 execution - gij test
FAIL: PR260 execution - gij test
FAIL: PR3096 execution - gij test
FAIL: PR3096 execution - gij test
FAIL: PR3731 execution - gij test
FAIL: PR3731 execution - gij test
FAIL: PR5057 execution - gij test
FAIL: PR5057 execution - gij test
FAIL: PR5057_2 execution - gij test
FAIL: PR5057_2 execution - gij test
FAIL: PR55 execution - gij test
FAIL: PR55 execution - gij test
FAIL: PR56 execution - gij test
FAIL: PR56 execution - gij test
FAIL: PR6085 execution - gij test
FAIL: PR6085 execution - gij test
FAIL: PR6204 execution - gij test
FAIL: PR6204 execution - gij test
FAIL: PR6729 execution - gij test
FAIL: PR6729 execution - gij test
FAIL: PR6820 execution - gij test
FAIL: PR6820 execution - gij test
FAIL: PR7482 execution - gij test
FAIL: PR7482 execution - gij test
FAIL: Shazam execution - gij test
FAIL: Shazam execution - gij test
FAIL: StaticConstructor execution - gij test
FAIL: StaticConstructor execution - gij test
FAIL: StringBuffer_1 execution - gij test
FAIL: StringBuffer_1 execution - gij test
FAIL: SyncGlobal execution - gij test
FAIL: SyncGlobal execution - gij test
FAIL: SyncGlobal -O execution - bytecode->native test
WARNING: program timed out.
FAIL: SyncTest execution - source compiled test
FAIL: SyncTest execution - gij test
WARNING: program timed out.
FAIL: SyncTest execution - bytecode->native test
=== libjava Summary ===
# of expected passes 1276
# of unexpected failures 125
# of expected failures 8
# of untested testcases 126
=== libmudflap tests ===
Running target unix
FAIL: libmudflap.c/pass-stratcliff.c execution test
FAIL: libmudflap.c/pass-stratcliff.c (-static) execution test
FAIL: libmudflap.c/pass-stratcliff.c (-O2) execution test
FAIL: libmudflap.c/pass-stratcliff.c (-O3) execution test
FAIL: libmudflap.c++/fail24-frag.cxx (-O3) output pattern test
FAIL: libmudflap.c++/pass28-frag.cxx (-O3) execution test
FAIL: libmudflap.c++/pass31-frag.cxx (-O3) execution test
=== libmudflap Summary ===
# of expected passes 981
# of unexpected failures 7
=== libstdc++-v3 check-abi Summary ===
# of added symbols: 162
# of missing symbols: 176
# of incompatible symbols: 180
=== libstdc++ tests ===
Running target unix
FAIL: 22_locale/codecvt/encoding/wchar_t/wrapped_locale.cc execution test
FAIL: 22_locale/codecvt/max_length/wchar_t/wrapped_locale.cc execution test
FAIL: 22_locale/collate/transform/char/2.cc execution test
FAIL: 22_locale/collate/transform/char/3.cc execution test
FAIL: 22_locale/collate/transform/char/wrapped_env.cc execution test
FAIL: 22_locale/collate/transform/char/wrapped_locale.cc execution test
FAIL: 22_locale/collate/transform/wchar_t/3.cc execution test
FAIL: 22_locale/collate_byname/1.cc execution test
FAIL: 22_locale/ctype/widen/wchar_t/2.cc execution test
FAIL: 22_locale/num_get/get/char/wrapped_locale.cc execution test
FAIL: 26_numerics/fabs_inline.cc (test for excess errors)
WARNING: 26_numerics/fabs_inline.cc compilation failed to produce executable
FAIL: 27_io/basic_filebuf/underflow/wchar_t/9520.cc execution test
=== libstdc++ Summary ===
# of expected passes 2074
# of unexpected failures 12
# of expected failures 10
=== g++ tests ===
Running target unix
FAIL: g++.dg/ext/label3.C (test for excess errors)
WARNING: g++.dg/ext/label3.C compilation failed to produce executable
FAIL: g++.dg/ext/pretty1.C scan-assembler top level
FAIL: g++.dg/ext/pretty2.C (test for excess errors)
WARNING: g++.dg/ext/pretty2.C compilation failed to produce executable
FAIL: g++.dg/ext/stmtexpr1.C (test for excess errors)
WARNING: g++.dg/ext/stmtexpr1.C compilation failed to produce executable
FAIL: g++.dg/init/array10.C (test for excess errors)
FAIL: g++.dg/opt/inline4.C (test for excess errors)
ERROR: g++.dg/opt/inline4.C: error executing dg-final: couldn't open "inline4.s": no such file or directory
UNRESOLVED: g++.dg/opt/inline4.C: error executing dg-final: couldn't open "inline4.s": no such file or directory
FAIL: g++.dg/template/error2.C (test for excess errors)
FAIL: g++.dg/template/warn1.C (test for excess errors)
FAIL: 23:is 2:should be 1
FAIL: g++.dg/gcov/gcov-2.C gcov: 1 failures in line counts, 0 in branch percentages, 0 in return percentages
FAIL: g++.old-deja/g++.brendan/crash13.C (test for errors, line 34)
FAIL: g++.old-deja/g++.brendan/crash13.C (test for excess errors)
FAIL: g++.old-deja/g++.brendan/crash30.C (test for excess errors)
FAIL: g++.old-deja/g++.bugs/900205_03.C (test for errors, line 21)
FAIL: g++.old-deja/g++.bugs/900205_03.C (test for errors, line 24)
FAIL: g++.old-deja/g++.bugs/900205_03.C (test for errors, line 44)
FAIL: g++.old-deja/g++.bugs/900205_03.C (test for errors, line 47)
FAIL: g++.old-deja/g++.bugs/900205_03.C (test for excess errors)
FAIL: g++.old-deja/g++.law/friend5.C (test for errors, line 19)
FAIL: g++.old-deja/g++.law/friend5.C (test for errors, line 24)
FAIL: g++.old-deja/g++.law/friend5.C (test for excess errors)
WARNING: g++.old-deja/g++.mike/p10769a.C compilation failed to produce executable
FAIL: g++.old-deja/g++.mike/p646.C (test for warnings, line 104)
FAIL: g++.old-deja/g++.mike/p646.C (test for warnings, line 112)
FAIL: g++.old-deja/g++.mike/p646.C (test for warnings, line 120)
FAIL: g++.old-deja/g++.mike/p646.C (test for warnings, line 127)
FAIL: g++.old-deja/g++.mike/p646.C (test for warnings, line 133)
FAIL: g++.old-deja/g++.mike/p646.C (test for excess errors)
WARNING: g++.old-deja/g++.other/enum5.C compilation failed to produce executable
FAIL: g++.old-deja/g++.other/vaarg3.C (test for errors, line 23)
FAIL: g++.old-deja/g++.other/vaarg3.C (test for errors, line 26)
WARNING: g++.old-deja/g++.pt/friend44.C compilation failed to produce executable
=== g++ Summary ===
# of expected passes 8814
# of unexpected failures 29
# of expected failures 65
# of unresolved testcases 1
# of unsupported tests 57
/dorothy/dnovillo/sbox/tree-ssa-branch/bld.dorothy/gcc/testsuite/../g++ version 3.5-tree-ssa 20030917 (merged 20030817)
=== g77 tests ===
Running target unix
FAIL: g77.f-torture/execute/980520-1.f compilation, -O0
=== g77 Summary ===
# of expected passes 1746
# of unexpected failures 1
# of untested testcases 1
# of unsupported tests 6
/dorothy/dnovillo/sbox/tree-ssa-branch/bld.dorothy/gcc/testsuite/../g77 version 3.5-tree-ssa 20030917 (merged 20030817)
=== gcc tests ===
Running target unix
FAIL: gcc.c-torture/execute/20000603-1.c execution, -O3 -fomit-frame-pointer
FAIL: gcc.c-torture/execute/20000603-1.c execution, -O3 -g
FAIL: gcc.c-torture/execute/20030330-1.c compilation, -O0
UNRESOLVED: gcc.c-torture/execute/20030330-1.c execution, -O0
XPASS: gcc.c-torture/execute/930529-1.c execution, -O3 -fomit-frame-pointer
XPASS: gcc.c-torture/execute/930529-1.c execution, -O3 -fomit-frame-pointer -funroll-loops
XPASS: gcc.c-torture/execute/930529-1.c execution, -O3 -fomit-frame-pointer -funroll-all-loops -finline-functions
XPASS: gcc.c-torture/execute/930529-1.c execution, -O3 -g
FAIL: gcc.c-torture/execute/simd-2.c execution, -O3 -fomit-frame-pointer
FAIL: gcc.c-torture/execute/simd-2.c execution, -O3 -g
FAIL: gcc.c-torture/execute/string-opt-7.c execution, -O1
FAIL: gcc.c-torture/execute/string-opt-7.c execution, -O2
FAIL: gcc.c-torture/execute/string-opt-7.c execution, -O3 -fomit-frame-pointer
FAIL: gcc.c-torture/execute/string-opt-7.c execution, -O3 -g
FAIL: gcc.c-torture/execute/string-opt-7.c execution, -Os
UNRESOLVED: gcc.c-torture/execute/wchar_t-1.c execution, -O0
UNRESOLVED: gcc.c-torture/execute/wchar_t-1.c execution, -O1
UNRESOLVED: gcc.c-torture/execute/wchar_t-1.c execution, -O2
UNRESOLVED: gcc.c-torture/execute/wchar_t-1.c execution, -O3 -fomit-frame-pointer
UNRESOLVED: gcc.c-torture/execute/wchar_t-1.c execution, -O3 -g
UNRESOLVED: gcc.c-torture/execute/wchar_t-1.c execution, -Os
FAIL: gcc.dg/compat/vector-1 c_compat_x_tst.o compile
FAIL: gcc.dg/compat/vector-1 c_compat_y_tst.o compile
UNRESOLVED: gcc.dg/compat/vector-1 c_compat_x_tst.o-c_compat_y_tst.o link
UNRESOLVED: gcc.dg/compat/vector-1 c_compat_x_tst.o-c_compat_y_tst.o execute
FAIL: gcc.dg/compat/vector-2 c_compat_x_tst.o compile
FAIL: gcc.dg/compat/vector-2 c_compat_y_tst.o compile
UNRESOLVED: gcc.dg/compat/vector-2 c_compat_x_tst.o-c_compat_y_tst.o link
UNRESOLVED: gcc.dg/compat/vector-2 c_compat_x_tst.o-c_compat_y_tst.o execute
FAIL: gcc.dg/cpp/cmdlne-M.c (test for excess errors)
FAIL: gcc.dg/cpp/cmdlne-dD-M.c (test for excess errors)
ERROR: gcc.dg/cpp/cmdlne-dD-M.c: error executing dg-final: couldn't open "cmdlne-dD-M.i": no such file or directory
UNRESOLVED: gcc.dg/cpp/cmdlne-dD-M.c: error executing dg-final: couldn't open "cmdlne-dD-M.i": no such file or directory
FAIL: gcc.dg/cpp/cmdlne-dI-M.c (test for excess errors)
ERROR: gcc.dg/cpp/cmdlne-dI-M.c: error executing dg-final: couldn't open "cmdlne-dI-M.i": no such file or directory
UNRESOLVED: gcc.dg/cpp/cmdlne-dI-M.c: error executing dg-final: couldn't open "cmdlne-dI-M.i": no such file or directory
FAIL: gcc.dg/cpp/cmdlne-dM-M.c (test for excess errors)
ERROR: gcc.dg/cpp/cmdlne-dM-M.c: error executing dg-final: couldn't open "cmdlne-dM-M.i": no such file or directory
UNRESOLVED: gcc.dg/cpp/cmdlne-dM-M.c: error executing dg-final: couldn't open "cmdlne-dM-M.i": no such file or directory
FAIL: gcc.dg/cpp/cmdlne-dN-M.c (test for excess errors)
ERROR: gcc.dg/cpp/cmdlne-dN-M.c: error executing dg-final: couldn't open "cmdlne-dN-M.i": no such file or directory
UNRESOLVED: gcc.dg/cpp/cmdlne-dN-M.c: error executing dg-final: couldn't open "cmdlne-dN-M.i": no such file or directory
FAIL: gcc.dg/20010516-1.c (test for excess errors)
FAIL: gcc.dg/20030331-2.c (test for excess errors)
FAIL: gcc.dg/20030711-1.c execution test
FAIL: gcc.dg/Wpadded.c (test for excess errors)
FAIL: gcc.dg/Wunreachable-4.c (test for excess errors)
FAIL: gcc.dg/asm-6.c (test for errors, line 5)
FAIL: gcc.dg/asm-7.c (test for warnings, line 12)
FAIL: gcc.dg/asm-7.c (test for warnings, line 15)
FAIL: gcc.dg/asm-7.c (test for warnings, line 16)
FAIL: gcc.dg/asm-7.c (test for warnings, line 25)
FAIL: gcc.dg/asm-7.c (test for excess errors)
WARNING: program timed out.
ERROR: gcc.dg/attr-noinline.c: error executing dg-final: couldn't open "attr-noinline.s": no such file or directory
UNRESOLVED: gcc.dg/attr-noinline.c: error executing dg-final: couldn't open "attr-noinline.s": no such file or directory
FAIL: gcc.dg/builtins-10.c (test for excess errors)
FAIL: gcc.dg/builtins-26.c (test for excess errors)
FAIL: gcc.dg/builtins-7.c (test for excess errors)
FAIL: gcc.dg/cleanup-1.c (test for excess errors)
FAIL: gcc.dg/cleanup-8.c execution test
FAIL: gcc.dg/cleanup-9.c execution test
FAIL: gcc.dg/intermod-1.c scan-assembler-not foo[1-9]\\.
FAIL: gcc.dg/noreturn-1.c detect noreturn candidate (test for warnings, line 31)
FAIL: gcc.dg/noreturn-1.c detect return from noreturn (test for warnings, line 38)
FAIL: gcc.dg/noreturn-1.c detect return from tail call (test for warnings, line 59)
FAIL: gcc.dg/noreturn-1.c (test for excess errors)
FAIL: gcc.dg/noreturn-4.c warn for main (test for warnings, line 10)
FAIL: gcc.dg/noreturn-4.c (test for excess errors)
FAIL: gcc.dg/return-type-3.c warning for falling off end of non-void function (test for warnings, line 14)
FAIL: gcc.dg/return-type-3.c (test for excess errors)
XPASS: gcc.dg/uninit-2.c uninitialized variable warning (test for bogus messages, line 28)
XPASS: gcc.dg/uninit-4.c uninitialized variable warning (test for bogus messages, line 26)
XPASS: gcc.dg/uninit-5.c uninitialized variable warning (test for bogus messages, line 13)
XPASS: gcc.dg/uninit-5.c uninitialized variable warning (test for bogus messages, line 27)
XPASS: gcc.dg/uninit-8.c uninitialized variable warning (test for bogus messages, line 14)
FAIL: gcc.dg/uninit-A.c uninitialized variable warning (test for bogus messages, line 52)
FAIL: gcc.dg/uninit-A.c uninitialized variable warning (test for bogus messages, line 53)
FAIL: gcc.dg/warn-1.c (test for warnings, line 8)
FAIL: gcc.dg/warn-1.c (test for warnings, line 15)
FAIL: gcc.dg/warn-1.c (test for excess errors)
FAIL: gcc.dg/tree-ssa/20030708-1.c scan-tree-dump-times if 1
FAIL: gcc.dg/tree-ssa/20030714-2.c scan-tree-dump-times if 3
FAIL: gcc.dg/tree-ssa/20030730-1.c (test for excess errors)
FAIL: gcc.dg/tree-ssa/20030730-2.c (test for excess errors)
FAIL: gcc.dg/tree-ssa/20030731-1.c scan-tree-dump-times target.*!= 0 0
FAIL: gcc.dg/tree-ssa/20030807-2.c scan-tree-dump-times if 0
FAIL: gcc.dg/tree-ssa/20030807-7.c scan-tree-dump-times if 1
FAIL: gcc.dg/tree-ssa/20030807-8.c scan-tree-dump-times if 2
FAIL: gcc.dg/tree-ssa/20030808-1.c scan-tree-dump-times if 1
FAIL: gcc.dg/tree-ssa/20030814-5.c scan-tree-dump-times pointer_alias_set 1
FAIL: gcc.dg/tree-ssa/20030814-6.c scan-tree-dump-times common.code 1
FAIL: gcc.dg/tree-ssa/20030815-1.c scan-tree-dump-times \\(struct rtx_def \\* \\*\\) 0
FAIL: gcc.dg/tree-ssa/20030824-2.c scan-tree-dump-times return y \\+ x 1
FAIL: gcc.dg/tree-ssa/ssa-ccp-2.c scan-tree-dump-times link_error 0
FAIL: gcc.dg/tree-ssa/ssa-ccp-3.c scan-tree-dump-times link_error 0
FAIL: gcc.dg/tree-ssa/ssa-ccp-4.c scan-tree-dump-times link_error 0
FAIL: gcc.dg/tree-ssa/ssa-ccp-5.c scan-tree-dump-times link_error 0
FAIL: gcc.dg/tree-ssa/ssa-ccp-6.c scan-tree-dump-times link_error 0
FAIL: gcc.dg/tree-ssa/ssa-ccp-8.c scan-tree-dump-times link_error 0
=== gcc Summary ===
# of expected passes 24017
# of unexpected failures 69
# of unexpected successes 9
# of expected failures 75
# of unresolved testcases 16
# of unsupported tests 251
/dorothy/dnovillo/sbox/tree-ssa-branch/bld.dorothy/gcc/xgcc version 3.5-tree-ssa 20030917 (merged 20030817)
=== gfortran tests ===
Running target unix
FAIL: gfortran.fortran-torture/execute/contained.f90 execution, -O1
FAIL: gfortran.fortran-torture/execute/contained.f90 execution, -O2
FAIL: gfortran.fortran-torture/execute/contained.f90 execution, -O2 -fomit-frame-pointer -finline-functions
FAIL: gfortran.fortran-torture/execute/contained.f90 execution, -O2 -fomit-frame-pointer -finline-functions -funroll-loops
FAIL: gfortran.fortran-torture/execute/contained.f90 execution, -O2 -fomit-frame-pointer -finline-functions -funroll-all-loops
FAIL: gfortran.fortran-torture/execute/contained.f90 execution, -O2 -fno-repack-arrays
FAIL: gfortran.fortran-torture/execute/contained.f90 execution, -O2 -fg77-calls
FAIL: gfortran.fortran-torture/execute/contained.f90 execution, -O3 -g
FAIL: gfortran.fortran-torture/execute/contained.f90 execution, -Os
FAIL: gfortran.fortran-torture/execute/forall_3.f90 execution, -O0
FAIL: gfortran.fortran-torture/execute/forall_3.f90 execution, -O1
FAIL: gfortran.fortran-torture/execute/forall_3.f90 execution, -O2
FAIL: gfortran.fortran-torture/execute/forall_3.f90 execution, -O2 -fomit-frame-pointer -finline-functions
FAIL: gfortran.fortran-torture/execute/forall_3.f90 execution, -O2 -fomit-frame-pointer -finline-functions -funroll-loops
FAIL: gfortran.fortran-torture/execute/forall_3.f90 execution, -O2 -fomit-frame-pointer -finline-functions -funroll-all-loops
FAIL: gfortran.fortran-torture/execute/forall_3.f90 execution, -O2 -fno-repack-arrays
FAIL: gfortran.fortran-torture/execute/forall_3.f90 execution, -O2 -fg77-calls
FAIL: gfortran.fortran-torture/execute/forall_3.f90 execution, -O3 -g
FAIL: gfortran.fortran-torture/execute/forall_3.f90 execution, -Os
FAIL: gfortran.fortran-torture/execute/intrinsic_abs.f90 execution, -O0
FAIL: gfortran.fortran-torture/execute/intrinsic_abs.f90 execution, -O1
FAIL: gfortran.fortran-torture/execute/intrinsic_abs.f90 execution, -O2
FAIL: gfortran.fortran-torture/execute/intrinsic_abs.f90 execution, -O2 -fomit-frame-pointer -finline-functions
FAIL: gfortran.fortran-torture/execute/intrinsic_abs.f90 execution, -O2 -fomit-frame-pointer -finline-functions -funroll-loops
FAIL: gfortran.fortran-torture/execute/intrinsic_abs.f90 execution, -O2 -fomit-frame-pointer -finline-functions -funroll-all-loops
FAIL: gfortran.fortran-torture/execute/intrinsic_abs.f90 execution, -O2 -fno-repack-arrays
FAIL: gfortran.fortran-torture/execute/intrinsic_abs.f90 execution, -O2 -fg77-calls
FAIL: gfortran.fortran-torture/execute/intrinsic_abs.f90 execution, -O3 -g
FAIL: gfortran.fortran-torture/execute/intrinsic_abs.f90 execution, -Os
FAIL: gfortran.fortran-torture/execute/intrinsic_fraction_exponent.f90 execution, -O0
FAIL: gfortran.fortran-torture/execute/intrinsic_fraction_exponent.f90 execution, -O1
FAIL: gfortran.fortran-torture/execute/intrinsic_fraction_exponent.f90 execution, -O2
FAIL: gfortran.fortran-torture/execute/intrinsic_fraction_exponent.f90 execution, -O2 -fomit-frame-pointer -finline-functions
FAIL: gfortran.fortran-torture/execute/intrinsic_fraction_exponent.f90 execution, -O2 -fomit-frame-pointer -finline-functions -funroll-loops
FAIL: gfortran.fortran-torture/execute/intrinsic_fraction_exponent.f90 execution, -O2 -fomit-frame-pointer -finline-functions -funroll-all-loops
FAIL: gfortran.fortran-torture/execute/intrinsic_fraction_exponent.f90 execution, -O2 -fno-repack-arrays
FAIL: gfortran.fortran-torture/execute/intrinsic_fraction_exponent.f90 execution, -O2 -fg77-calls
FAIL: gfortran.fortran-torture/execute/intrinsic_fraction_exponent.f90 execution, -O3 -g
FAIL: gfortran.fortran-torture/execute/intrinsic_fraction_exponent.f90 execution, -Os
FAIL: gfortran.fortran-torture/execute/intrinsic_nearest.f90 execution, -O0
FAIL: gfortran.fortran-torture/execute/intrinsic_nearest.f90 execution, -O1
FAIL: gfortran.fortran-torture/execute/intrinsic_nearest.f90 execution, -O2
FAIL: gfortran.fortran-torture/execute/intrinsic_nearest.f90 execution, -O2 -fomit-frame-pointer -finline-functions
FAIL: gfortran.fortran-torture/execute/intrinsic_nearest.f90 execution, -O2 -fomit-frame-pointer -finline-functions -funroll-loops
FAIL: gfortran.fortran-torture/execute/intrinsic_nearest.f90 execution, -O2 -fomit-frame-pointer -finline-functions -funroll-all-loops
FAIL: gfortran.fortran-torture/execute/intrinsic_nearest.f90 execution, -O2 -fno-repack-arrays
FAIL: gfortran.fortran-torture/execute/intrinsic_nearest.f90 execution, -O2 -fg77-calls
FAIL: gfortran.fortran-torture/execute/intrinsic_nearest.f90 execution, -O3 -g
FAIL: gfortran.fortran-torture/execute/intrinsic_nearest.f90 execution, -Os
FAIL: gfortran.fortran-torture/execute/intrinsic_spacing.f90 execution, -O0
FAIL: gfortran.fortran-torture/execute/intrinsic_spacing.f90 execution, -O1
FAIL: gfortran.fortran-torture/execute/intrinsic_spacing.f90 execution, -O2
FAIL: gfortran.fortran-torture/execute/intrinsic_spacing.f90 execution, -O2 -fomit-frame-pointer -finline-functions
FAIL: gfortran.fortran-torture/execute/intrinsic_spacing.f90 execution, -O2 -fomit-frame-pointer -finline-functions -funroll-loops
FAIL: gfortran.fortran-torture/execute/intrinsic_spacing.f90 execution, -O2 -fomit-frame-pointer -finline-functions -funroll-all-loops
FAIL: gfortran.fortran-torture/execute/intrinsic_spacing.f90 execution, -O2 -fno-repack-arrays
FAIL: gfortran.fortran-torture/execute/intrinsic_spacing.f90 execution, -O2 -fg77-calls
FAIL: gfortran.fortran-torture/execute/intrinsic_spacing.f90 execution, -O3 -g
FAIL: gfortran.fortran-torture/execute/intrinsic_spacing.f90 execution, -Os
FAIL: gfortran.fortran-torture/execute/power.f90 execution, -O0
FAIL: gfortran.fortran-torture/execute/power.f90 execution, -O1
FAIL: gfortran.fortran-torture/execute/power.f90 execution, -O2
FAIL: gfortran.fortran-torture/execute/power.f90 execution, -O2 -fomit-frame-pointer -finline-functions
FAIL: gfortran.fortran-torture/execute/power.f90 execution, -O2 -fomit-frame-pointer -finline-functions -funroll-loops
FAIL: gfortran.fortran-torture/execute/power.f90 execution, -O2 -fomit-frame-pointer -finline-functions -funroll-all-loops
FAIL: gfortran.fortran-torture/execute/power.f90 execution, -O2 -fno-repack-arrays
FAIL: gfortran.fortran-torture/execute/power.f90 execution, -O2 -fg77-calls
FAIL: gfortran.fortran-torture/execute/power.f90 execution, -O3 -g
FAIL: gfortran.fortran-torture/execute/power.f90 execution, -Os
FAIL: gfortran.fortran-torture/execute/where_3.f90 compilation, -O1
FAIL: gfortran.fortran-torture/execute/where_3.f90 compilation, -O2
FAIL: gfortran.fortran-torture/execute/where_3.f90 compilation, -O2 -fomit-frame-pointer -finline-functions
FAIL: gfortran.fortran-torture/execute/where_3.f90 compilation, -O2 -fomit-frame-pointer -finline-functions -funroll-loops
FAIL: gfortran.fortran-torture/execute/where_3.f90 compilation, -O2 -fomit-frame-pointer -finline-functions -funroll-all-loops
FAIL: gfortran.fortran-torture/execute/where_3.f90 compilation, -O2 -fno-repack-arrays
FAIL: gfortran.fortran-torture/execute/where_3.f90 compilation, -O2 -fg77-calls
FAIL: gfortran.fortran-torture/execute/where_3.f90 compilation, -O3 -g
FAIL: gfortran.fortran-torture/execute/where_3.f90 compilation, -Os
=== gfortran Summary ===
# of expected passes 1943
# of unexpected failures 78
# of untested testcases 9
/dorothy/dnovillo/sbox/tree-ssa-branch/bld.dorothy/gcc/testsuite/../gfortran version 3.5-tree-ssa 20030917 (merged 20030817)
=== objc tests ===
Running target unix
=== objc Summary ===
# of expected passes 1156
/dorothy/dnovillo/sbox/tree-ssa-branch/bld.dorothy/gcc/xgcc version 3.5-tree-ssa 20030917 (merged 20030817)
Compiler version: 3.5-tree-ssa 20030917 (merged 20030817)
Platform: alphaev67-unknown-linux-gnu
configure flags: --prefix=/home/cygnus/dnovillo/perf/sbox/tree-ssa-branch/local.alpha/inst.dorothy --srcdir=/home/cygnus/dnovillo/perf/sbox/tree-ssa-branch/local.alpha/src --disable-multilib --disable-checking --enable-threads --enable-languages=c,c++,f77,f95,java,objc --with-libbanshee