This is the mail archive of the
gcc-testresults@gcc.gnu.org
mailing list for the GCC project.
Results for 3.4 20030916 (experimental) testsuite on i686-pc-linux-gnu
- From: hjl at gnu-1 dot sc dot intel dot com (H.J. Lu)
- To: gcc-testresults at gcc dot gnu dot org
- Date: Tue, 16 Sep 2003 11:49:03 -0700 (PDT)
- Subject: Results for 3.4 20030916 (experimental) testsuite on i686-pc-linux-gnu
LAST_UPDATED: Tue Sep 16 15:57:49 UTC 2003
Native configuration is i686-pc-linux-gnu
=== g77 tests ===
Running target unix
FAIL: g77.f-torture/execute/980520-1.f compilation, -O0
=== g77 Summary ===
# of expected passes 1764
# of unexpected failures 1
# of untested testcases 1
/export/build/gnu/gcc/build-pentium4-linux/gcc/testsuite/../g77 version 3.4 20030916 (experimental)
=== gcc tests ===
Running target unix
UNRESOLVED: gcc.c-torture/execute/wchar_t-1.c execution, -O0
UNRESOLVED: gcc.c-torture/execute/wchar_t-1.c execution, -O1
UNRESOLVED: gcc.c-torture/execute/wchar_t-1.c execution, -O2
UNRESOLVED: gcc.c-torture/execute/wchar_t-1.c execution, -O3 -fomit-frame-pointer
UNRESOLVED: gcc.c-torture/execute/wchar_t-1.c execution, -O3 -g
UNRESOLVED: gcc.c-torture/execute/wchar_t-1.c execution, -Os
FAIL: gcc.dg/pack-test-2.c (test for errors, line 6)
FAIL: gcc.dg/pack-test-2.c (test for errors, line 7)
FAIL: gcc.dg/pack-test-2.c (test for errors, line 10)
FAIL: gcc.dg/pack-test-2.c (test for errors, line 14)
FAIL: gcc.dg/pack-test-2.c (test for errors, line 19)
FAIL: gcc.dg/pack-test-2.c (test for errors, line 21)
FAIL: gcc.dg/pack-test-2.c (test for excess errors)
=== gcc Summary ===
# of expected passes 23615
# of unexpected failures 7
# of expected failures 81
# of unresolved testcases 6
# of untested testcases 7
# of unsupported tests 145
/export/build/gnu/gcc/build-pentium4-linux/gcc/xgcc version 3.4 20030916 (experimental)
=== g++ tests ===
Running target unix
XPASS: g++.dg/ext/lvalue1.C not an lvalue (test for errors, line 7)
FAIL: g++.dg/ext/pretty1.C scan-assembler top level
FAIL: g++.dg/ext/pretty2.C (test for excess errors)
WARNING: g++.dg/ext/pretty2.C compilation failed to produce executable
FAIL: g++.dg/init/array10.C (test for excess errors)
FAIL: g++.dg/parse/crash10.C (test for errors, line 14)
XPASS: g++.dg/warn/Wunused-2.C (test for warnings, line 5)
WARNING: g++.old-deja/g++.mike/p10769a.C compilation failed to produce executable
XPASS: g++.old-deja/g++.other/crash31.C (test for bogus messages, line 13)
FAIL: g++.old-deja/g++.other/crash31.C (test for excess errors)
WARNING: g++.old-deja/g++.other/enum5.C compilation failed to produce executable
WARNING: g++.old-deja/g++.pt/friend44.C compilation failed to produce executable
=== g++ Summary ===
# of expected passes 9017
# of unexpected failures 5
# of unexpected successes 3
# of expected failures 61
# of unsupported tests 29
/export/build/gnu/gcc/build-pentium4-linux/gcc/testsuite/../g++ version 3.4 20030916 (experimental)
=== objc tests ===
Running target unix
=== objc Summary ===
# of expected passes 1156
/export/build/gnu/gcc/build-pentium4-linux/gcc/xgcc version 3.4 20030916 (experimental)
=== libffi tests ===
Running target unix
FAIL: libffi.call/cls_1_1byte.c execution test
FAIL: libffi.call/cls_2byte.c execution test
FAIL: libffi.call/cls_3_1byte.c execution test
FAIL: libffi.call/cls_5byte.c execution test
FAIL: libffi.call/cls_6byte.c execution test
=== libffi Summary ===
# of expected passes 115
# of unexpected failures 5
# of unsupported tests 2
=== libjava tests ===
Running target unix
=== libjava Summary ===
# of expected passes 3092
# of expected failures 10
# of untested testcases 8
=== libstdc++-v3 check-abi Summary ===
# of added symbols: 131
# of missing symbols: 192
# of incompatible symbols: 196
=== libstdc++ tests ===
Running target unix
=== libstdc++ Summary ===
Compiler version: 3.4 20030916 (experimental)
Platform: i686-pc-linux-gnu
configure flags: --enable-clocale=gnu --with-system-zlib --enable-shared --enable-threads=posix --enable-haifa --disable-checking --prefix=/usr/gcc-3.4 --with-local-prefix=/usr/local