This is the mail archive of the
gcc-testresults@gcc.gnu.org
mailing list for the GCC project.
Results for 3.4 20030916 (experimental) testsuite on i686-pc-linux-gnu
- From: Christian Joensson <c dot christian dot joensson at comhem dot se>
- To: gcc-testresults at gcc dot gnu dot org
- Date: Tue, 16 Sep 2003 14:49:14 +0200
- Subject: Results for 3.4 20030916 (experimental) testsuite on i686-pc-linux-gnu
Red Hat Linux 9 (Shrike) ia32 dual pentium III i686:
binutils-2.13.90.0.18-9
bison-1.35-6
dejagnu-1.4.2-10
expect-5.38.0-88
gcc-3.2.2-5
glibc-2.3.2-27.9
glibc-kernheaders-2.4-8.10
kernel-smp-2.4.20-20.9
tcl-8.3.5-88
LAST_UPDATED: Tue Sep 16 06:59:26 UTC 2003
Native configuration is i686-pc-linux-gnu
=== g77 tests ===
Running target unix/-fPIC
FAIL: g77.f-torture/execute/980520-1.f compilation, -O0
=== g77 Summary for unix/-fPIC ===
# of expected passes 1764
# of unexpected failures 1
# of untested testcases 1
Running target unix
ERROR: tcl error sourcing /usr/local/src/trunk/gcc/gcc/testsuite/g77.dg/dg.exp.
ERROR: couldn't compile regular expression pattern: parentheses () not balanced
FAIL: g77.f-torture/execute/980520-1.f compilation, -O0
=== g77 Summary for unix ===
# of expected passes 1250
# of unexpected failures 1
# of untested testcases 1
=== g77 Summary ===
# of expected passes 3014
# of unexpected failures 2
# of untested testcases 2
/usr/local/src/trunk/objdir/gcc/testsuite/../g77 version 3.4 20030916 (experimental)
=== gcc tests ===
Running target unix/-fPIC
FAIL: gcc.c-torture/compile/20000804-1.c (test for excess errors)
FAIL: gcc.c-torture/compile/20000804-1.c (test for excess errors)
WARNING: program timed out.
FAIL: gcc.c-torture/compile/20001226-1.c (test for excess errors)
WARNING: program timed out.
FAIL: gcc.c-torture/compile/20001226-1.c (test for excess errors)
WARNING: program timed out.
FAIL: gcc.c-torture/compile/20001226-1.c (test for excess errors)
WARNING: program timed out.
FAIL: gcc.c-torture/compile/20001226-1.c (test for excess errors)
WARNING: program timed out.
FAIL: gcc.c-torture/compile/20001226-1.c (test for excess errors)
FAIL: gcc.c-torture/execute/ffs-2.c compilation, -O0
UNRESOLVED: gcc.c-torture/execute/ffs-2.c execution, -O0
FAIL: gcc.c-torture/execute/ffs-2.c compilation, -O1
UNRESOLVED: gcc.c-torture/execute/ffs-2.c execution, -O1
FAIL: gcc.c-torture/execute/ffs-2.c compilation, -O2
UNRESOLVED: gcc.c-torture/execute/ffs-2.c execution, -O2
FAIL: gcc.c-torture/execute/ffs-2.c compilation, -O3 -fomit-frame-pointer
UNRESOLVED: gcc.c-torture/execute/ffs-2.c execution, -O3 -fomit-frame-pointer
FAIL: gcc.c-torture/execute/ffs-2.c compilation, -O3 -fomit-frame-pointer -funroll-loops
UNRESOLVED: gcc.c-torture/execute/ffs-2.c execution, -O3 -fomit-frame-pointer -funroll-loops
FAIL: gcc.c-torture/execute/ffs-2.c compilation, -O3 -fomit-frame-pointer -funroll-all-loops -finline-functions
UNRESOLVED: gcc.c-torture/execute/ffs-2.c execution, -O3 -fomit-frame-pointer -funroll-all-loops -finline-functions
FAIL: gcc.c-torture/execute/ffs-2.c compilation, -O3 -g
UNRESOLVED: gcc.c-torture/execute/ffs-2.c execution, -O3 -g
FAIL: gcc.c-torture/execute/ffs-2.c compilation, -Os
UNRESOLVED: gcc.c-torture/execute/ffs-2.c execution, -Os
UNRESOLVED: gcc.c-torture/execute/wchar_t-1.c execution, -O0
UNRESOLVED: gcc.c-torture/execute/wchar_t-1.c execution, -O1
UNRESOLVED: gcc.c-torture/execute/wchar_t-1.c execution, -O2
UNRESOLVED: gcc.c-torture/execute/wchar_t-1.c execution, -O3 -fomit-frame-pointer
UNRESOLVED: gcc.c-torture/execute/wchar_t-1.c execution, -O3 -g
UNRESOLVED: gcc.c-torture/execute/wchar_t-1.c execution, -Os
FAIL: gcc.dg/20011119-1.c (test for excess errors)
WARNING: gcc.dg/20011119-1.c compilation failed to produce executable
WARNING: program timed out.
FAIL: gcc.dg/20020616-1.c execution test
FAIL: gcc.dg/20020919-1.c (test for errors, line 132)
FAIL: gcc.dg/20020919-1.c (test for errors, line 177)
FAIL: gcc.dg/20020919-1.c (test for errors, line 231)
FAIL: gcc.dg/20020919-1.c (test for errors, line 244)
FAIL: gcc.dg/20020919-1.c (test for excess errors)
FAIL: gcc.dg/asm-names.c (test for excess errors)
FAIL: gcc.dg/clobbers.c (test for excess errors)
WARNING: gcc.dg/clobbers.c compilation failed to produce executable
FAIL: gcc.dg/i386-387-3.c scan-assembler fldpi
FAIL: gcc.dg/i386-387-4.c scan-assembler fldpi
FAIL: gcc.dg/i386-cmov1.c scan-assembler sar[^\\n]*magic_namea
FAIL: gcc.dg/i386-cmov1.c scan-assembler sar[^\\n]*magic_nameb
FAIL: gcc.dg/i386-cmov1.c scan-assembler sar[^\\n]*magic_namec
FAIL: gcc.dg/i386-cmov1.c scan-assembler shr[^\\n]*magic_named
FAIL: gcc.dg/i386-cmov1.c scan-assembler shr[^\\n]*magic_namee
FAIL: gcc.dg/i386-cmov1.c scan-assembler shr[^\\n]*magic_namef
FAIL: gcc.dg/i386-local2.c scan-assembler-not sub[^\\n]*sp
FAIL: gcc.dg/i386-mul.c scan-assembler and[^\\n]*magic
FAIL: gcc.dg/i386-ssetype-1.c scan-assembler andpd[^\\n]*magic
FAIL: gcc.dg/i386-ssetype-1.c scan-assembler andnpd[^\\n]*magic
FAIL: gcc.dg/i386-ssetype-1.c scan-assembler xorpd[^\\n]*magic
FAIL: gcc.dg/i386-ssetype-1.c scan-assembler orpd[^\\n]*magic
FAIL: gcc.dg/i386-ssetype-1.c scan-assembler movapd[^\\n]*magic
FAIL: gcc.dg/i386-ssetype-3.c scan-assembler andps[^\\n]*magic
FAIL: gcc.dg/i386-ssetype-3.c scan-assembler andnps[^\\n]*magic
FAIL: gcc.dg/i386-ssetype-3.c scan-assembler xorps[^\\n]*magic
FAIL: gcc.dg/i386-ssetype-3.c scan-assembler orps[^\\n]*magic
FAIL: gcc.dg/i386-ssetype-3.c scan-assembler movaps[^\\n]*magic
FAIL: gcc.dg/i386-ssetype-5.c scan-assembler pand[^\\n]*magic
FAIL: gcc.dg/i386-ssetype-5.c scan-assembler pandn[^\\n]*magic
FAIL: gcc.dg/i386-ssetype-5.c scan-assembler pxor[^\\n]*magic
FAIL: gcc.dg/i386-ssetype-5.c scan-assembler por[^\\n]*magic
FAIL: gcc.dg/pack-test-2.c (test for errors, line 6)
FAIL: gcc.dg/pack-test-2.c (test for errors, line 7)
FAIL: gcc.dg/pack-test-2.c (test for errors, line 10)
FAIL: gcc.dg/pack-test-2.c (test for errors, line 14)
FAIL: gcc.dg/pack-test-2.c (test for errors, line 19)
FAIL: gcc.dg/pack-test-2.c (test for errors, line 21)
FAIL: gcc.dg/pack-test-2.c (test for excess errors)
FAIL: gcc.dg/sibcall-6.c execution test
=== gcc Summary for unix/-fPIC ===
# of expected passes 23502
# of unexpected failures 56
# of expected failures 81
# of unresolved testcases 14
# of untested testcases 7
# of unsupported tests 145
Running target unix
UNRESOLVED: gcc.c-torture/execute/wchar_t-1.c execution, -O0
UNRESOLVED: gcc.c-torture/execute/wchar_t-1.c execution, -O1
UNRESOLVED: gcc.c-torture/execute/wchar_t-1.c execution, -O2
UNRESOLVED: gcc.c-torture/execute/wchar_t-1.c execution, -O3 -fomit-frame-pointer
UNRESOLVED: gcc.c-torture/execute/wchar_t-1.c execution, -O3 -g
UNRESOLVED: gcc.c-torture/execute/wchar_t-1.c execution, -Os
FAIL: gcc.dg/pack-test-2.c (test for errors, line 6)
FAIL: gcc.dg/pack-test-2.c (test for errors, line 7)
FAIL: gcc.dg/pack-test-2.c (test for errors, line 10)
FAIL: gcc.dg/pack-test-2.c (test for errors, line 14)
FAIL: gcc.dg/pack-test-2.c (test for errors, line 19)
FAIL: gcc.dg/pack-test-2.c (test for errors, line 21)
FAIL: gcc.dg/pack-test-2.c (test for excess errors)
=== gcc Summary for unix ===
# of expected passes 23561
# of unexpected failures 7
# of expected failures 81
# of unresolved testcases 6
# of untested testcases 7
# of unsupported tests 145
=== gcc Summary ===
# of expected passes 47063
# of unexpected failures 63
# of expected failures 162
# of unresolved testcases 20
# of untested testcases 14
# of unsupported tests 290
/usr/local/src/trunk/objdir/gcc/xgcc version 3.4 20030916 (experimental)
=== g++ tests ===
Running target unix/-fPIC
FAIL: g++.dg/bprob/g++-bprob-1.C compilation, -g -fprofile-arcs
UNRESOLVED: g++.dg/bprob/g++-bprob-1.C execution, -g -fprofile-arcs
UNRESOLVED: g++.dg/bprob/g++-bprob-1.C compilation, -g -fbranch-probabilities
UNRESOLVED: g++.dg/bprob/g++-bprob-1.C execution, -g -fbranch-probabilities
FAIL: g++.dg/bprob/g++-bprob-1.C compilation, -O0 -fprofile-arcs
UNRESOLVED: g++.dg/bprob/g++-bprob-1.C execution, -O0 -fprofile-arcs
UNRESOLVED: g++.dg/bprob/g++-bprob-1.C compilation, -O0 -fbranch-probabilities
UNRESOLVED: g++.dg/bprob/g++-bprob-1.C execution, -O0 -fbranch-probabilities
FAIL: g++.dg/bprob/g++-bprob-1.C compilation, -O1 -fprofile-arcs
UNRESOLVED: g++.dg/bprob/g++-bprob-1.C execution, -O1 -fprofile-arcs
UNRESOLVED: g++.dg/bprob/g++-bprob-1.C compilation, -O1 -fbranch-probabilities
UNRESOLVED: g++.dg/bprob/g++-bprob-1.C execution, -O1 -fbranch-probabilities
FAIL: g++.dg/bprob/g++-bprob-1.C compilation, -O2 -fprofile-arcs
UNRESOLVED: g++.dg/bprob/g++-bprob-1.C execution, -O2 -fprofile-arcs
UNRESOLVED: g++.dg/bprob/g++-bprob-1.C compilation, -O2 -fbranch-probabilities
UNRESOLVED: g++.dg/bprob/g++-bprob-1.C execution, -O2 -fbranch-probabilities
FAIL: g++.dg/bprob/g++-bprob-1.C compilation, -O3 -fprofile-arcs
UNRESOLVED: g++.dg/bprob/g++-bprob-1.C execution, -O3 -fprofile-arcs
UNRESOLVED: g++.dg/bprob/g++-bprob-1.C compilation, -O3 -fbranch-probabilities
UNRESOLVED: g++.dg/bprob/g++-bprob-1.C execution, -O3 -fbranch-probabilities
FAIL: g++.dg/bprob/g++-bprob-1.C compilation, -O3 -g -fprofile-arcs
UNRESOLVED: g++.dg/bprob/g++-bprob-1.C execution, -O3 -g -fprofile-arcs
UNRESOLVED: g++.dg/bprob/g++-bprob-1.C compilation, -O3 -g -fbranch-probabilities
UNRESOLVED: g++.dg/bprob/g++-bprob-1.C execution, -O3 -g -fbranch-probabilities
FAIL: g++.dg/bprob/g++-bprob-1.C compilation, -Os -fprofile-arcs
UNRESOLVED: g++.dg/bprob/g++-bprob-1.C execution, -Os -fprofile-arcs
UNRESOLVED: g++.dg/bprob/g++-bprob-1.C compilation, -Os -fbranch-probabilities
UNRESOLVED: g++.dg/bprob/g++-bprob-1.C execution, -Os -fbranch-probabilities
FAIL: g++.dg/compat/abi/bitfield1 cp_compat_x_tst.o-cp_compat_y_tst.o link
UNRESOLVED: g++.dg/compat/abi/bitfield1 cp_compat_x_tst.o-cp_compat_y_tst.o execute
FAIL: g++.dg/compat/abi/bitfield2 cp_compat_x_tst.o-cp_compat_y_tst.o link
UNRESOLVED: g++.dg/compat/abi/bitfield2 cp_compat_x_tst.o-cp_compat_y_tst.o execute
FAIL: g++.dg/compat/abi/vbase8-10 cp_compat_x_tst.o-cp_compat_y_tst.o link
UNRESOLVED: g++.dg/compat/abi/vbase8-10 cp_compat_x_tst.o-cp_compat_y_tst.o execute
FAIL: g++.dg/compat/abi/vbase8-21 cp_compat_x_tst.o-cp_compat_y_tst.o link
UNRESOLVED: g++.dg/compat/abi/vbase8-21 cp_compat_x_tst.o-cp_compat_y_tst.o execute
FAIL: g++.dg/compat/abi/vbase8-22 cp_compat_x_tst.o-cp_compat_y_tst.o link
UNRESOLVED: g++.dg/compat/abi/vbase8-22 cp_compat_x_tst.o-cp_compat_y_tst.o execute
FAIL: g++.dg/compat/abi/vbase8-4 cp_compat_x_tst.o-cp_compat_y_tst.o link
UNRESOLVED: g++.dg/compat/abi/vbase8-4 cp_compat_x_tst.o-cp_compat_y_tst.o execute
FAIL: g++.dg/compat/break/bitfield5 cp_compat_x_tst.o-cp_compat_y_tst.o link
UNRESOLVED: g++.dg/compat/break/bitfield5 cp_compat_x_tst.o-cp_compat_y_tst.o execute
FAIL: g++.dg/compat/break/bitfield7 cp_compat_x_tst.o-cp_compat_y_tst.o link
UNRESOLVED: g++.dg/compat/break/bitfield7 cp_compat_x_tst.o-cp_compat_y_tst.o execute
FAIL: g++.dg/compat/break/empty6 cp_compat_x_tst.o-cp_compat_y_tst.o link
UNRESOLVED: g++.dg/compat/break/empty6 cp_compat_x_tst.o-cp_compat_y_tst.o execute
FAIL: g++.dg/compat/break/vbase10 cp_compat_x_tst.o-cp_compat_y_tst.o link
UNRESOLVED: g++.dg/compat/break/vbase10 cp_compat_x_tst.o-cp_compat_y_tst.o execute
FAIL: g++.dg/compat/break/vbase11 cp_compat_x_tst.o-cp_compat_y_tst.o link
UNRESOLVED: g++.dg/compat/break/vbase11 cp_compat_x_tst.o-cp_compat_y_tst.o execute
FAIL: g++.dg/compat/eh/ctor1 cp_compat_x_tst.o-cp_compat_y_tst.o link
UNRESOLVED: g++.dg/compat/eh/ctor1 cp_compat_x_tst.o-cp_compat_y_tst.o execute
FAIL: g++.dg/compat/eh/ctor2 cp_compat_x_tst.o-cp_compat_y_tst.o link
UNRESOLVED: g++.dg/compat/eh/ctor2 cp_compat_x_tst.o-cp_compat_y_tst.o execute
FAIL: g++.dg/compat/eh/dtor1 cp_compat_x_tst.o-cp_compat_y_tst.o link
UNRESOLVED: g++.dg/compat/eh/dtor1 cp_compat_x_tst.o-cp_compat_y_tst.o execute
FAIL: g++.dg/compat/eh/filter1 cp_compat_x_tst.o-cp_compat_y_tst.o link
UNRESOLVED: g++.dg/compat/eh/filter1 cp_compat_x_tst.o-cp_compat_y_tst.o execute
FAIL: g++.dg/compat/eh/filter2 cp_compat_x_tst.o-cp_compat_y_tst.o link
UNRESOLVED: g++.dg/compat/eh/filter2 cp_compat_x_tst.o-cp_compat_y_tst.o execute
FAIL: g++.dg/compat/eh/new1 cp_compat_x_tst.o-cp_compat_y_tst.o link
UNRESOLVED: g++.dg/compat/eh/new1 cp_compat_x_tst.o-cp_compat_y_tst.o execute
FAIL: g++.dg/compat/eh/nrv1 cp_compat_x_tst.o-cp_compat_y_tst.o link
UNRESOLVED: g++.dg/compat/eh/nrv1 cp_compat_x_tst.o-cp_compat_y_tst.o execute
FAIL: g++.dg/compat/eh/spec3 cp_compat_x_tst.o-cp_compat_y_tst.o link
UNRESOLVED: g++.dg/compat/eh/spec3 cp_compat_x_tst.o-cp_compat_y_tst.o execute
FAIL: g++.dg/compat/eh/template1 cp_compat_x_tst.o-cp_compat_y_tst.o link
UNRESOLVED: g++.dg/compat/eh/template1 cp_compat_x_tst.o-cp_compat_y_tst.o execute
FAIL: g++.dg/compat/eh/unexpected1 cp_compat_x_tst.o-cp_compat_y_tst.o link
UNRESOLVED: g++.dg/compat/eh/unexpected1 cp_compat_x_tst.o-cp_compat_y_tst.o execute
FAIL: g++.dg/compat/init/array5 cp_compat_x_tst.o-cp_compat_y_tst.o link
UNRESOLVED: g++.dg/compat/init/array5 cp_compat_x_tst.o-cp_compat_y_tst.o execute
FAIL: g++.dg/compat/init/byval1 cp_compat_x_tst.o-cp_compat_y_tst.o link
UNRESOLVED: g++.dg/compat/init/byval1 cp_compat_x_tst.o-cp_compat_y_tst.o execute
FAIL: g++.dg/compat/init/dtor1 cp_compat_x_tst.o-cp_compat_y_tst.o link
UNRESOLVED: g++.dg/compat/init/dtor1 cp_compat_x_tst.o-cp_compat_y_tst.o execute
FAIL: g++.dg/compat/init/elide1 cp_compat_x_tst.o-cp_compat_y_tst.o link
UNRESOLVED: g++.dg/compat/init/elide1 cp_compat_x_tst.o-cp_compat_y_tst.o execute
FAIL: g++.dg/compat/init/init-ref2 cp_compat_x_tst.o-cp_compat_y_tst.o link
UNRESOLVED: g++.dg/compat/init/init-ref2 cp_compat_x_tst.o-cp_compat_y_tst.o execute
FAIL: g++.dg/eh/omit-frame-pointer2.C execution test
XPASS: g++.dg/ext/lvalue1.C not an lvalue (test for errors, line 7)
FAIL: g++.dg/ext/pretty1.C scan-assembler top level
FAIL: g++.dg/ext/pretty2.C (test for excess errors)
WARNING: g++.dg/ext/pretty2.C compilation failed to produce executable
FAIL: g++.dg/init/array10.C (test for excess errors)
FAIL: g++.dg/parse/crash10.C (test for errors, line 14)
XPASS: g++.dg/warn/Wunused-2.C (test for warnings, line 5)
WARNING: g++.old-deja/g++.mike/p10769a.C compilation failed to produce executable
XPASS: g++.old-deja/g++.other/crash31.C (test for bogus messages, line 13)
FAIL: g++.old-deja/g++.other/crash31.C (test for excess errors)
WARNING: g++.old-deja/g++.other/enum5.C compilation failed to produce executable
XPASS: g++.old-deja/g++.other/init5.C execution test
FAIL: g++.old-deja/g++.other/inline8.C (test for excess errors)
WARNING: g++.old-deja/g++.other/inline8.C compilation failed to produce executable
FAIL: g++.old-deja/g++.pt/asm1.C (test for excess errors)
FAIL: g++.old-deja/g++.pt/asm2.C (test for excess errors)
WARNING: g++.old-deja/g++.pt/friend44.C compilation failed to produce executable
=== g++ Summary for unix/-fPIC ===
# of expected passes 8930
# of unexpected failures 42
# of unexpected successes 4
# of expected failures 60
# of unresolved testcases 47
# of unsupported tests 29
Running target unix
XPASS: g++.dg/ext/lvalue1.C not an lvalue (test for errors, line 7)
FAIL: g++.dg/ext/pretty1.C scan-assembler top level
FAIL: g++.dg/ext/pretty2.C (test for excess errors)
WARNING: g++.dg/ext/pretty2.C compilation failed to produce executable
FAIL: g++.dg/init/array10.C (test for excess errors)
FAIL: g++.dg/parse/crash10.C (test for errors, line 14)
XPASS: g++.dg/warn/Wunused-2.C (test for warnings, line 5)
WARNING: g++.old-deja/g++.mike/p10769a.C compilation failed to produce executable
XPASS: g++.old-deja/g++.other/crash31.C (test for bogus messages, line 13)
FAIL: g++.old-deja/g++.other/crash31.C (test for excess errors)
WARNING: g++.old-deja/g++.other/enum5.C compilation failed to produce executable
XPASS: g++.old-deja/g++.other/init5.C execution test
FAIL: g++.old-deja/g++.other/inline8.C (test for excess errors)
WARNING: g++.old-deja/g++.other/inline8.C compilation failed to produce executable
WARNING: g++.old-deja/g++.pt/friend44.C compilation failed to produce executable
=== g++ Summary for unix ===
# of expected passes 9013
# of unexpected failures 6
# of unexpected successes 4
# of expected failures 60
# of unsupported tests 29
=== g++ Summary ===
# of expected passes 17943
# of unexpected failures 48
# of unexpected successes 8
# of expected failures 120
# of unresolved testcases 47
# of unsupported tests 58
/usr/local/src/trunk/objdir/gcc/testsuite/../g++ version 3.4 20030916 (experimental)
=== objc tests ===
Running target unix/-fPIC
=== objc Summary for unix/-fPIC ===
# of expected passes 1156
Running target unix
=== objc Summary for unix ===
# of expected passes 1156
=== objc Summary ===
# of expected passes 2312
/usr/local/src/trunk/objdir/gcc/xgcc version 3.4 20030916 (experimental)
=== treelang tests ===
Running target unix/-fPIC
=== treelang Summary for unix/-fPIC ===
# of expected passes 1
Running target unix
=== treelang Summary for unix ===
=== treelang Summary ===
# of expected passes 1
=== libffi tests ===
Running target unix/-fPIC
FAIL: libffi.call/cls_1_1byte.c execution test
FAIL: libffi.call/cls_2byte.c execution test
FAIL: libffi.call/cls_3_1byte.c execution test
FAIL: libffi.call/cls_5byte.c execution test
FAIL: libffi.call/cls_6byte.c execution test
=== libffi Summary for unix/-fPIC ===
# of expected passes 115
# of unexpected failures 5
# of unsupported tests 2
Running target unix
FAIL: libffi.call/cls_1_1byte.c execution test
FAIL: libffi.call/cls_2byte.c execution test
FAIL: libffi.call/cls_3_1byte.c execution test
FAIL: libffi.call/cls_5byte.c execution test
FAIL: libffi.call/cls_6byte.c execution test
=== libffi Summary for unix ===
# of expected passes 115
# of unexpected failures 5
# of unsupported tests 2
=== libffi Summary ===
# of expected passes 230
# of unexpected failures 10
# of unsupported tests 4
=== libjava tests ===
Running target unix/-fPIC
=== libjava Summary for unix/-fPIC ===
# of expected passes 3092
# of expected failures 10
# of untested testcases 8
Running target unix
FAIL: Thread_Interrupt output - source compiled test
FAIL: Thread_Interrupt output - gij test
FAIL: Thread_Interrupt -O3 output - source compiled test
=== libjava Summary for unix ===
# of expected passes 3089
# of unexpected failures 3
# of expected failures 10
# of untested testcases 8
=== libjava Summary ===
# of expected passes 6181
# of unexpected failures 3
# of expected failures 20
# of untested testcases 16
=== libstdc++ tests ===
Running target unix/-fPIC
=== libstdc++ Summary for unix/-fPIC ===
# of expected passes 2125
# of expected failures 12
Running target unix
=== libstdc++ Summary for unix ===
# of expected passes 2125
# of expected failures 12
=== libstdc++ Summary ===
# of expected passes 4250
# of expected failures 24
Compiler version: 3.4 20030916 (experimental)
Platform: i686-pc-linux-gnu
configure flags: pentium3-linux --prefix=/usr/local/gcc-binutils --enable-__cxa_atexit --enable-shared --enable-threads=posix --enable-languages=c,c++,f77,java,objc,treelang
Counting all warnings,
there are 90 warnings in stage0 of this bootstrap.
Number of warnings per file:
20 libiberty/regex.c
20 include/bits/locale_facets.tcc
6 fastjar/jartool.c
5 include/xregex2.h
4 libjava/java/lang/strtod.c
4 libjava/java/lang/dtoa.c
3 libf2c/libI77/rsne.c
3 include/java-signal.h
3 <command line>
2 libtool
2 libobjc/linking.m
2 libjava/java/lang/natClassLoader.cc
2 include/gc_config_macros.h
1 libobjc/sendmsg.c
1 libobjc/Protocol.m
1 libobjc/Object.m
1 libjava/verify.cc
1 libjava/jni.cc
1 libjava/java/lang/e_exp.c
1 libjava/gnu/gcj/io/shs.cc
1 libf2c/libI77/open.c
1 libf2c/libI77/inquire.c
1 java/net/natNetworkInterface.cc
1 include/private/../gc_config_macros.h
1 gcc/coretypes.h
1 gcc/boehm-gc/mark_rts.c
1 checking for getwc... /usr/local/src/trunk/gcc/libobjc/encoding.c
Number of warning types:
20 '__tmp' might be used uninitialized in this function
16 signed and unsigned type in conditional expression
4 this is the location of the previous definition
4 pointer targets in passing arg ??? of \`???' differ in signedness
4 dereferencing type-punned pointer will break strict-aliasing rules
3 'void restore()' declared \`static' but never defined
3 ISO C89 does not support \`static' or type qualifiers in parameter array declarators
3 \`GC_LINUX_THREADS' redefined
3 comparison between signed and unsigned integer expressions
2 unused parameter 'preg'
2 unused parameter \`???'
2 string length \`???' is greater than the length \`???' ISO C89 compilers are required to support
2 ISO C90 does not support \`static' or type qualifiers in parameter array declarators
1 'x' might be used uninitialized in this function
1 'x0' might be used uninitialized in this function
1 'void byteReverse()' declared \`static' but never defined
1 unused parameter 'fmt'
1 to ensure that POSIX-compatible ar will work
1 'target_flags' defined but not used
1 statement has no effect
1 'spec_case' might be used uninitialized in this function
1 \`rtx' redefined
1 object name conflicts; overriding AR_FLAGS to 'cq'
1 'mlo' might be used uninitialized in this function
1 'k' might be used uninitialized in this function
1 'ilim' might be used uninitialized in this function
1 'ilim1' might be used uninitialized in this function
1 function returns address of local variable
1 'dn' might be used uninitialized in this function
1 'dn0' might be used uninitialized in this function
1 'delta' might be used uninitialized in this function
1 comparison between signed and unsigned
1 'bs' might be used uninitialized in this function
1 'bd' might be used uninitialized in this function
1 'bb' might be used uninitialized in this function
Counting all warnings,
there are 18 warnings in stage3 of this bootstrap.
Number of warnings per file:
4 insn-conditions.c
3 gcc/gcc.c
2 /usr/share/bison/bison.simple
2 gcc/objc/lang-specs.h
2 gcc/f/sta.c
2 gcc/crtstuff.c
1 gcc/treelang/parse.y
1 gcc/java/jvspec.c
1 gcc/config/i386/i386.md
Number of warning types:
10 string length \`???' is greater than the length \`???' ISO C89 compilers are required to support
2 passing arg ??? of \`???' discards qualifiers from pointer target type
2 label \`???' defined but not used
2 dereferencing type-punned pointer will break strict-aliasing rules
1 'yytoknum' defined but not used
1 operand 1 missing mode?