This is the mail archive of the
gcc-testresults@gcc.gnu.org
mailing list for the GCC project.
Results for 3.4 20030912 (experimental) testsuite on sparc-sun-solaris2.7
- From: "Kaveh R. Ghazi" <ghazi at caip dot rutgers dot edu>
- To: gcc-testresults at gcc dot gnu dot org
- Date: Sat, 13 Sep 2003 18:09:32 -0400 (EDT)
- Subject: Results for 3.4 20030912 (experimental) testsuite on sparc-sun-solaris2.7
LAST_UPDATED:
Native configuration is sparc-sun-solaris2.7
=== g++ tests ===
Running target unix
FAIL: g++.dg/eh/simd-1.C (test for excess errors)
WARNING: g++.dg/eh/simd-1.C compilation failed to produce executable
FAIL: g++.dg/eh/simd-2.C (test for excess errors)
WARNING: g++.dg/eh/simd-2.C compilation failed to produce executable
XPASS: g++.dg/ext/lvalue1.C not an lvalue (test for errors, line 7)
FAIL: g++.dg/ext/pretty1.C scan-assembler top level
FAIL: g++.dg/ext/pretty2.C (test for excess errors)
WARNING: g++.dg/ext/pretty2.C compilation failed to produce executable
FAIL: g++.dg/init/array10.C (test for excess errors)
XPASS: g++.dg/warn/Wunused-2.C (test for warnings, line 5)
FAIL: g++.dg/special/conpr-4.C execution test
FAIL: g++.old-deja/g++.jason/template28.C (test for excess errors)
WARNING: g++.old-deja/g++.jason/template28.C compilation failed to produce executable
WARNING: g++.old-deja/g++.mike/p10769a.C compilation failed to produce executable
FAIL: g++.old-deja/g++.other/comdat1.C (test for excess errors)
WARNING: g++.old-deja/g++.other/comdat1.C compilation failed to produce executable
FAIL: g++.old-deja/g++.other/comdat2.C (test for excess errors)
WARNING: g++.old-deja/g++.other/comdat2.C compilation failed to produce executable
FAIL: g++.old-deja/g++.other/comdat3.C (test for excess errors)
WARNING: g++.old-deja/g++.other/comdat3.C compilation failed to produce executable
FAIL: g++.old-deja/g++.other/ctor1.C (test for excess errors)
WARNING: g++.old-deja/g++.other/ctor1.C compilation failed to produce executable
FAIL: g++.old-deja/g++.other/delete3.C (test for excess errors)
WARNING: g++.old-deja/g++.other/delete3.C compilation failed to produce executable
WARNING: g++.old-deja/g++.other/enum5.C compilation failed to produce executable
FAIL: g++.old-deja/g++.other/main1.C (test for excess errors)
FAIL: g++.old-deja/g++.pt/explicit34.C (test for excess errors)
WARNING: g++.old-deja/g++.pt/friend44.C compilation failed to produce executable
FAIL: g++.old-deja/g++.pt/instantiate5.C (test for excess errors)
FAIL: g++.old-deja/g++.pt/memtemp17.C (test for excess errors)
FAIL: g++.old-deja/g++.pt/memtemp7.C (test for excess errors)
=== g++ Summary ===
# of expected passes 8912
# of unexpected failures 17
# of unexpected successes 2
# of expected failures 65
# of unsupported tests 57
/teal/tmpdisk/ghazi/gcc-testing/34/build/gcc/testsuite/../g++ version 3.4 20030912 (experimental)
=== g77 tests ===
Running target unix
FAIL: g77.f-torture/execute/980520-1.f compilation, -O0
=== g77 Summary ===
# of expected passes 1752
# of unexpected failures 1
# of untested testcases 1
# of unsupported tests 6
/teal/tmpdisk/ghazi/gcc-testing/34/build/gcc/testsuite/../g77 version 3.4 20030912 (experimental)
=== gcc tests ===
Running target unix
FAIL: gcc.c-torture/execute/20030307-1.c execution, -O2
FAIL: gcc.c-torture/execute/20030307-1.c execution, -Os
FAIL: gcc.c-torture/execute/simd-4.c compilation, -O0
UNRESOLVED: gcc.c-torture/execute/simd-4.c execution, -O0
UNRESOLVED: gcc.c-torture/execute/wchar_t-1.c execution, -O0
UNRESOLVED: gcc.c-torture/execute/wchar_t-1.c execution, -O1
UNRESOLVED: gcc.c-torture/execute/wchar_t-1.c execution, -O2
UNRESOLVED: gcc.c-torture/execute/wchar_t-1.c execution, -O3 -fomit-frame-pointer
UNRESOLVED: gcc.c-torture/execute/wchar_t-1.c execution, -O3 -g
UNRESOLVED: gcc.c-torture/execute/wchar_t-1.c execution, -Os
FAIL: gcc.dg/compat/vector-1 c_compat_x_tst.o compile
FAIL: gcc.dg/compat/vector-1 c_compat_y_tst.o compile
UNRESOLVED: gcc.dg/compat/vector-1 c_compat_x_tst.o-c_compat_y_tst.o link
UNRESOLVED: gcc.dg/compat/vector-1 c_compat_x_tst.o-c_compat_y_tst.o execute
FAIL: gcc.dg/compat/vector-2 c_compat_x_tst.o compile
FAIL: gcc.dg/compat/vector-2 c_compat_y_tst.o compile
UNRESOLVED: gcc.dg/compat/vector-2 c_compat_x_tst.o-c_compat_y_tst.o link
UNRESOLVED: gcc.dg/compat/vector-2 c_compat_x_tst.o-c_compat_y_tst.o execute
FAIL: gcc.dg/cpp/19990228-1.c scan-file-not [^\\n]#
FAIL: gcc.dg/cpp/_Pragma4.c scan-file (^|\\n)#pragma bar(\$|\\n)
FAIL: gcc.dg/cpp/avoidpaste2.c scan-file (^|\\n): : : - > - >
FAIL: gcc.dg/cpp/avoidpaste2.c scan-file (^|\\n):2: :22 22:
FAIL: gcc.dg/cpp/cmdlne-dD-dM.c scan-file (^|\\n)#define foo bar(\$|\\n)
FAIL: gcc.dg/cpp/cmdlne-dM-M.c scan-file (^|\\n)#define foo bar(\$|\\n)
FAIL: gcc.dg/cpp/cmdlne-dM-dD.c scan-file (^|\\n)#define foo bar(\$|\\n)
FAIL: gcc.dg/cpp/maccom1.c scan-file (^|\\n)passed
WARNING: gcc.dg/20021014-1.c compilation failed to produce executable
FAIL: gcc.dg/builtins-18.c (test for excess errors)
FAIL: gcc.dg/builtins-20.c (test for excess errors)
ERROR: gcc.dg/const-elim-2.c: error executing dg-final: bad switch "-inline": must be -indices, -nocase, or --
UNRESOLVED: gcc.dg/const-elim-2.c: error executing dg-final: bad switch "-inline": must be -indices, -nocase, or --
XPASS: gcc.dg/uninit-4.c uninitialized variable warning (test for bogus messages, line 26)
=== gcc Summary ===
# of expected passes 23165
# of unexpected failures 17
# of unexpected successes 1
# of expected failures 78
# of unresolved testcases 12
# of untested testcases 7
# of unsupported tests 255
/teal/tmpdisk/ghazi/gcc-testing/34/build/gcc/xgcc version 3.4 20030912 (experimental)
=== objc tests ===
Running target unix
FAIL: objc/execute/formal_protocol-1.m compilation, -O3 -fomit-frame-pointer
UNRESOLVED: objc/execute/formal_protocol-1.m execution, -O3 -fomit-frame-pointer
FAIL: objc/execute/formal_protocol-1.m compilation, -O3 -g
UNRESOLVED: objc/execute/formal_protocol-1.m execution, -O3 -g
FAIL: objc/execute/formal_protocol-2.m compilation, -O3 -fomit-frame-pointer
UNRESOLVED: objc/execute/formal_protocol-2.m execution, -O3 -fomit-frame-pointer
FAIL: objc/execute/formal_protocol-2.m compilation, -O3 -g
UNRESOLVED: objc/execute/formal_protocol-2.m execution, -O3 -g
FAIL: objc/execute/formal_protocol-3.m compilation, -O3 -fomit-frame-pointer
UNRESOLVED: objc/execute/formal_protocol-3.m execution, -O3 -fomit-frame-pointer
FAIL: objc/execute/formal_protocol-3.m compilation, -O3 -g
UNRESOLVED: objc/execute/formal_protocol-3.m execution, -O3 -g
=== objc Summary ===
# of expected passes 1144
# of unexpected failures 6
# of unresolved testcases 6
/teal/tmpdisk/ghazi/gcc-testing/34/build/gcc/xgcc version 3.4 20030912 (experimental)
=== libstdc++ tests ===
Running target unix
FAIL: 27_io/basic_istream/sentry/char/3983-fstream.cc (test for excess errors)
WARNING: 27_io/basic_istream/sentry/char/3983-fstream.cc compilation failed to produce executable
FAIL: 27_io/basic_istream/sentry/char/3983-sstream.cc (test for excess errors)
WARNING: 27_io/basic_istream/sentry/char/3983-sstream.cc compilation failed to produce executable
FAIL: 27_io/basic_ostream/sentry/char/3983-fstream.cc (test for excess errors)
WARNING: 27_io/basic_ostream/sentry/char/3983-fstream.cc compilation failed to produce executable
FAIL: 27_io/basic_ostream/sentry/char/3983-sstream.cc (test for excess errors)
WARNING: 27_io/basic_ostream/sentry/char/3983-sstream.cc compilation failed to produce executable
=== libstdc++ Summary ===
# of expected passes 1604
# of unexpected failures 4
# of expected failures 2
Compiler version: 3.4 20030912 (experimental)
Platform: sparc-sun-solaris2.7
configure flags: --verbose --disable-libgcj