This is the mail archive of the
gcc-testresults@gcc.gnu.org
mailing list for the GCC project.
Results for 3.4 20030913 (experimental) testsuite on i686-pc-linux-gnu
- From: Steven Bosscher <steven at steven dot lr-s dot tudelft dot nl>
- To: gcc-testresults at gcc dot gnu dot org
- Date: Sat, 13 Sep 2003 14:31:17 +0200
- Subject: Results for 3.4 20030913 (experimental) testsuite on i686-pc-linux-gnu
LAST_UPDATED: za sep 13 09:02:19 UTC 2003
Native configuration is i686-pc-linux-gnu
=== gcc tests ===
Running target unix
UNRESOLVED: gcc.c-torture/execute/wchar_t-1.c execution, -O0
UNRESOLVED: gcc.c-torture/execute/wchar_t-1.c execution, -O1
UNRESOLVED: gcc.c-torture/execute/wchar_t-1.c execution, -O2
UNRESOLVED: gcc.c-torture/execute/wchar_t-1.c execution, -O3 -fomit-frame-pointer
UNRESOLVED: gcc.c-torture/execute/wchar_t-1.c execution, -O3 -g
UNRESOLVED: gcc.c-torture/execute/wchar_t-1.c execution, -Os
=== gcc Summary ===
# of expected passes 23532
# of expected failures 81
# of unresolved testcases 6
# of untested testcases 7
# of unsupported tests 145
/home/steven/devel/trunkbuild/gcc/xgcc version 3.4 20030913 (experimental)
=== g++ tests ===
Running target unix
XPASS: g++.dg/ext/lvalue1.C not an lvalue (test for errors, line 7)
FAIL: g++.dg/ext/pretty1.C scan-assembler top level
FAIL: g++.dg/ext/pretty2.C (test for excess errors)
WARNING: g++.dg/ext/pretty2.C compilation failed to produce executable
FAIL: g++.dg/init/array10.C (test for excess errors)
XPASS: g++.dg/warn/Wunused-2.C (test for warnings, line 5)
WARNING: g++.old-deja/g++.mike/p10769a.C compilation failed to produce executable
WARNING: g++.old-deja/g++.other/enum5.C compilation failed to produce executable
FAIL: g++.old-deja/g++.other/main1.C (test for excess errors)
WARNING: g++.old-deja/g++.pt/friend44.C compilation failed to produce executable
=== g++ Summary ===
# of expected passes 9008
# of unexpected failures 4
# of unexpected successes 2
# of expected failures 62
# of unsupported tests 29
/home/steven/devel/trunkbuild/gcc/testsuite/../g++ version 3.4 20030913 (experimental)
=== libstdc++ tests ===
Running target unix
FAIL: 22_locale/messages/members/char/1.cc execution test
FAIL: 22_locale/messages/members/char/2.cc execution test
FAIL: 22_locale/messages/members/char/wrapped_env.cc execution test
FAIL: 22_locale/messages/members/char/wrapped_locale.cc execution test
FAIL: 22_locale/messages_byname/1.cc execution test
=== libstdc++ Summary ===
# of expected passes 2120
# of unexpected failures 5
# of expected failures 12
Compiler version: 3.4 20030913 (experimental)
Platform: i686-pc-linux-gnu
configure flags: --with-gnu-as --with-gnu-ld --disable-nls --disable-multilib --disable-checking --enable-languages=c,c++ --prefix=/opt/experimental/ --program-suffix=-3.4
These results are with the patch that was suggested in
http://gcc.gnu.org/ml/gcc-patches/2003-09/msg00826.html
applied.