This is the mail archive of the
gcc-testresults@gcc.gnu.org
mailing list for the GCC project.
Results for 3.4 20030909 (experimental) testsuite on hppa2.0w-hp-hpux11.11
- From: John David Anglin <dave at hiauly3 dot hia dot nrc dot ca>
- To: dave at hiauly3 dot hia dot nrc dot ca, gcc-testresults at gcc dot gnu dot org
- Date: Tue, 9 Sep 2003 17:17:06 -0400 (EDT)
- Subject: Results for 3.4 20030909 (experimental) testsuite on hppa2.0w-hp-hpux11.11
LAST_UPDATED: Tue Sep 9 15:58:38 UTC 2003
Native configuration is hppa2.0w-hp-hpux11.11
=== g++ tests ===
Running target unix
FAIL: g++.dg/eh/forced1.C execution test
FAIL: g++.dg/eh/forced4.C execution test
XPASS: g++.dg/ext/lvalue1.C not an lvalue (test for errors, line 7)
FAIL: g++.dg/ext/pretty1.C scan-assembler top level
FAIL: g++.dg/ext/pretty2.C (test for excess errors)
WARNING: g++.dg/ext/pretty2.C compilation failed to produce executable
FAIL: g++.dg/init/array10.C (test for excess errors)
XPASS: g++.dg/init/init-ref4.C execution test
FAIL: g++.dg/opt/inline4.C scan-assembler-not _Z1g
FAIL: g++.dg/opt/template1.C scan-assembler-not foo1
FAIL: g++.dg/parse/attr-ctor1.C (test for excess errors)
FAIL: g++.old-deja/g++.ext/attrib5.C (test for excess errors)
WARNING: g++.old-deja/g++.ext/attrib5.C compilation failed to produce executable
WARNING: g++.old-deja/g++.mike/p10769a.C compilation failed to produce executable
WARNING: g++.old-deja/g++.other/enum5.C compilation failed to produce executable
WARNING: g++.old-deja/g++.pt/friend44.C compilation failed to produce executable
=== g++ Summary ===
# of expected passes 8771
# of unexpected failures 9
# of unexpected successes 2
# of expected failures 65
# of unsupported tests 61
/xxx/gnu/gcc-3.3/objdir/gcc/testsuite/../g++ version 3.4 20030909 (experimental)
=== g77 tests ===
Running target unix
FAIL: g77.f-torture/execute/980520-1.f compilation, -O0
=== g77 Summary ===
# of expected passes 1752
# of unexpected failures 1
# of untested testcases 1
# of unsupported tests 6
/xxx/gnu/gcc-3.3/objdir/gcc/testsuite/../g77 version 3.4 20030909 (experimental)
=== gcc tests ===
Running target unix
FAIL: gcc.c-torture/compile/20000120-2.c (test for excess errors)
FAIL: gcc.c-torture/compile/20000120-2.c (test for excess errors)
FAIL: gcc.c-torture/compile/20000120-2.c (test for excess errors)
FAIL: gcc.c-torture/compile/20000120-2.c (test for excess errors)
FAIL: gcc.c-torture/compile/20000120-2.c (test for excess errors)
FAIL: gcc.c-torture/compile/20000120-2.c (test for excess errors)
FAIL: gcc.c-torture/compile/20011119-2.c (test for excess errors)
FAIL: gcc.c-torture/compile/20011119-2.c (test for excess errors)
FAIL: gcc.c-torture/compile/20011119-2.c (test for excess errors)
FAIL: gcc.c-torture/compile/20011119-2.c (test for excess errors)
UNRESOLVED: gcc.c-torture/execute/wchar_t-1.c execution, -O0
UNRESOLVED: gcc.c-torture/execute/wchar_t-1.c execution, -O1
UNRESOLVED: gcc.c-torture/execute/wchar_t-1.c execution, -O2
UNRESOLVED: gcc.c-torture/execute/wchar_t-1.c execution, -O3 -fomit-frame-pointer
UNRESOLVED: gcc.c-torture/execute/wchar_t-1.c execution, -O3 -g
UNRESOLVED: gcc.c-torture/execute/wchar_t-1.c execution, -Os
FAIL: gcc.dg/compat/vector-2 c_compat_x_tst.o compile
FAIL: gcc.dg/compat/vector-2 c_compat_y_tst.o compile
UNRESOLVED: gcc.dg/compat/vector-2 c_compat_x_tst.o-c_compat_y_tst.o link
UNRESOLVED: gcc.dg/compat/vector-2 c_compat_x_tst.o-c_compat_y_tst.o execute
FAIL: gcc.dg/debug/20010207-1.c (test for excess errors)
FAIL: gcc.dg/debug/20010207-1.c (test for excess errors)
FAIL: gcc.dg/debug/20010207-1.c (test for excess errors)
FAIL: gcc.dg/debug/20010207-1.c (test for excess errors)
FAIL: gcc.dg/debug/20010207-1.c (test for excess errors)
FAIL: gcc.dg/debug/20010207-1.c (test for excess errors)
FAIL: gcc.dg/debug/20010207-1.c (test for excess errors)
FAIL: gcc.dg/debug/20010207-1.c (test for excess errors)
FAIL: gcc.dg/debug/20010207-1.c (test for excess errors)
FAIL: gcc.dg/debug/20010207-1.c (test for excess errors)
FAIL: gcc.dg/debug/20010207-1.c (test for excess errors)
FAIL: gcc.dg/debug/20010207-1.c (test for excess errors)
FAIL: gcc.dg/debug/20010207-1.c (test for excess errors)
FAIL: gcc.dg/debug/20010207-1.c (test for excess errors)
FAIL: gcc.dg/debug/20010207-1.c (test for excess errors)
FAIL: gcc.dg/debug/20010207-1.c (test for excess errors)
FAIL: gcc.dg/debug/20010207-1.c (test for excess errors)
FAIL: gcc.dg/debug/20010207-1.c (test for excess errors)
FAIL: gcc.dg/debug/debug-1.c scan-assembler xyzzy
FAIL: gcc.dg/debug/debug-1.c scan-assembler xyzzy
FAIL: gcc.dg/debug/debug-1.c scan-assembler xyzzy
FAIL: gcc.dg/debug/debug-1.c scan-assembler xyzzy
FAIL: gcc.dg/debug/debug-2.c scan-assembler xyzzy
FAIL: gcc.dg/debug/debug-2.c scan-assembler xyzzy
FAIL: gcc.dg/debug/debug-2.c scan-assembler xyzzy
FAIL: gcc.dg/debug/debug-2.c scan-assembler xyzzy
FAIL: gcc.dg/20021014-1.c (test for excess errors)
WARNING: gcc.dg/20021014-1.c compilation failed to produce executable
FAIL: gcc.dg/builtins-1.c scan-assembler-not __builtin_
FAIL: gcc.dg/builtins-18.c (test for excess errors)
FAIL: gcc.dg/builtins-20.c (test for excess errors)
FAIL: gcc.dg/const-elim-1.c scan-assembler-not L\\\$?C[^A-Z]
FAIL: gcc.dg/pch/warn-1.c (test for errors, line 5)
FAIL: gcc.dg/pch/warn-1.c (test for excess errors)
WARNING: warn-1.s doesn't exist
FAIL: gcc.dg/pch/warn-1.c (test for errors, line 5)
FAIL: gcc.dg/pch/warn-1.c (test for excess errors)
WARNING: warn-1.s doesn't exist
FAIL: gcc.dg/pch/warn-1.c (test for errors, line 5)
FAIL: gcc.dg/pch/warn-1.c (test for excess errors)
WARNING: warn-1.s doesn't exist
FAIL: gcc.dg/pch/warn-1.c (test for errors, line 5)
FAIL: gcc.dg/pch/warn-1.c (test for excess errors)
WARNING: warn-1.s doesn't exist
FAIL: gcc.dg/pch/warn-1.c (test for errors, line 5)
FAIL: gcc.dg/pch/warn-1.c (test for excess errors)
WARNING: warn-1.s doesn't exist
FAIL: gcc.dg/pch/warn-1.c (test for errors, line 5)
FAIL: gcc.dg/pch/warn-1.c (test for excess errors)
WARNING: warn-1.s doesn't exist
FAIL: gcc.dg/pch/warn-1.c (test for errors, line 5)
FAIL: gcc.dg/pch/warn-1.c (test for excess errors)
WARNING: warn-1.s doesn't exist
UNRESOLVED: gcc.dg/special/weak-1.c
UNRESOLVED: gcc.dg/special/weak-2.c
UNRESOLVED: gcc.dg/special/wkali-1.c
UNRESOLVED: gcc.dg/special/wkali-2.c
UNRESOLVED: gcc.dg/weak/typeof-2.c
UNRESOLVED: gcc.dg/weak/weak-1.c
UNRESOLVED: gcc.dg/weak/weak-2.c
UNRESOLVED: gcc.dg/weak/weak-3.c
UNRESOLVED: gcc.dg/weak/weak-4.c
UNRESOLVED: gcc.dg/weak/weak-5.c
UNRESOLVED: gcc.dg/weak/weak-6.c
UNRESOLVED: gcc.dg/weak/weak-7.c
UNRESOLVED: gcc.dg/weak/weak-8.c
UNRESOLVED: gcc.dg/weak/weak-9.c
=== gcc Summary ===
# of expected passes 22834
# of unexpected failures 57
# of expected failures 79
# of unresolved testcases 22
# of untested testcases 7
# of unsupported tests 285
/xxx/gnu/gcc-3.3/objdir/gcc/xgcc version 3.4 20030909 (experimental)
=== objc tests ===
Running target unix
FAIL: objc/execute/formal_protocol-1.m compilation, -O3 -fomit-frame-pointer
UNRESOLVED: objc/execute/formal_protocol-1.m execution, -O3 -fomit-frame-pointer
FAIL: objc/execute/formal_protocol-1.m compilation, -O3 -g
UNRESOLVED: objc/execute/formal_protocol-1.m execution, -O3 -g
FAIL: objc/execute/formal_protocol-2.m compilation, -O3 -fomit-frame-pointer
UNRESOLVED: objc/execute/formal_protocol-2.m execution, -O3 -fomit-frame-pointer
FAIL: objc/execute/formal_protocol-2.m compilation, -O3 -g
UNRESOLVED: objc/execute/formal_protocol-2.m execution, -O3 -g
FAIL: objc/execute/formal_protocol-3.m compilation, -O3 -fomit-frame-pointer
UNRESOLVED: objc/execute/formal_protocol-3.m execution, -O3 -fomit-frame-pointer
FAIL: objc/execute/formal_protocol-3.m compilation, -O3 -g
UNRESOLVED: objc/execute/formal_protocol-3.m execution, -O3 -g
=== objc Summary ===
# of expected passes 1144
# of unexpected failures 6
# of unresolved testcases 6
/xxx/gnu/gcc-3.3/objdir/gcc/xgcc version 3.4 20030909 (experimental)
=== libstdc++ tests ===
Running target unix
FAIL: 26_numerics/c99_classification_macros_c++.cc (test for excess errors)
FAIL: 26_numerics/c99_classification_macros_c.cc (test for excess errors)
=== libstdc++ Summary ===
# of expected passes 1597
# of unexpected failures 2
# of expected failures 1
# of unsupported tests 7
Compiler version: 3.4 20030909 (experimental)
Platform: hppa2.0w-hp-hpux11.11
configure flags: --with-gnu-as --with-as=/opt/gnu/bin/as --enable-shared --disable-nls --with-local-prefix=/opt/gnu --prefix=/opt/gnu --enable-debug=no