This is the mail archive of the gcc-testresults@gcc.gnu.org mailing list for the GCC project.


Index Nav: [Date Index] [Subject Index] [Author Index] [Thread Index]
Message Nav: [Date Prev] [Date Next] [Thread Prev] [Thread Next]
Other format: [Raw text]

Results for 3.5-tree-ssa-cfg (merged from tree-ssa 20030813) testsuite on alphaev67-unknown-linux-gnu


LAST_UPDATED: 
Native configuration is alphaev67-unknown-linux-gnu

		=== libjava tests ===


Running target unix
WARNING: program timed out.
FAIL: longfield run
WARNING: program timed out.
FAIL: shortfield run
WARNING: program timed out.
FAIL: calls run
WARNING: program timed out.
FAIL: cxxtest run
WARNING: program timed out.
FAIL: field run
WARNING: program timed out.
FAIL: final_method run
WARNING: program timed out.
FAIL: findclass run
WARNING: program timed out.
FAIL: invoke run
WARNING: program timed out.
FAIL: martin run
WARNING: program timed out.
FAIL: noclass run
WARNING: program timed out.
FAIL: overload run
WARNING: program timed out.
FAIL: register run
WARNING: program timed out.
FAIL: simple_int run
WARNING: program timed out.
FAIL: throwit run
WARNING: program timed out.
FAIL: virtual run
WARNING: program timed out.
FAIL: ArrayStore execution - source compiled test
WARNING: program timed out.
FAIL: ArrayStore execution - gij test
WARNING: program timed out.
FAIL: ArrayStore execution - bytecode->native test
WARNING: program timed out.
FAIL: ArrayStore -O execution - source compiled test
WARNING: program timed out.
FAIL: ArrayStore execution - gij test
WARNING: program timed out.
FAIL: ArrayStore -O execution - bytecode->native test
WARNING: program timed out.
FAIL: ArrayStore2 execution - source compiled test
WARNING: program timed out.
FAIL: ArrayStore2 execution - gij test
WARNING: program timed out.
FAIL: ArrayStore2 execution - bytecode->native test
WARNING: program timed out.
FAIL: ArrayStore2 -O execution - source compiled test
WARNING: program timed out.
FAIL: ArrayStore2 execution - gij test
WARNING: program timed out.
FAIL: ArrayStore2 -O execution - bytecode->native test
WARNING: program timed out.
FAIL: Array_1 execution - source compiled test
WARNING: program timed out.
FAIL: Array_1 execution - gij test
WARNING: program timed out.
FAIL: Array_1 execution - bytecode->native test
WARNING: program timed out.
FAIL: Array_1 -O execution - source compiled test
WARNING: program timed out.
FAIL: Array_1 execution - gij test
WARNING: program timed out.
FAIL: Array_1 -O execution - bytecode->native test
WARNING: program timed out.
FAIL: Array_2 execution - source compiled test
WARNING: program timed out.
FAIL: Array_2 execution - gij test
WARNING: program timed out.
FAIL: Array_2 execution - bytecode->native test
WARNING: program timed out.
FAIL: Array_2 -O execution - source compiled test
WARNING: program timed out.
FAIL: Array_2 execution - gij test
WARNING: program timed out.
FAIL: Array_2 -O execution - bytecode->native test
WARNING: program timed out.
FAIL: Array_3 execution - source compiled test
WARNING: program timed out.
FAIL: Array_3 execution - gij test
WARNING: program timed out.
FAIL: Array_3 execution - bytecode->native test
WARNING: program timed out.
FAIL: Array_3 -O execution - source compiled test
WARNING: program timed out.
FAIL: Array_3 execution - gij test
WARNING: program timed out.
FAIL: Array_3 -O execution - bytecode->native test
WARNING: program timed out.
FAIL: Class_1 execution - source compiled test
WARNING: program timed out.
FAIL: Class_1 execution - gij test
WARNING: program timed out.
FAIL: Class_1 execution - bytecode->native test
WARNING: program timed out.
FAIL: Class_1 -O execution - source compiled test
WARNING: program timed out.
FAIL: Class_1 execution - gij test
WARNING: program timed out.
FAIL: Class_1 -O execution - bytecode->native test
WARNING: program timed out.
FAIL: CompareNaN execution - source compiled test
WARNING: program timed out.
FAIL: CompareNaN execution - gij test
WARNING: program timed out.
FAIL: CompareNaN execution - bytecode->native test
WARNING: program timed out.
FAIL: CompareNaN -O execution - source compiled test
WARNING: program timed out.
FAIL: CompareNaN execution - gij test
WARNING: program timed out.
FAIL: CompareNaN -O execution - bytecode->native test
WARNING: program timed out.
FAIL: Divide_1 execution - source compiled test
WARNING: program timed out.
FAIL: Divide_1 execution - gij test
WARNING: program timed out.
FAIL: Divide_1 execution - bytecode->native test
WARNING: program timed out.
FAIL: Divide_1 -O execution - source compiled test
WARNING: program timed out.
FAIL: Divide_1 execution - gij test
WARNING: program timed out.
FAIL: Divide_1 -O execution - bytecode->native test
WARNING: program timed out.
FAIL: EvaluationOrder execution - source compiled test
WARNING: program timed out.
FAIL: EvaluationOrder execution - gij test
WARNING: program timed out.
FAIL: EvaluationOrder execution - bytecode->native test
WARNING: program timed out.
FAIL: EvaluationOrder -O execution - source compiled test
WARNING: program timed out.
FAIL: EvaluationOrder execution - gij test
WARNING: program timed out.
FAIL: EvaluationOrder -O execution - bytecode->native test
WARNING: program timed out.
FAIL: FileHandleGcTest execution - source compiled test
WARNING: program timed out.
FAIL: FileHandleGcTest execution - gij test
WARNING: program timed out.
FAIL: FileHandleGcTest execution - bytecode->native test
WARNING: program timed out.
FAIL: FileHandleGcTest -O execution - source compiled test
WARNING: program timed out.
FAIL: FileHandleGcTest execution - gij test
WARNING: program timed out.
FAIL: FileHandleGcTest -O execution - bytecode->native test
WARNING: program timed out.
FAIL: Final execution - source compiled test
WARNING: program timed out.
FAIL: Final execution - gij test
WARNING: program timed out.
FAIL: Final execution - bytecode->native test
WARNING: program timed out.
FAIL: Final -O execution - source compiled test
WARNING: program timed out.
FAIL: Final execution - gij test
WARNING: program timed out.
FAIL: Final -O execution - bytecode->native test
WARNING: program timed out.
FAIL: Float_1 execution - source compiled test
WARNING: program timed out.
FAIL: Float_1 execution - gij test
WARNING: program timed out.
FAIL: Float_1 execution - bytecode->native test
WARNING: program timed out.
FAIL: Float_1 -O execution - source compiled test
WARNING: program timed out.
FAIL: Float_1 execution - gij test
WARNING: program timed out.
FAIL: Float_1 -O execution - bytecode->native test
WARNING: program timed out.
FAIL: G19990301_01 execution - source compiled test
WARNING: program timed out.
FAIL: G19990301_01 execution - gij test
WARNING: program timed out.
FAIL: G19990301_01 execution - bytecode->native test
WARNING: program timed out.
FAIL: G19990301_01 -O execution - source compiled test
WARNING: program timed out.
FAIL: G19990301_01 execution - gij test
WARNING: program timed out.
FAIL: G19990301_01 -O execution - bytecode->native test
WARNING: program timed out.
FAIL: G19990302_02 execution - source compiled test
WARNING: program timed out.
FAIL: G19990302_02 execution - gij test
WARNING: program timed out.
FAIL: G19990302_02 execution - bytecode->native test
WARNING: program timed out.
FAIL: G19990302_02 -O execution - source compiled test
WARNING: program timed out.
FAIL: G19990302_02 execution - gij test
WARNING: program timed out.
FAIL: G19990302_02 -O execution - bytecode->native test
WARNING: program timed out.
FAIL: G19990303_01 execution - source compiled test
WARNING: program timed out.
FAIL: G19990303_01 execution - gij test
WARNING: program timed out.
FAIL: G19990303_01 execution - bytecode->native test
WARNING: program timed out.
FAIL: G19990303_01 -O execution - source compiled test
WARNING: program timed out.
FAIL: G19990303_01 execution - gij test
WARNING: program timed out.
FAIL: G19990303_01 -O execution - bytecode->native test
WARNING: program timed out.
FAIL: G19990303_02 execution - source compiled test
WARNING: program timed out.
FAIL: G19990303_02 execution - gij test
WARNING: program timed out.
FAIL: G19990303_02 execution - bytecode->native test
WARNING: program timed out.
FAIL: G19990303_02 -O execution - source compiled test
WARNING: program timed out.
FAIL: G19990303_02 execution - gij test
WARNING: program timed out.
FAIL: G19990303_02 -O execution - bytecode->native test
WARNING: program timed out.
FAIL: G19990304_01 execution - source compiled test
WARNING: program timed out.
FAIL: G19990304_01 execution - gij test
WARNING: program timed out.
FAIL: G19990304_01 execution - bytecode->native test
WARNING: program timed out.
FAIL: G19990304_01 -O execution - source compiled test
WARNING: program timed out.
FAIL: G19990304_01 execution - gij test
WARNING: program timed out.
FAIL: G19990304_01 -O execution - bytecode->native test
WARNING: program timed out.
FAIL: G19990310_01 execution - source compiled test
WARNING: program timed out.
FAIL: G19990310_01 execution - gij test
WARNING: program timed out.
FAIL: G19990310_01 execution - bytecode->native test
WARNING: program timed out.
FAIL: G19990310_01 -O execution - source compiled test
WARNING: program timed out.
FAIL: G19990310_01 execution - gij test
WARNING: program timed out.
FAIL: G19990310_01 -O execution - bytecode->native test
WARNING: program timed out.
FAIL: II execution - source compiled test
WARNING: program timed out.
FAIL: II execution - gij test
WARNING: program timed out.
FAIL: II execution - bytecode->native test
WARNING: program timed out.
FAIL: II -O execution - source compiled test
WARNING: program timed out.
FAIL: II execution - gij test
WARNING: program timed out.
FAIL: II -O execution - bytecode->native test
WARNING: program timed out.
FAIL: InterfaceDispatch execution - source compiled test
WARNING: program timed out.
FAIL: InterfaceDispatch execution - gij test
WARNING: program timed out.
FAIL: InterfaceDispatch execution - bytecode->native test
WARNING: program timed out.
FAIL: InterfaceDispatch -O execution - source compiled test
WARNING: program timed out.
FAIL: InterfaceDispatch execution - gij test
WARNING: program timed out.
FAIL: InterfaceDispatch -O execution - bytecode->native test
WARNING: program timed out.
FAIL: InvokeReturn execution - source compiled test
WARNING: program timed out.
FAIL: InvokeReturn execution - gij test
WARNING: program timed out.
FAIL: InvokeReturn execution - bytecode->native test
WARNING: program timed out.
FAIL: InvokeReturn -O execution - source compiled test
WARNING: program timed out.
FAIL: InvokeReturn execution - gij test
WARNING: program timed out.
FAIL: InvokeReturn -O execution - bytecode->native test
WARNING: program timed out.
FAIL: Invoke_1 execution - source compiled test
WARNING: program timed out.
FAIL: Invoke_1 execution - gij test
WARNING: program timed out.
FAIL: Invoke_1 execution - bytecode->native test
WARNING: program timed out.
FAIL: Invoke_1 -O execution - source compiled test
WARNING: program timed out.
FAIL: Invoke_1 execution - gij test
WARNING: program timed out.
FAIL: Invoke_1 -O execution - bytecode->native test
WARNING: program timed out.
FAIL: Invoke_2 execution - source compiled test
WARNING: program timed out.
FAIL: Invoke_2 execution - gij test
WARNING: program timed out.
FAIL: Invoke_2 execution - bytecode->native test
WARNING: program timed out.
FAIL: Invoke_2 -O execution - source compiled test
WARNING: program timed out.
FAIL: Invoke_2 execution - gij test
WARNING: program timed out.
FAIL: Invoke_2 -O execution - bytecode->native test
WARNING: program timed out.
FAIL: KeepInline execution - source compiled test
WARNING: program timed out.
FAIL: KeepInline execution - gij test
WARNING: program timed out.
FAIL: KeepInline execution - bytecode->native test
WARNING: program timed out.
FAIL: KeepInline -O execution - source compiled test
WARNING: program timed out.
FAIL: KeepInline execution - gij test
WARNING: program timed out.
FAIL: KeepInline -O execution - bytecode->native test
WARNING: program timed out.
FAIL: MathBuiltin execution - source compiled test
WARNING: program timed out.
FAIL: MathBuiltin execution - gij test
WARNING: program timed out.
FAIL: MathBuiltin execution - bytecode->native test
WARNING: program timed out.
FAIL: MathBuiltin -O execution - source compiled test
WARNING: program timed out.
FAIL: MathBuiltin execution - gij test
WARNING: program timed out.
FAIL: MathBuiltin -O execution - bytecode->native test
WARNING: program timed out.
FAIL: Matrix4f execution - source compiled test
WARNING: program timed out.
FAIL: Matrix4f execution - gij test
WARNING: program timed out.
FAIL: Matrix4f execution - bytecode->native test
WARNING: program timed out.
FAIL: Matrix4f -O execution - source compiled test
WARNING: program timed out.
FAIL: Matrix4f execution - gij test
WARNING: program timed out.
FAIL: Matrix4f -O execution - bytecode->native test
WARNING: program timed out.
FAIL: N19990310_02 execution - source compiled test
WARNING: program timed out.
FAIL: N19990310_02 execution - gij test
WARNING: program timed out.
FAIL: N19990310_02 execution - bytecode->native test
WARNING: program timed out.
FAIL: N19990310_02 -O execution - source compiled test
WARNING: program timed out.
FAIL: N19990310_02 execution - gij test
WARNING: program timed out.
FAIL: N19990310_02 -O execution - bytecode->native test
WARNING: program timed out.
FAIL: N19990310_3 execution - source compiled test
WARNING: program timed out.
FAIL: N19990310_3 execution - gij test
WARNING: program timed out.
FAIL: N19990310_3 execution - bytecode->native test
WARNING: program timed out.
FAIL: N19990310_3 -O execution - source compiled test
WARNING: program timed out.
FAIL: N19990310_3 execution - gij test
WARNING: program timed out.
FAIL: N19990310_3 -O execution - bytecode->native test
WARNING: program timed out.
FAIL: N19990310_4 execution - source compiled test
WARNING: program timed out.
FAIL: N19990310_4 execution - gij test
WARNING: program timed out.
FAIL: N19990310_4 execution - bytecode->native test
WARNING: program timed out.
FAIL: N19990310_4 -O execution - source compiled test
WARNING: program timed out.
FAIL: N19990310_4 execution - gij test
WARNING: program timed out.
FAIL: N19990310_4 -O execution - bytecode->native test
WARNING: program timed out.
FAIL: N19990310_5 execution - source compiled test
WARNING: program timed out.
FAIL: N19990310_5 execution - gij test
WARNING: program timed out.
FAIL: N19990310_5 execution - bytecode->native test
WARNING: program timed out.
FAIL: N19990310_5 -O execution - source compiled test
WARNING: program timed out.
FAIL: N19990310_5 execution - gij test
WARNING: program timed out.
FAIL: N19990310_5 -O execution - bytecode->native test
WARNING: program timed out.
FAIL: Overflow execution - source compiled test
WARNING: program timed out.
FAIL: Overflow execution - gij test
WARNING: program timed out.
FAIL: Overflow execution - bytecode->native test
WARNING: program timed out.
FAIL: Overflow -O execution - source compiled test
WARNING: program timed out.
FAIL: Overflow execution - gij test
WARNING: program timed out.
FAIL: Overflow -O execution - bytecode->native test
WARNING: program timed out.
FAIL: PR141 execution - source compiled test
WARNING: program timed out.
FAIL: PR141 execution - gij test
WARNING: program timed out.
FAIL: PR141 execution - bytecode->native test
WARNING: program timed out.
FAIL: PR141 -O execution - source compiled test
WARNING: program timed out.
FAIL: PR141 execution - gij test
WARNING: program timed out.
FAIL: PR141 -O execution - bytecode->native test
WARNING: program timed out.
FAIL: PR160 execution - source compiled test
WARNING: program timed out.
FAIL: PR160 execution - gij test
WARNING: program timed out.
FAIL: PR160 execution - bytecode->native test
WARNING: program timed out.
FAIL: PR160 -O execution - source compiled test
WARNING: program timed out.
FAIL: PR160 execution - gij test
WARNING: program timed out.
FAIL: PR160 -O execution - bytecode->native test
WARNING: program timed out.
FAIL: PR162 execution - source compiled test
WARNING: program timed out.
FAIL: PR162 execution - gij test
WARNING: program timed out.
FAIL: PR162 execution - bytecode->native test
WARNING: program timed out.
FAIL: PR162 -O execution - source compiled test
WARNING: program timed out.
FAIL: PR162 execution - gij test
WARNING: program timed out.
FAIL: PR162 -O execution - bytecode->native test
WARNING: program timed out.
FAIL: PR218 execution - source compiled test
WARNING: program timed out.
FAIL: PR218 execution - gij test
WARNING: program timed out.
FAIL: PR218 execution - bytecode->native test
WARNING: program timed out.
FAIL: PR218 -O execution - source compiled test
WARNING: program timed out.
FAIL: PR218 execution - gij test
WARNING: program timed out.
FAIL: PR218 -O execution - bytecode->native test
WARNING: program timed out.
FAIL: PR242 execution - source compiled test
WARNING: program timed out.
FAIL: PR242 execution - gij test
WARNING: program timed out.
FAIL: PR242 execution - bytecode->native test
WARNING: program timed out.
FAIL: PR242 -O execution - source compiled test
WARNING: program timed out.
FAIL: PR242 execution - gij test
WARNING: program timed out.
FAIL: PR242 -O execution - bytecode->native test
WARNING: program timed out.
FAIL: PR260 execution - source compiled test
WARNING: program timed out.
FAIL: PR260 execution - gij test
WARNING: program timed out.
FAIL: PR260 execution - bytecode->native test
WARNING: program timed out.
FAIL: PR260 -O execution - source compiled test
WARNING: program timed out.
FAIL: PR260 execution - gij test
WARNING: program timed out.
FAIL: PR260 -O execution - bytecode->native test
WARNING: program timed out.
FAIL: PR3096 execution - source compiled test
WARNING: program timed out.
FAIL: PR3096 execution - gij test
WARNING: program timed out.
FAIL: PR3096 execution - bytecode->native test
WARNING: program timed out.
FAIL: PR3096 -O execution - source compiled test
WARNING: program timed out.
FAIL: PR3096 execution - gij test
WARNING: program timed out.
FAIL: PR3096 -O execution - bytecode->native test
WARNING: program timed out.
FAIL: PR3731 execution - source compiled test
WARNING: program timed out.
FAIL: PR3731 execution - gij test
WARNING: program timed out.
FAIL: PR3731 execution - bytecode->native test
WARNING: program timed out.
FAIL: PR3731 -O execution - source compiled test
WARNING: program timed out.
FAIL: PR3731 execution - gij test
WARNING: program timed out.
FAIL: PR3731 -O execution - bytecode->native test
WARNING: program timed out.
FAIL: PR5057 execution - source compiled test
WARNING: program timed out.
FAIL: PR5057 execution - gij test
WARNING: program timed out.
FAIL: PR5057 execution - bytecode->native test
WARNING: program timed out.
FAIL: PR5057 -O execution - source compiled test
WARNING: program timed out.
FAIL: PR5057 execution - gij test
WARNING: program timed out.
FAIL: PR5057 -O execution - bytecode->native test
WARNING: program timed out.
FAIL: PR5057_2 execution - source compiled test
WARNING: program timed out.
FAIL: PR5057_2 execution - gij test
WARNING: program timed out.
FAIL: PR5057_2 execution - bytecode->native test
WARNING: program timed out.
FAIL: PR5057_2 -O execution - source compiled test
WARNING: program timed out.
FAIL: PR5057_2 execution - gij test
WARNING: program timed out.
FAIL: PR5057_2 -O execution - bytecode->native test
WARNING: program timed out.
FAIL: PR55 execution - source compiled test
WARNING: program timed out.
FAIL: PR55 execution - gij test
WARNING: program timed out.
FAIL: PR55 execution - bytecode->native test
WARNING: program timed out.
FAIL: PR55 -O execution - source compiled test
WARNING: program timed out.
FAIL: PR55 execution - gij test
WARNING: program timed out.
FAIL: PR55 -O execution - bytecode->native test
WARNING: program timed out.
FAIL: PR56 execution - source compiled test
WARNING: program timed out.
FAIL: PR56 execution - gij test
WARNING: program timed out.
FAIL: PR56 execution - bytecode->native test
WARNING: program timed out.
FAIL: PR56 -O execution - source compiled test
WARNING: program timed out.
FAIL: PR56 execution - gij test
WARNING: program timed out.
FAIL: PR56 -O execution - bytecode->native test
WARNING: program timed out.
FAIL: PR6085 execution - source compiled test
WARNING: program timed out.
FAIL: PR6085 execution - gij test
WARNING: program timed out.
FAIL: PR6085 execution - bytecode->native test
WARNING: program timed out.
FAIL: PR6085 -O execution - source compiled test
WARNING: program timed out.
FAIL: PR6085 execution - gij test
WARNING: program timed out.
FAIL: PR6085 -O execution - bytecode->native test
WARNING: program timed out.
FAIL: PR6204 execution - source compiled test
WARNING: program timed out.
FAIL: PR6204 execution - gij test
WARNING: program timed out.
FAIL: PR6204 execution - bytecode->native test
WARNING: program timed out.
FAIL: PR6204 -O execution - source compiled test
WARNING: program timed out.
FAIL: PR6204 execution - gij test
WARNING: program timed out.
FAIL: PR6204 -O execution - bytecode->native test
WARNING: program timed out.
FAIL: PR6729 execution - source compiled test
WARNING: program timed out.
FAIL: PR6729 execution - gij test
WARNING: program timed out.
FAIL: PR6729 execution - bytecode->native test
WARNING: program timed out.
FAIL: PR6729 -O execution - source compiled test
WARNING: program timed out.
FAIL: PR6729 execution - gij test
WARNING: program timed out.
FAIL: PR6729 -O execution - bytecode->native test
WARNING: program timed out.
FAIL: PR6820 execution - source compiled test
WARNING: program timed out.
FAIL: PR6820 execution - gij test
WARNING: program timed out.
FAIL: PR6820 execution - bytecode->native test
WARNING: program timed out.
FAIL: PR6820 -O execution - source compiled test
WARNING: program timed out.
FAIL: PR6820 execution - gij test
WARNING: program timed out.
FAIL: PR6820 -O execution - bytecode->native test
WARNING: program timed out.
FAIL: Shazam execution - source compiled test
WARNING: program timed out.
FAIL: Shazam execution - gij test
WARNING: program timed out.
FAIL: Shazam execution - bytecode->native test
WARNING: program timed out.
FAIL: Shazam -O execution - source compiled test
WARNING: program timed out.
FAIL: Shazam execution - gij test
WARNING: program timed out.
FAIL: Shazam -O execution - bytecode->native test
WARNING: program timed out.
FAIL: StaticConstructor execution - source compiled test
WARNING: program timed out.
FAIL: StaticConstructor execution - gij test
WARNING: program timed out.
FAIL: StaticConstructor execution - bytecode->native test
WARNING: program timed out.
FAIL: StaticConstructor -O execution - source compiled test
WARNING: program timed out.
FAIL: StaticConstructor execution - gij test
WARNING: program timed out.
FAIL: StaticConstructor -O execution - bytecode->native test
WARNING: program timed out.
FAIL: StringBuffer_1 execution - source compiled test
WARNING: program timed out.
FAIL: StringBuffer_1 execution - gij test
WARNING: program timed out.
FAIL: StringBuffer_1 execution - bytecode->native test
WARNING: program timed out.
FAIL: StringBuffer_1 -O execution - source compiled test
WARNING: program timed out.
FAIL: StringBuffer_1 execution - gij test
WARNING: program timed out.
FAIL: StringBuffer_1 -O execution - bytecode->native test
WARNING: program timed out.
FAIL: SyncGlobal execution - source compiled test
WARNING: program timed out.
FAIL: SyncGlobal execution - gij test
WARNING: program timed out.
FAIL: SyncGlobal execution - bytecode->native test
WARNING: program timed out.
FAIL: SyncGlobal -O execution - source compiled test
WARNING: program timed out.
FAIL: SyncGlobal execution - gij test
WARNING: program timed out.
FAIL: SyncGlobal -O execution - bytecode->native test
WARNING: program timed out.
FAIL: SyncTest execution - source compiled test
WARNING: program timed out.
FAIL: SyncTest execution - gij test
WARNING: program timed out.
FAIL: SyncTest execution - bytecode->native test
WARNING: program timed out.
FAIL: SyncTest -O execution - source compiled test
WARNING: program timed out.
FAIL: SyncTest execution - gij test
WARNING: program timed out.
FAIL: SyncTest -O execution - bytecode->native test
WARNING: program timed out.
FAIL: Synch execution - source compiled test
WARNING: program timed out.
FAIL: Synch execution - gij test
WARNING: program timed out.
FAIL: Synch execution - bytecode->native test
WARNING: program timed out.
FAIL: Synch -O execution - source compiled test
WARNING: program timed out.
FAIL: Synch execution - gij test
WARNING: program timed out.
FAIL: Synch -O execution - bytecode->native test
WARNING: program timed out.
FAIL: TLtest execution - source compiled test
WARNING: program timed out.
FAIL: TLtest execution - gij test
WARNING: program timed out.
FAIL: TLtest execution - bytecode->native test
WARNING: program timed out.
FAIL: TLtest -O execution - source compiled test
WARNING: program timed out.
FAIL: TLtest execution - gij test
WARNING: program timed out.
FAIL: TLtest -O execution - bytecode->native test
WARNING: program timed out.
FAIL: TestProxy execution - source compiled test
WARNING: program timed out.
FAIL: TestProxy execution - gij test
WARNING: program timed out.
FAIL: TestProxy execution - bytecode->native test
WARNING: program timed out.
FAIL: TestProxy -O execution - source compiled test
WARNING: program timed out.
FAIL: TestProxy execution - gij test
WARNING: program timed out.
FAIL: TestProxy -O execution - bytecode->native test
WARNING: program timed out.
FAIL: Thread_Alive execution - source compiled test
WARNING: program timed out.
FAIL: Thread_Alive execution - gij test
WARNING: program timed out.
FAIL: Thread_Alive execution - bytecode->native test
WARNING: program timed out.
FAIL: Thread_Alive -O execution - source compiled test
WARNING: program timed out.
FAIL: Thread_Alive execution - gij test
WARNING: program timed out.
FAIL: Thread_Alive -O execution - bytecode->native test
WARNING: program timed out.
FAIL: Thread_Interrupt execution - source compiled test
WARNING: program timed out.
FAIL: Thread_Interrupt execution - gij test
WARNING: program timed out.
FAIL: Thread_Interrupt execution - bytecode->native test
WARNING: program timed out.
FAIL: Thread_Interrupt -O execution - source compiled test
WARNING: program timed out.
FAIL: Thread_Interrupt execution - gij test
WARNING: program timed out.
FAIL: Thread_Interrupt -O execution - bytecode->native test
WARNING: program timed out.
FAIL: Thread_Join execution - source compiled test
WARNING: program timed out.
FAIL: Thread_Join execution - gij test
WARNING: program timed out.
FAIL: Thread_Join execution - bytecode->native test
WARNING: program timed out.
FAIL: Thread_Join -O execution - source compiled test
WARNING: program timed out.
FAIL: Thread_Join execution - gij test
WARNING: program timed out.
FAIL: Thread_Join -O execution - bytecode->native test
WARNING: program timed out.
FAIL: Thread_Monitor execution - source compiled test
WARNING: program timed out.
FAIL: Thread_Monitor execution - gij test
WARNING: program timed out.
FAIL: Thread_Monitor execution - bytecode->native test
WARNING: program timed out.
FAIL: Thread_Monitor -O execution - source compiled test
WARNING: program timed out.
FAIL: Thread_Monitor execution - gij test
WARNING: program timed out.
FAIL: Thread_Monitor -O execution - bytecode->native test
WARNING: program timed out.
FAIL: Thread_Sleep execution - source compiled test
WARNING: program timed out.
FAIL: Thread_Sleep execution - gij test
WARNING: program timed out.
FAIL: Thread_Sleep execution - bytecode->native test
WARNING: program timed out.
FAIL: Thread_Sleep -O execution - source compiled test
WARNING: program timed out.
FAIL: Thread_Sleep execution - gij test
WARNING: program timed out.
FAIL: Thread_Sleep -O execution - bytecode->native test
WARNING: program timed out.
FAIL: Thread_Wait execution - source compiled test
WARNING: program timed out.
FAIL: Thread_Wait execution - gij test
WARNING: program timed out.
FAIL: Thread_Wait execution - bytecode->native test
WARNING: program timed out.
FAIL: Thread_Wait -O execution - source compiled test
WARNING: program timed out.
FAIL: Thread_Wait execution - gij test
WARNING: program timed out.
FAIL: Thread_Wait -O execution - bytecode->native test
WARNING: program timed out.
FAIL: Thread_Wait_2 execution - source compiled test
WARNING: program timed out.
FAIL: Thread_Wait_2 execution - gij test
WARNING: program timed out.
FAIL: Thread_Wait_2 execution - bytecode->native test
WARNING: program timed out.
FAIL: Thread_Wait_2 -O execution - source compiled test
WARNING: program timed out.
FAIL: Thread_Wait_2 execution - gij test
WARNING: program timed out.
FAIL: Thread_Wait_2 -O execution - bytecode->native test
WARNING: program timed out.
FAIL: Thread_Wait_Interrupt execution - source compiled test
WARNING: program timed out.
FAIL: Thread_Wait_Interrupt execution - gij test
WARNING: program timed out.
FAIL: Thread_Wait_Interrupt execution - bytecode->native test
WARNING: program timed out.
FAIL: Thread_Wait_Interrupt -O execution - source compiled test
WARNING: program timed out.
FAIL: Thread_Wait_Interrupt execution - gij test
WARNING: program timed out.
FAIL: Thread_Wait_Interrupt -O execution - bytecode->native test
WARNING: program timed out.
FAIL: Throw_1 execution - source compiled test
WARNING: program timed out.
FAIL: Throw_1 execution - gij test
WARNING: program timed out.
FAIL: Throw_1 execution - bytecode->native test
WARNING: program timed out.
FAIL: Throw_1 -O execution - source compiled test
WARNING: program timed out.
FAIL: Throw_1 execution - gij test
WARNING: program timed out.
FAIL: Throw_1 -O execution - bytecode->native test
WARNING: program timed out.
FAIL: Throw_2 execution - source compiled test
WARNING: program timed out.
FAIL: Throw_2 execution - gij test
WARNING: program timed out.
FAIL: Throw_2 execution - bytecode->native test
WARNING: program timed out.
FAIL: Throw_2 -O execution - source compiled test
WARNING: program timed out.
FAIL: Throw_2 execution - gij test
WARNING: program timed out.
FAIL: Throw_2 -O execution - bytecode->native test
WARNING: program timed out.
FAIL: anfi execution - source compiled test
WARNING: program timed out.
FAIL: anfi execution - gij test
WARNING: program timed out.
FAIL: anfi execution - bytecode->native test
WARNING: program timed out.
FAIL: anfi -O execution - source compiled test
WARNING: program timed out.
FAIL: anfi execution - gij test
WARNING: program timed out.
FAIL: anfi -O execution - bytecode->native test
WARNING: program timed out.
FAIL: anon execution - source compiled test
WARNING: program timed out.
FAIL: anon execution - gij test
WARNING: program timed out.
FAIL: anon execution - bytecode->native test
WARNING: program timed out.
FAIL: anon -O execution - source compiled test
WARNING: program timed out.
FAIL: anon execution - gij test
WARNING: program timed out.
FAIL: anon -O execution - bytecode->native test
WARNING: program timed out.
FAIL: anon2 execution - source compiled test
WARNING: program timed out.
FAIL: anon2 execution - gij test
WARNING: program timed out.
FAIL: anon2 execution - bytecode->native test
WARNING: program timed out.
FAIL: anon2 -O execution - source compiled test
WARNING: program timed out.
FAIL: anon2 execution - gij test
WARNING: program timed out.
FAIL: anon2 -O execution - bytecode->native test
WARNING: program timed out.
FAIL: anon3 execution - source compiled test
WARNING: program timed out.
FAIL: anon3 execution - gij test
WARNING: program timed out.
FAIL: anon3 execution - bytecode->native test
WARNING: program timed out.
FAIL: anon3 -O execution - source compiled test
WARNING: program timed out.
FAIL: anon3 execution - gij test
WARNING: program timed out.
FAIL: anon3 -O execution - bytecode->native test
WARNING: program timed out.
FAIL: anon4 execution - source compiled test
WARNING: program timed out.
FAIL: anon4 execution - gij test
WARNING: program timed out.
FAIL: anon4 execution - bytecode->native test
WARNING: program timed out.
FAIL: anon4 -O execution - source compiled test
WARNING: program timed out.
FAIL: anon4 execution - gij test
WARNING: program timed out.
FAIL: anon4 -O execution - bytecode->native test
WARNING: program timed out.
FAIL: anon_ctor_itf_arg execution - source compiled test
WARNING: program timed out.
FAIL: anon_ctor_itf_arg execution - gij test
WARNING: program timed out.
FAIL: anon_ctor_itf_arg execution - bytecode->native test
WARNING: program timed out.
FAIL: anon_ctor_itf_arg -O execution - source compiled test
WARNING: program timed out.
FAIL: anon_ctor_itf_arg execution - gij test
WARNING: program timed out.
FAIL: anon_ctor_itf_arg -O execution - bytecode->native test
WARNING: program timed out.
FAIL: anonarray execution - source compiled test
WARNING: program timed out.
FAIL: anonarray execution - gij test
WARNING: program timed out.
FAIL: anonarray execution - bytecode->native test
WARNING: program timed out.
FAIL: anonarray -O execution - source compiled test
WARNING: program timed out.
FAIL: anonarray execution - gij test
WARNING: program timed out.
FAIL: anonarray -O execution - bytecode->native test
WARNING: program timed out.
FAIL: anonarray2 execution - source compiled test
WARNING: program timed out.
FAIL: anonarray2 execution - gij test
WARNING: program timed out.
FAIL: anonarray2 execution - bytecode->native test
WARNING: program timed out.
FAIL: anonarray2 -O execution - source compiled test
WARNING: program timed out.
FAIL: anonarray2 execution - gij test
WARNING: program timed out.
FAIL: anonarray2 -O execution - bytecode->native test
WARNING: program timed out.
FAIL: anonarray3 execution - source compiled test
WARNING: program timed out.
FAIL: anonarray3 execution - gij test
WARNING: program timed out.
FAIL: anonarray3 execution - bytecode->native test
WARNING: program timed out.
FAIL: anonarray3 -O execution - source compiled test
WARNING: program timed out.
FAIL: anonarray3 execution - gij test
WARNING: program timed out.
FAIL: anonarray3 -O execution - bytecode->native test
WARNING: program timed out.
FAIL: assign execution - source compiled test
WARNING: program timed out.
FAIL: assign execution - gij test
WARNING: program timed out.
FAIL: assign execution - bytecode->native test
WARNING: program timed out.
FAIL: assign -O execution - source compiled test
WARNING: program timed out.
FAIL: assign execution - gij test
WARNING: program timed out.
FAIL: assign -O execution - bytecode->native test
WARNING: program timed out.
FAIL: direct_read execution - source compiled test
WARNING: program timed out.
FAIL: direct_read execution - gij test
WARNING: program timed out.
FAIL: direct_read execution - bytecode->native test
WARNING: program timed out.
FAIL: direct_read -O execution - source compiled test
WARNING: program timed out.
FAIL: direct_read execution - gij test
WARNING: program timed out.
FAIL: direct_read -O execution - bytecode->native test
WARNING: program timed out.
FAIL: direct_write execution - source compiled test
WARNING: program timed out.
FAIL: direct_write execution - gij test
WARNING: program timed out.
FAIL: direct_write execution - bytecode->native test
WARNING: program timed out.
FAIL: direct_write -O execution - source compiled test
WARNING: program timed out.
FAIL: direct_write execution - gij test
WARNING: program timed out.
FAIL: direct_write -O execution - bytecode->native test
WARNING: program timed out.
FAIL: emptystring execution - source compiled test
WARNING: program timed out.
FAIL: emptystring execution - gij test
WARNING: program timed out.
FAIL: emptystring execution - bytecode->native test
WARNING: program timed out.
FAIL: emptystring -O execution - source compiled test
WARNING: program timed out.
FAIL: emptystring execution - gij test
WARNING: program timed out.
FAIL: emptystring -O execution - bytecode->native test
WARNING: program timed out.
FAIL: err1 execution - source compiled test
WARNING: program timed out.
FAIL: err1 execution - gij test
WARNING: program timed out.
FAIL: err1 execution - bytecode->native test
WARNING: program timed out.
FAIL: err1 -O execution - source compiled test
WARNING: program timed out.
FAIL: err1 execution - gij test
WARNING: program timed out.
FAIL: err1 -O execution - bytecode->native test
WARNING: program timed out.
FAIL: err10 execution - source compiled test
WARNING: program timed out.
FAIL: err10 execution - gij test
WARNING: program timed out.
FAIL: err10 execution - bytecode->native test
WARNING: program timed out.
FAIL: err10 -O execution - source compiled test
WARNING: program timed out.
FAIL: err10 execution - gij test
WARNING: program timed out.
FAIL: err10 -O execution - bytecode->native test
WARNING: program timed out.
FAIL: err11 execution - source compiled test
WARNING: program timed out.
FAIL: err11 execution - gij test
WARNING: program timed out.
FAIL: err11 execution - bytecode->native test
WARNING: program timed out.
FAIL: err11 -O execution - source compiled test
WARNING: program timed out.
FAIL: err11 execution - gij test
WARNING: program timed out.
FAIL: err11 -O execution - bytecode->native test
WARNING: program timed out.
FAIL: err12 execution - source compiled test
WARNING: program timed out.
FAIL: err12 execution - gij test
WARNING: program timed out.
FAIL: err12 execution - bytecode->native test
WARNING: program timed out.
FAIL: err12 -O execution - source compiled test
WARNING: program timed out.
FAIL: err12 execution - gij test
WARNING: program timed out.
FAIL: err12 -O execution - bytecode->native test
WARNING: program timed out.
FAIL: err13 execution - source compiled test
WARNING: program timed out.
FAIL: err13 execution - gij test
WARNING: program timed out.
FAIL: err13 execution - bytecode->native test
WARNING: program timed out.
FAIL: err13 -O execution - source compiled test
WARNING: program timed out.
FAIL: err13 execution - gij test
WARNING: program timed out.
FAIL: err13 -O execution - bytecode->native test
WARNING: program timed out.
FAIL: err2 execution - source compiled test
WARNING: program timed out.
FAIL: err2 execution - gij test
WARNING: program timed out.
FAIL: err2 execution - bytecode->native test
WARNING: program timed out.
FAIL: err2 -O execution - source compiled test
WARNING: program timed out.
FAIL: err2 execution - gij test
WARNING: program timed out.
FAIL: err2 -O execution - bytecode->native test
WARNING: program timed out.
FAIL: err3 execution - source compiled test
WARNING: program timed out.
FAIL: err3 execution - gij test
WARNING: program timed out.
FAIL: err3 execution - bytecode->native test
WARNING: program timed out.
FAIL: err3 -O execution - source compiled test
WARNING: program timed out.
FAIL: err3 execution - gij test
WARNING: program timed out.
FAIL: err3 -O execution - bytecode->native test
WARNING: program timed out.
FAIL: err4 execution - source compiled test
WARNING: program timed out.
FAIL: err4 execution - gij test
WARNING: program timed out.
FAIL: err4 execution - bytecode->native test
WARNING: program timed out.
FAIL: err4 -O execution - source compiled test
WARNING: program timed out.
FAIL: err4 execution - gij test
WARNING: program timed out.
FAIL: err4 -O execution - bytecode->native test
WARNING: program timed out.
FAIL: err5 execution - source compiled test
WARNING: program timed out.
FAIL: err5 execution - gij test
WARNING: program timed out.
FAIL: err5 execution - bytecode->native test
WARNING: program timed out.
FAIL: err5 -O execution - source compiled test
WARNING: program timed out.
FAIL: err5 execution - gij test
WARNING: program timed out.
FAIL: err5 -O execution - bytecode->native test
WARNING: program timed out.
FAIL: err6 execution - source compiled test
WARNING: program timed out.
FAIL: err6 execution - gij test
WARNING: program timed out.
FAIL: err6 execution - bytecode->native test
WARNING: program timed out.
FAIL: err6 -O execution - source compiled test
WARNING: program timed out.
FAIL: err6 execution - gij test
WARNING: program timed out.
FAIL: err6 -O execution - bytecode->native test
WARNING: program timed out.
FAIL: err7 execution - source compiled test
WARNING: program timed out.
FAIL: err7 execution - gij test
WARNING: program timed out.
FAIL: err7 execution - bytecode->native test
WARNING: program timed out.
FAIL: err7 -O execution - source compiled test
WARNING: program timed out.
FAIL: err7 execution - gij test
WARNING: program timed out.
FAIL: err7 -O execution - bytecode->native test
WARNING: program timed out.
FAIL: err8 execution - source compiled test
WARNING: program timed out.
FAIL: err8 execution - gij test
WARNING: program timed out.
FAIL: err8 execution - bytecode->native test
WARNING: program timed out.
FAIL: err8 -O execution - source compiled test
WARNING: program timed out.
FAIL: err8 execution - gij test
WARNING: program timed out.
FAIL: err8 -O execution - bytecode->native test
WARNING: program timed out.
FAIL: err9 execution - source compiled test
WARNING: program timed out.
FAIL: err9 execution - gij test
WARNING: program timed out.
FAIL: err9 execution - bytecode->native test
WARNING: program timed out.
FAIL: err9 -O execution - source compiled test
WARNING: program timed out.
FAIL: err9 execution - gij test
WARNING: program timed out.
FAIL: err9 -O execution - bytecode->native test
WARNING: program timed out.
FAIL: final_inner execution - source compiled test
WARNING: program timed out.
FAIL: final_inner execution - gij test
WARNING: program timed out.
FAIL: final_inner execution - bytecode->native test
WARNING: program timed out.
FAIL: final_inner -O execution - source compiled test
WARNING: program timed out.
FAIL: final_inner execution - gij test
WARNING: program timed out.
FAIL: final_inner -O execution - bytecode->native test
WARNING: program timed out.
FAIL: final_int execution - source compiled test
WARNING: program timed out.
FAIL: final_int execution - gij test
WARNING: program timed out.
FAIL: final_int execution - bytecode->native test
WARNING: program timed out.
FAIL: final_int -O execution - source compiled test
WARNING: program timed out.
FAIL: final_int execution - gij test
WARNING: program timed out.
FAIL: final_int -O execution - bytecode->native test
WARNING: program timed out.
FAIL: final_static_and_friend execution - source compiled test
WARNING: program timed out.
FAIL: final_static_and_friend execution - gij test
WARNING: program timed out.
FAIL: final_static_and_friend execution - bytecode->native test
WARNING: program timed out.
FAIL: final_static_and_friend -O execution - source compiled test
WARNING: program timed out.
FAIL: final_static_and_friend execution - gij test
WARNING: program timed out.
FAIL: final_static_and_friend -O execution - bytecode->native test
WARNING: program timed out.
FAIL: indirect execution - source compiled test
WARNING: program timed out.
FAIL: indirect execution - gij test
WARNING: program timed out.
FAIL: indirect execution - bytecode->native test
WARNING: program timed out.
FAIL: indirect -O execution - source compiled test
WARNING: program timed out.
FAIL: indirect execution - gij test
WARNING: program timed out.
FAIL: indirect -O execution - bytecode->native test
WARNING: program timed out.
FAIL: indirect_read execution - source compiled test
WARNING: program timed out.
FAIL: indirect_read execution - gij test
WARNING: program timed out.
FAIL: indirect_read execution - bytecode->native test
WARNING: program timed out.
FAIL: indirect_read -O execution - source compiled test
WARNING: program timed out.
FAIL: indirect_read execution - gij test
WARNING: program timed out.
FAIL: indirect_read -O execution - bytecode->native test
WARNING: program timed out.
FAIL: indirect_write execution - source compiled test
WARNING: program timed out.
FAIL: indirect_write execution - gij test
WARNING: program timed out.
FAIL: indirect_write execution - bytecode->native test
WARNING: program timed out.
FAIL: indirect_write -O execution - source compiled test
WARNING: program timed out.
FAIL: indirect_write execution - gij test
WARNING: program timed out.
FAIL: indirect_write -O execution - bytecode->native test
WARNING: program timed out.
FAIL: initexc execution - source compiled test
WARNING: program timed out.
FAIL: initexc execution - gij test
WARNING: program timed out.
FAIL: initexc execution - bytecode->native test
WARNING: program timed out.
FAIL: initexc -O execution - source compiled test
WARNING: program timed out.
FAIL: initexc execution - gij test
WARNING: program timed out.
FAIL: initexc -O execution - bytecode->native test
WARNING: program timed out.
FAIL: initfield execution - source compiled test
WARNING: program timed out.
FAIL: initfield execution - gij test
WARNING: program timed out.
FAIL: initfield execution - bytecode->native test
WARNING: program timed out.
FAIL: initfield -O execution - source compiled test
WARNING: program timed out.
FAIL: initfield execution - gij test
WARNING: program timed out.
FAIL: initfield -O execution - bytecode->native test
WARNING: program timed out.
FAIL: inline execution - source compiled test
WARNING: program timed out.
FAIL: inline execution - gij test
WARNING: program timed out.
FAIL: inline execution - bytecode->native test
WARNING: program timed out.
FAIL: inline -O execution - source compiled test
WARNING: program timed out.
FAIL: inline execution - gij test
WARNING: program timed out.
FAIL: inline -O execution - bytecode->native test
WARNING: program timed out.
FAIL: inner1 execution - source compiled test
WARNING: program timed out.
FAIL: inner1 execution - gij test
WARNING: program timed out.
FAIL: inner1 execution - bytecode->native test
WARNING: program timed out.
FAIL: inner1 -O execution - source compiled test
WARNING: program timed out.
FAIL: inner1 execution - gij test
WARNING: program timed out.
FAIL: inner1 -O execution - bytecode->native test
WARNING: program timed out.
FAIL: inner2 execution - source compiled test
WARNING: program timed out.
FAIL: inner2 execution - gij test
WARNING: program timed out.
FAIL: inner2 execution - bytecode->native test
WARNING: program timed out.
FAIL: inner2 -O execution - source compiled test
WARNING: program timed out.
FAIL: inner2 execution - gij test
WARNING: program timed out.
FAIL: inner2 -O execution - bytecode->native test
WARNING: program timed out.
FAIL: inner3 execution - source compiled test
WARNING: program timed out.
FAIL: inner3 execution - gij test
WARNING: program timed out.
FAIL: inner3 execution - bytecode->native test
WARNING: program timed out.
FAIL: inner3 -O execution - source compiled test
WARNING: program timed out.
FAIL: inner3 execution - gij test
WARNING: program timed out.
FAIL: inner3 -O execution - bytecode->native test
WARNING: program timed out.
FAIL: inner4 execution - source compiled test
WARNING: program timed out.
FAIL: inner4 execution - gij test
WARNING: program timed out.
FAIL: inner4 execution - bytecode->native test
WARNING: program timed out.
FAIL: inner4 -O execution - source compiled test
WARNING: program timed out.
FAIL: inner4 execution - gij test
WARNING: program timed out.
FAIL: inner4 -O execution - bytecode->native test
WARNING: program timed out.
FAIL: inner_array execution - source compiled test
WARNING: program timed out.
FAIL: inner_array execution - gij test
WARNING: program timed out.
FAIL: inner_array execution - bytecode->native test
WARNING: program timed out.
FAIL: inner_array -O execution - source compiled test
WARNING: program timed out.
FAIL: inner_array execution - gij test
WARNING: program timed out.
FAIL: inner_array -O execution - bytecode->native test
WARNING: program timed out.
FAIL: inner_interface execution - source compiled test
WARNING: program timed out.
FAIL: inner_interface execution - gij test
WARNING: program timed out.
FAIL: inner_interface execution - bytecode->native test
WARNING: program timed out.
FAIL: inner_interface -O execution - source compiled test
WARNING: program timed out.
FAIL: inner_interface execution - gij test
WARNING: program timed out.
FAIL: inner_interface -O execution - bytecode->native test
WARNING: program timed out.
FAIL: instance execution - source compiled test
WARNING: program timed out.
FAIL: instance execution - gij test
WARNING: program timed out.
FAIL: instance execution - bytecode->native test
WARNING: program timed out.
FAIL: instance -O execution - source compiled test
WARNING: program timed out.
FAIL: instance execution - gij test
WARNING: program timed out.
FAIL: instance -O execution - bytecode->native test
WARNING: program timed out.
FAIL: instinit execution - source compiled test
WARNING: program timed out.
FAIL: instinit execution - gij test
WARNING: program timed out.
FAIL: instinit execution - bytecode->native test
WARNING: program timed out.
FAIL: instinit -O execution - source compiled test
WARNING: program timed out.
FAIL: instinit execution - gij test
WARNING: program timed out.
FAIL: instinit -O execution - bytecode->native test
WARNING: program timed out.
FAIL: instinit2 execution - source compiled test
WARNING: program timed out.
FAIL: instinit2 execution - gij test
WARNING: program timed out.
FAIL: instinit2 execution - bytecode->native test
WARNING: program timed out.
FAIL: instinit2 -O execution - source compiled test
WARNING: program timed out.
FAIL: instinit2 execution - gij test
WARNING: program timed out.
FAIL: instinit2 -O execution - bytecode->native test
WARNING: program timed out.
FAIL: invoke_from_inner execution - source compiled test
WARNING: program timed out.
FAIL: invoke_from_inner execution - gij test
WARNING: program timed out.
FAIL: invoke_from_inner execution - bytecode->native test
WARNING: program timed out.
FAIL: invoke_from_inner -O execution - source compiled test
WARNING: program timed out.
FAIL: invoke_from_inner execution - gij test
WARNING: program timed out.
FAIL: invoke_from_inner -O execution - bytecode->native test
WARNING: program timed out.
FAIL: invokethrow execution - source compiled test
WARNING: program timed out.
FAIL: invokethrow execution - gij test
WARNING: program timed out.
FAIL: invokethrow execution - bytecode->native test
WARNING: program timed out.
FAIL: invokethrow -O execution - source compiled test
WARNING: program timed out.
FAIL: invokethrow execution - gij test
WARNING: program timed out.
FAIL: invokethrow -O execution - bytecode->native test
WARNING: program timed out.
FAIL: klass execution - source compiled test
WARNING: program timed out.
FAIL: klass execution - gij test
WARNING: program timed out.
FAIL: klass execution - bytecode->native test
WARNING: program timed out.
FAIL: klass -O execution - source compiled test
WARNING: program timed out.
FAIL: klass execution - gij test
WARNING: program timed out.
FAIL: klass -O execution - bytecode->native test
WARNING: program timed out.
FAIL: multiple_finit execution - source compiled test
WARNING: program timed out.
FAIL: multiple_finit execution - gij test
WARNING: program timed out.
FAIL: multiple_finit execution - bytecode->native test
WARNING: program timed out.
FAIL: multiple_finit -O execution - source compiled test
WARNING: program timed out.
FAIL: multiple_finit execution - gij test
WARNING: program timed out.
FAIL: multiple_finit -O execution - bytecode->native test
WARNING: program timed out.
FAIL: negzero execution - source compiled test
WARNING: program timed out.
FAIL: negzero execution - gij test
WARNING: program timed out.
FAIL: negzero execution - bytecode->native test
WARNING: program timed out.
FAIL: negzero -O execution - source compiled test
WARNING: program timed out.
FAIL: negzero execution - gij test
WARNING: program timed out.
FAIL: negzero -O execution - bytecode->native test
WARNING: program timed out.
FAIL: nested_with_ctor execution - source compiled test
WARNING: program timed out.
FAIL: nested_with_ctor execution - gij test
WARNING: program timed out.
FAIL: nested_with_ctor execution - bytecode->native test
WARNING: program timed out.
FAIL: nested_with_ctor -O execution - source compiled test
WARNING: program timed out.
FAIL: nested_with_ctor execution - gij test
WARNING: program timed out.
FAIL: nested_with_ctor -O execution - bytecode->native test
WARNING: program timed out.
FAIL: override execution - source compiled test
WARNING: program timed out.
FAIL: override execution - gij test
WARNING: program timed out.
FAIL: override execution - bytecode->native test
WARNING: program timed out.
FAIL: override -O execution - source compiled test
WARNING: program timed out.
FAIL: override execution - gij test
WARNING: program timed out.
FAIL: override -O execution - bytecode->native test
WARNING: program timed out.
FAIL: pr109 execution - source compiled test
WARNING: program timed out.
FAIL: pr109 execution - gij test
WARNING: program timed out.
FAIL: pr109 execution - bytecode->native test
WARNING: program timed out.
FAIL: pr109 -O execution - source compiled test
WARNING: program timed out.
FAIL: pr109 execution - gij test
WARNING: program timed out.
FAIL: pr109 -O execution - bytecode->native test
WARNING: program timed out.
FAIL: pr133 execution - source compiled test
WARNING: program timed out.
FAIL: pr133 execution - gij test
WARNING: program timed out.
FAIL: pr133 execution - bytecode->native test
WARNING: program timed out.
FAIL: pr133 -O execution - source compiled test
WARNING: program timed out.
FAIL: pr133 execution - gij test
WARNING: program timed out.
FAIL: pr133 -O execution - bytecode->native test
WARNING: program timed out.
FAIL: pr179 execution - source compiled test
WARNING: program timed out.
FAIL: pr179 execution - gij test
WARNING: program timed out.
FAIL: pr179 execution - bytecode->native test
WARNING: program timed out.
FAIL: pr179 -O execution - source compiled test
WARNING: program timed out.
FAIL: pr179 execution - gij test
WARNING: program timed out.
FAIL: pr179 -O execution - bytecode->native test
WARNING: program timed out.
FAIL: pr184 execution - source compiled test
WARNING: program timed out.
FAIL: pr184 execution - gij test
WARNING: program timed out.
FAIL: pr184 execution - bytecode->native test
WARNING: program timed out.
FAIL: pr184 -O execution - source compiled test
WARNING: program timed out.
FAIL: pr184 execution - gij test
WARNING: program timed out.
FAIL: pr184 -O execution - bytecode->native test
WARNING: program timed out.
FAIL: pr6388 execution - source compiled test
WARNING: program timed out.
FAIL: pr6388 execution - gij test
WARNING: program timed out.
FAIL: pr6388 execution - bytecode->native test
WARNING: program timed out.
FAIL: pr6388 -O execution - source compiled test
WARNING: program timed out.
FAIL: pr6388 execution - gij test
WARNING: program timed out.
FAIL: pr6388 -O execution - bytecode->native test
WARNING: program timed out.
FAIL: pr83 execution - source compiled test
WARNING: program timed out.
FAIL: pr83 execution - gij test
WARNING: program timed out.
FAIL: pr83 execution - bytecode->native test
WARNING: program timed out.
FAIL: pr83 -O execution - source compiled test
WARNING: program timed out.
FAIL: pr83 execution - gij test
WARNING: program timed out.
FAIL: pr83 -O execution - bytecode->native test
WARNING: program timed out.
FAIL: pr8415 execution - source compiled test
WARNING: program timed out.
FAIL: pr8415 execution - gij test
WARNING: program timed out.
FAIL: pr8415 execution - bytecode->native test
WARNING: program timed out.
FAIL: pr8415 -O execution - source compiled test
WARNING: program timed out.
FAIL: pr8415 execution - gij test
WARNING: program timed out.
FAIL: pr8415 -O execution - bytecode->native test
WARNING: program timed out.
FAIL: pr8676 execution - source compiled test
WARNING: program timed out.
FAIL: pr8676 execution - gij test
WARNING: program timed out.
FAIL: pr8676 execution - bytecode->native test
WARNING: program timed out.
FAIL: pr8676 -O execution - source compiled test
WARNING: program timed out.
FAIL: pr8676 execution - gij test
WARNING: program timed out.
FAIL: pr8676 -O execution - bytecode->native test
WARNING: program timed out.
FAIL: pr8823 execution - source compiled test
WARNING: program timed out.
FAIL: pr8823 execution - gij test
WARNING: program timed out.
FAIL: pr8823 -O execution - source compiled test
WARNING: program timed out.
FAIL: pr8823 execution - gij test
WARNING: program timed out.
FAIL: pr8945 execution - source compiled test
WARNING: program timed out.
FAIL: pr8945 execution - gij test
WARNING: program timed out.
FAIL: pr8945 execution - bytecode->native test
WARNING: program timed out.
FAIL: pr8945 -O execution - source compiled test
WARNING: program timed out.
FAIL: pr8945 execution - gij test
WARNING: program timed out.
FAIL: pr8945 -O execution - bytecode->native test
WARNING: program timed out.
FAIL: private_direct_read execution - source compiled test
WARNING: program timed out.
FAIL: private_direct_read execution - gij test
WARNING: program timed out.
FAIL: private_direct_read execution - bytecode->native test
WARNING: program timed out.
FAIL: private_direct_read -O execution - source compiled test
WARNING: program timed out.
FAIL: private_direct_read execution - gij test
WARNING: program timed out.
FAIL: private_direct_read -O execution - bytecode->native test
WARNING: program timed out.
FAIL: search_outer execution - source compiled test
WARNING: program timed out.
FAIL: search_outer execution - gij test
WARNING: program timed out.
FAIL: search_outer execution - bytecode->native test
WARNING: program timed out.
FAIL: search_outer -O execution - source compiled test
WARNING: program timed out.
FAIL: search_outer execution - gij test
WARNING: program timed out.
FAIL: search_outer -O execution - bytecode->native test
WARNING: program timed out.
FAIL: stringconst execution - source compiled test
WARNING: program timed out.
FAIL: stringconst execution - gij test
WARNING: program timed out.
FAIL: stringconst execution - bytecode->native test
WARNING: program timed out.
FAIL: stringconst -O execution - source compiled test
WARNING: program timed out.
FAIL: stringconst execution - gij test
WARNING: program timed out.
FAIL: stringconst -O execution - bytecode->native test
WARNING: program timed out.
FAIL: stringconst2 execution - source compiled test
WARNING: program timed out.
FAIL: stringconst2 execution - gij test
WARNING: program timed out.
FAIL: stringconst2 execution - bytecode->native test
WARNING: program timed out.
FAIL: stringconst2 -O execution - source compiled test
WARNING: program timed out.
FAIL: stringconst2 execution - gij test
WARNING: program timed out.
FAIL: stringconst2 -O execution - bytecode->native test
WARNING: program timed out.
FAIL: stub execution - source compiled test
WARNING: program timed out.
FAIL: stub execution - gij test
WARNING: program timed out.
FAIL: stub execution - bytecode->native test
WARNING: program timed out.
FAIL: stub -O execution - source compiled test
WARNING: program timed out.
FAIL: stub execution - gij test
WARNING: program timed out.
FAIL: stub -O execution - bytecode->native test
WARNING: program timed out.
FAIL: test_long execution - source compiled test
WARNING: program timed out.
FAIL: test_long execution - gij test
WARNING: program timed out.
FAIL: test_long execution - bytecode->native test
WARNING: program timed out.
FAIL: test_long -O execution - source compiled test
WARNING: program timed out.
FAIL: test_long execution - gij test
WARNING: program timed out.
FAIL: test_long -O execution - bytecode->native test
WARNING: program timed out.
FAIL: tmi execution - source compiled test
WARNING: program timed out.
FAIL: tmi execution - gij test
WARNING: program timed out.
FAIL: tmi execution - bytecode->native test
WARNING: program timed out.
FAIL: tmi -O execution - source compiled test
WARNING: program timed out.
FAIL: tmi execution - gij test
WARNING: program timed out.
FAIL: tmi -O execution - bytecode->native test
WARNING: program timed out.
FAIL: tp execution - source compiled test
WARNING: program timed out.
FAIL: tp execution - gij test
WARNING: program timed out.
FAIL: tp execution - bytecode->native test
WARNING: program timed out.
FAIL: tp -O execution - source compiled test
WARNING: program timed out.
FAIL: tp execution - gij test
WARNING: program timed out.
FAIL: tp -O execution - bytecode->native test
WARNING: program timed out.
FAIL: update_outer execution - source compiled test
WARNING: program timed out.
FAIL: update_outer execution - gij test
WARNING: program timed out.
FAIL: update_outer execution - bytecode->native test
WARNING: program timed out.
FAIL: update_outer -O execution - source compiled test
WARNING: program timed out.
FAIL: update_outer execution - gij test
WARNING: program timed out.
FAIL: update_outer -O execution - bytecode->native test
WARNING: program timed out.
FAIL: utf8concat execution - source compiled test
WARNING: program timed out.
FAIL: utf8concat execution - gij test
WARNING: program timed out.
FAIL: utf8concat execution - bytecode->native test
WARNING: program timed out.
FAIL: utf8concat -O execution - source compiled test
WARNING: program timed out.
FAIL: utf8concat execution - gij test
WARNING: program timed out.
FAIL: utf8concat -O execution - bytecode->native test
WARNING: program timed out.
FAIL: utilTest execution - source compiled test
WARNING: program timed out.
FAIL: utilTest execution - gij test
WARNING: program timed out.
FAIL: utilTest execution - bytecode->native test
WARNING: program timed out.
FAIL: utilTest -O execution - source compiled test
WARNING: program timed out.
FAIL: utilTest execution - gij test
WARNING: program timed out.
FAIL: utilTest -O execution - bytecode->native test
WARNING: program timed out.
FAIL: verify execution - source compiled test
WARNING: program timed out.
FAIL: verify execution - gij test
WARNING: program timed out.
FAIL: verify execution - bytecode->native test
WARNING: program timed out.
FAIL: verify -O execution - source compiled test
WARNING: program timed out.
FAIL: verify execution - gij test
WARNING: program timed out.
FAIL: verify -O execution - bytecode->native test
WARNING: program timed out.
FAIL: /home/cygnus/dnovillo/perf/sbox/tree-ssa-cfg-branch/local.alpha/bld.dorothy/alphaev67-unknown-linux-gnu/libjava/testsuite/TestEarlyGC.exe execution - /home/cygnus/dnovillo/perf/sbox/tree-ssa-cfg-branch/local.alpha/bld.dorothy/alphaev67-unknown-linux-gnu/libjava/testsuite/TestEarlyGC.exe
WARNING: program timed out.
FAIL: /home/cygnus/dnovillo/perf/sbox/tree-ssa-cfg-branch/local.alpha/bld.dorothy/alphaev67-unknown-linux-gnu/libjava/testsuite/TestLeak.exe execution - /home/cygnus/dnovillo/perf/sbox/tree-ssa-cfg-branch/local.alpha/bld.dorothy/alphaev67-unknown-linux-gnu/libjava/testsuite/TestLeak.exe
WARNING: program timed out.
FAIL: /home/cygnus/dnovillo/perf/sbox/tree-ssa-cfg-branch/local.alpha/bld.dorothy/alphaev67-unknown-linux-gnu/libjava/testsuite/TestMultiple.exe execution - /home/cygnus/dnovillo/perf/sbox/tree-ssa-cfg-branch/local.alpha/bld.dorothy/alphaev67-unknown-linux-gnu/libjava/testsuite/TestMultiple.exe
WARNING: program timed out.
FAIL: /home/cygnus/dnovillo/perf/sbox/tree-ssa-cfg-branch/local.alpha/bld.dorothy/alphaev67-unknown-linux-gnu/libjava/testsuite/TestParent.exe execution - /home/cygnus/dnovillo/perf/sbox/tree-ssa-cfg-branch/local.alpha/bld.dorothy/alphaev67-unknown-linux-gnu/libjava/testsuite/TestParent.exe

		=== libjava Summary ===

# of expected passes		1386
# of unexpected failures	845
# of expected failures		10
# of untested testcases		857
		=== libmudflap tests ===


Running target unix
FAIL: libmudflap.c/pass-stratcliff.c execution test
FAIL: libmudflap.c/pass-stratcliff.c (-static) execution test
FAIL: libmudflap.c/pass-stratcliff.c (-O2) execution test
FAIL: libmudflap.c/pass-stratcliff.c (-O3) execution test
FAIL: libmudflap.c++/fail24-frag.cxx (-O3) output pattern test
FAIL: libmudflap.c++/pass28-frag.cxx (-O3) execution test
FAIL: libmudflap.c++/pass31-frag.cxx (-O3) execution test

		=== libmudflap Summary ===

# of expected passes		981
# of unexpected failures	7

		=== libstdc++-v3 check-abi Summary ===

# of added symbols:		 195
# of missing symbols:		 176
# of incompatible symbols:	 180
		=== libstdc++-v3 tests ===


Running target unix
FAIL: 19_diagnostics/stdexceptions.cc execution test
FAIL: 20_util/allocator_members.cc execution test
FAIL: 21_strings/basic_string/append/char/1.cc execution test
FAIL: 21_strings/basic_string/append/wchar_t/1.cc execution test
FAIL: 21_strings/basic_string/cons/char/1.cc execution test
FAIL: 21_strings/basic_string/cons/char/3.cc execution test
FAIL: 21_strings/basic_string/cons/wchar_t/1.cc execution test
FAIL: 21_strings/basic_string/cons/wchar_t/3.cc execution test
FAIL: 21_strings/basic_string/element_access/char/1.cc execution test
FAIL: 21_strings/basic_string/element_access/wchar_t/1.cc execution test
FAIL: 21_strings/basic_string/insert/char/1.cc execution test
FAIL: 21_strings/basic_string/insert/wchar_t/1.cc execution test
FAIL: 21_strings/basic_string/substr/char/1.cc execution test
FAIL: 21_strings/basic_string/substr/wchar_t/1.cc execution test
FAIL: 22_locale/codecvt/always_noconv/wchar_t/3.cc execution test
FAIL: 22_locale/codecvt/encoding/wchar_t/3.cc execution test
FAIL: 22_locale/codecvt/encoding/wchar_t/wrapped_locale.cc execution test
FAIL: 22_locale/codecvt/in/wchar_t/3.cc execution test
FAIL: 22_locale/codecvt/length/wchar_t/3.cc execution test
FAIL: 22_locale/codecvt/max_length/wchar_t/3.cc execution test
FAIL: 22_locale/codecvt/max_length/wchar_t/wrapped_locale.cc execution test
FAIL: 22_locale/codecvt/out/wchar_t/3.cc execution test
FAIL: 22_locale/codecvt/unshift/wchar_t/3.cc execution test
FAIL: 22_locale/collate/transform/char/2.cc execution test
FAIL: 22_locale/collate/transform/char/3.cc execution test
FAIL: 22_locale/collate/transform/char/wrapped_env.cc execution test
FAIL: 22_locale/collate/transform/char/wrapped_locale.cc execution test
FAIL: 22_locale/collate/transform/wchar_t/3.cc execution test
FAIL: 22_locale/collate_byname/1.cc execution test
FAIL: 22_locale/ctype/narrow/wchar_t/3.cc execution test
FAIL: 22_locale/ctype/widen/wchar_t/2.cc execution test
FAIL: 22_locale/ctype/widen/wchar_t/3.cc execution test
FAIL: 22_locale/locale/cons/2.cc execution test
FAIL: 22_locale/numpunct/members/pod/2.cc execution test
FAIL: 23_containers/bitset_ctor.cc execution test
FAIL: 23_containers/bitset_members.cc execution test
FAIL: 23_containers/deque_ctor.cc execution test
FAIL: 23_containers/list_modifiers.cc execution test
FAIL: 23_containers/vector_capacity.cc execution test
FAIL: 23_containers/vector_ctor.cc execution test
FAIL: 23_containers/vector_element_access.cc execution test
FAIL: 23_containers/vector_resize.cc execution test
FAIL: 26_numerics/fabs_inline.cc (test for excess errors)
WARNING: 26_numerics/fabs_inline.cc compilation failed to produce executable
FAIL: 27_io/basic_filebuf/cons/wchar_t/10132-1.cc execution test
FAIL: 27_io/basic_filebuf/underflow/wchar_t/9520.cc execution test
FAIL: 27_io/basic_ios/copyfmt/char/1.cc execution test
FAIL: 27_io/basic_ios/exceptions/char/1.cc execution test
FAIL: 27_io/basic_istream/exceptions/char/9561.cc execution test
FAIL: 27_io/basic_istream/sentry/char/3983-fstream.cc execution test
FAIL: 27_io/basic_istream/sentry/char/3983-sstream.cc execution test
FAIL: 27_io/basic_ostream/exceptions/char/9561.cc execution test
FAIL: 27_io/basic_ostream/inserters_arithmetic/char/9555-oa.cc execution test
FAIL: 27_io/basic_ostream/inserters_character/char/9555-oc.cc execution test
FAIL: 27_io/basic_ostream/sentry/char/3983-fstream.cc execution test
FAIL: 27_io/basic_ostream/sentry/char/3983-sstream.cc execution test
FAIL: 27_io/ios_base/storage/2.cc execution test
FAIL: 27_io/objects/char/6.cc execution test
FAIL: 27_io/objects/wchar_t/10.cc execution test
FAIL: 27_io/objects/wchar_t/6.cc execution test

		=== libstdc++-v3 Summary ===

# of expected passes		1963
# of unexpected failures	59
# of expected failures		10
		=== g++ tests ===


Running target unix
FAIL: g++.dg/compat/eh/ctor1 cp_compat_x_tst.o-cp_compat_y_tst.o execute 
FAIL: g++.dg/compat/eh/ctor2 cp_compat_x_tst.o-cp_compat_y_tst.o execute 
FAIL: g++.dg/compat/eh/dtor1 cp_compat_x_tst.o-cp_compat_y_tst.o execute 
FAIL: g++.dg/compat/eh/filter1 cp_compat_x_tst.o-cp_compat_y_tst.o execute 
FAIL: g++.dg/compat/eh/filter2 cp_compat_x_tst.o-cp_compat_y_tst.o execute 
FAIL: g++.dg/compat/eh/new1 cp_compat_x_tst.o-cp_compat_y_tst.o execute 
FAIL: g++.dg/compat/eh/nrv1 cp_compat_x_tst.o-cp_compat_y_tst.o execute 
FAIL: g++.dg/compat/eh/spec3 cp_compat_x_tst.o-cp_compat_y_tst.o execute 
FAIL: g++.dg/compat/eh/template1 cp_compat_x_tst.o-cp_compat_y_tst.o execute 
FAIL: g++.dg/compat/eh/unexpected1 cp_compat_x_tst.o-cp_compat_y_tst.o execute 
FAIL: g++.dg/compat/init/array5 cp_compat_x_tst.o-cp_compat_y_tst.o execute 
FAIL: g++.dg/eh/cond1.C execution test
FAIL: g++.dg/eh/ctor1.C execution test
FAIL: g++.dg/eh/ctor2.C execution test
FAIL: g++.dg/eh/dtor1.C execution test
FAIL: g++.dg/eh/filter1.C execution test
FAIL: g++.dg/eh/filter2.C execution test
FAIL: g++.dg/eh/forced1.C execution test
FAIL: g++.dg/eh/forced2.C execution test
FAIL: g++.dg/eh/forced3.C execution test
FAIL: g++.dg/eh/forced4.C execution test
FAIL: g++.dg/eh/loop1.C execution test
FAIL: g++.dg/eh/loop2.C execution test
FAIL: g++.dg/eh/new1.C execution test
FAIL: g++.dg/eh/omit-frame-pointer.C execution test
FAIL: g++.dg/eh/omit-frame-pointer2.C execution test
FAIL: g++.dg/eh/registers1.C execution test
FAIL: g++.dg/eh/simd-1.C execution test
FAIL: g++.dg/eh/simd-2.C execution test
FAIL: g++.dg/eh/spec3.C execution test
FAIL: g++.dg/eh/template1.C execution test
FAIL: g++.dg/eh/unexpected1.C execution test
FAIL: g++.dg/ext/pretty1.C scan-assembler top level
FAIL: g++.dg/ext/pretty2.C (test for excess errors)
WARNING: g++.dg/ext/pretty2.C compilation failed to produce executable
FAIL: g++.dg/init/array10.C (test for excess errors)
FAIL: g++.dg/init/array5.C execution test
FAIL: g++.dg/init/ctor1.C execution test
FAIL: g++.dg/opt/template1.C scan-assembler-not foo1
FAIL: 23:is 2:should be 1
FAIL: g++.dg/gcov/gcov-2.C gcov: 1 failures in line counts, 0 in branch percentages, 0 in return percentages
FAIL: g++.old-deja/g++.abi/cxa_vec.C execution test
FAIL: g++.old-deja/g++.brendan/crash13.C  (test for errors, line 34)
FAIL: g++.old-deja/g++.brendan/crash13.C (test for excess errors)
FAIL: g++.old-deja/g++.brendan/eh1.C execution test
FAIL: g++.old-deja/g++.bugs/900205_03.C  (test for errors, line 21)
FAIL: g++.old-deja/g++.bugs/900205_03.C  (test for errors, line 24)
FAIL: g++.old-deja/g++.bugs/900205_03.C  (test for errors, line 44)
FAIL: g++.old-deja/g++.bugs/900205_03.C  (test for errors, line 47)
FAIL: g++.old-deja/g++.bugs/900205_03.C (test for excess errors)
FAIL: g++.old-deja/g++.eh/badalloc1.C execution test
FAIL: g++.old-deja/g++.eh/catch11.C execution test
FAIL: g++.old-deja/g++.eh/catch12.C execution test
FAIL: g++.old-deja/g++.eh/catch3.C execution test
FAIL: g++.old-deja/g++.eh/catch3p.C execution test
FAIL: g++.old-deja/g++.eh/catch4.C execution test
FAIL: g++.old-deja/g++.eh/catch4p.C execution test
FAIL: g++.old-deja/g++.eh/catch5.C execution test
FAIL: g++.old-deja/g++.eh/catch5p.C execution test
FAIL: g++.old-deja/g++.eh/catch6.C execution test
FAIL: g++.old-deja/g++.eh/catch6p.C execution test
FAIL: g++.old-deja/g++.eh/catch7.C execution test
FAIL: g++.old-deja/g++.eh/catch7p.C execution test
FAIL: g++.old-deja/g++.eh/catch8.C execution test
FAIL: g++.old-deja/g++.eh/catch8p.C execution test
FAIL: g++.old-deja/g++.eh/catch9.C execution test
FAIL: g++.old-deja/g++.eh/catch9p.C execution test
FAIL: g++.old-deja/g++.eh/catchptr1.C execution test
FAIL: g++.old-deja/g++.eh/cleanup1.C execution test
FAIL: g++.old-deja/g++.eh/cleanup2.C execution test
FAIL: g++.old-deja/g++.eh/flow1.C execution test
FAIL: g++.old-deja/g++.eh/fntry1.C execution test
FAIL: g++.old-deja/g++.eh/ia64-1.C execution test
FAIL: g++.old-deja/g++.eh/inline2.C execution test
FAIL: g++.old-deja/g++.eh/new1.C execution test
FAIL: g++.old-deja/g++.eh/new2.C execution test
FAIL: g++.old-deja/g++.eh/pdel1.C execution test
FAIL: g++.old-deja/g++.eh/pdel2.C execution test
FAIL: g++.old-deja/g++.eh/ptr1.C execution test
FAIL: g++.old-deja/g++.eh/ptrmem1.C execution test
FAIL: g++.old-deja/g++.eh/rethrow1.C execution test
FAIL: g++.old-deja/g++.eh/rethrow2.C execution test
FAIL: g++.old-deja/g++.eh/rethrow3.C execution test
FAIL: g++.old-deja/g++.eh/rethrow4.C execution test
FAIL: g++.old-deja/g++.eh/rethrow5.C execution test
FAIL: g++.old-deja/g++.eh/rethrow6.C execution test
FAIL: g++.old-deja/g++.eh/spec1.C execution test
FAIL: g++.old-deja/g++.eh/spec2.C execution test
FAIL: g++.old-deja/g++.eh/spec3.C execution test
FAIL: g++.old-deja/g++.eh/spec4.C execution test
FAIL: g++.old-deja/g++.eh/terminate1.C execution test
FAIL: g++.old-deja/g++.eh/terminate2.C execution test
FAIL: g++.old-deja/g++.eh/tmpl1.C execution test
FAIL: g++.old-deja/g++.eh/unwind1.C execution test
FAIL: g++.old-deja/g++.eh/vbase1.C execution test
FAIL: g++.old-deja/g++.eh/vbase2.C execution test
FAIL: g++.old-deja/g++.eh/vbase4.C execution test
FAIL: g++.old-deja/g++.law/friend5.C  (test for errors, line 19)
FAIL: g++.old-deja/g++.law/friend5.C  (test for errors, line 24)
FAIL: g++.old-deja/g++.law/friend5.C (test for excess errors)
FAIL: g++.old-deja/g++.martin/new1.C execution test
FAIL: g++.old-deja/g++.mike/dyncast1.C execution test
FAIL: g++.old-deja/g++.mike/dyncast2.C execution test
FAIL: g++.old-deja/g++.mike/eh10.C execution test
FAIL: g++.old-deja/g++.mike/eh12.C execution test
FAIL: g++.old-deja/g++.mike/eh14.C execution test
FAIL: g++.old-deja/g++.mike/eh16.C execution test
FAIL: g++.old-deja/g++.mike/eh17.C execution test
FAIL: g++.old-deja/g++.mike/eh18.C execution test
FAIL: g++.old-deja/g++.mike/eh2.C execution test
FAIL: g++.old-deja/g++.mike/eh21.C execution test
FAIL: g++.old-deja/g++.mike/eh23.C execution test
FAIL: g++.old-deja/g++.mike/eh24.C execution test
FAIL: g++.old-deja/g++.mike/eh25.C execution test
FAIL: g++.old-deja/g++.mike/eh26.C execution test
FAIL: g++.old-deja/g++.mike/eh27.C execution test
FAIL: g++.old-deja/g++.mike/eh28.C execution test
FAIL: g++.old-deja/g++.mike/eh29.C execution test
FAIL: g++.old-deja/g++.mike/eh3.C execution test
FAIL: g++.old-deja/g++.mike/eh31.C execution test
FAIL: g++.old-deja/g++.mike/eh33.C execution test
FAIL: g++.old-deja/g++.mike/eh34.C execution test
FAIL: g++.old-deja/g++.mike/eh35.C execution test
FAIL: g++.old-deja/g++.mike/eh36.C execution test
FAIL: g++.old-deja/g++.mike/eh37.C execution test
FAIL: g++.old-deja/g++.mike/eh38.C execution test
FAIL: g++.old-deja/g++.mike/eh39.C execution test
FAIL: g++.old-deja/g++.mike/eh40.C execution test
FAIL: g++.old-deja/g++.mike/eh41.C execution test
FAIL: g++.old-deja/g++.mike/eh42.C execution test
FAIL: g++.old-deja/g++.mike/eh44.C execution test
FAIL: g++.old-deja/g++.mike/eh47.C execution test
FAIL: g++.old-deja/g++.mike/eh48.C execution test
FAIL: g++.old-deja/g++.mike/eh49.C execution test
FAIL: g++.old-deja/g++.mike/eh5.C execution test
FAIL: g++.old-deja/g++.mike/eh50.C execution test
FAIL: g++.old-deja/g++.mike/eh51.C execution test
FAIL: g++.old-deja/g++.mike/eh55.C execution test
FAIL: g++.old-deja/g++.mike/eh6.C execution test
FAIL: g++.old-deja/g++.mike/eh8.C execution test
WARNING: g++.old-deja/g++.mike/p10769a.C compilation failed to produce executable
FAIL: g++.old-deja/g++.mike/p646.C  (test for warnings, line 104)
FAIL: g++.old-deja/g++.mike/p646.C  (test for warnings, line 112)
FAIL: g++.old-deja/g++.mike/p646.C  (test for warnings, line 120)
FAIL: g++.old-deja/g++.mike/p646.C  (test for warnings, line 127)
FAIL: g++.old-deja/g++.mike/p646.C  (test for warnings, line 133)
FAIL: g++.old-deja/g++.mike/p646.C (test for excess errors)
FAIL: g++.old-deja/g++.mike/p7912.C execution test
FAIL: g++.old-deja/g++.mike/p9706.C execution test
FAIL: g++.old-deja/g++.oliva/delete3.C execution test
FAIL: g++.old-deja/g++.oliva/new1.C execution test
FAIL: g++.old-deja/g++.other/array1.C execution test
FAIL: g++.old-deja/g++.other/eh3.C execution test
WARNING: g++.old-deja/g++.other/enum5.C compilation failed to produce executable
FAIL: g++.old-deja/g++.other/init7.C execution test
FAIL: g++.old-deja/g++.other/new7.C execution test
FAIL: g++.old-deja/g++.other/singleton.C execution test
FAIL: g++.old-deja/g++.other/vaarg3.C  (test for errors, line 23)
FAIL: g++.old-deja/g++.other/vaarg3.C  (test for errors, line 26)
FAIL: g++.old-deja/g++.other/vbase2.C execution test
FAIL: g++.old-deja/g++.pt/fntry1.C execution test
WARNING: g++.old-deja/g++.pt/friend44.C compilation failed to produce executable
FAIL: g++.old-deja/g++.robertl/eb132.C (test for excess errors)
FAIL: g++.old-deja/g++.robertl/eb31.C execution test
FAIL: g++.old-deja/g++.robertl/eb50.C execution test
FAIL: g++.old-deja/g++.robertl/eb66.C execution test
FAIL: g++.old-deja/g++.robertl/eb88.C execution test
FAIL: g++.old-deja/g++.robertl/eh990323-1.C execution test
FAIL: g++.old-deja/g++.robertl/eh990323-2.C execution test
FAIL: g++.old-deja/g++.robertl/eh990323-3.C execution test
FAIL: g++.old-deja/g++.robertl/eh990323-4.C execution test
FAIL: g++.old-deja/g++.robertl/eh990323-5.C execution test
FAIL: g++.old-deja/g++.robertl/ice990323-2.C execution test

		=== g++ Summary ===

# of expected passes		8574
# of unexpected failures	169
# of expected failures		67
# of unsupported tests		54
/dorothy/dnovillo/sbox/tree-ssa-cfg-branch/bld.dorothy/gcc/testsuite/../g++ version 3.5-tree-ssa-cfg (merged from tree-ssa 20030813)

		=== g77 tests ===


Running target unix
FAIL: g77.f-torture/execute/980520-1.f compilation,  -O0 

		=== g77 Summary ===

# of expected passes		1746
# of unexpected failures	1
# of untested testcases		1
# of unsupported tests		6
/dorothy/dnovillo/sbox/tree-ssa-cfg-branch/bld.dorothy/gcc/testsuite/../g77 version 3.5-tree-ssa-cfg (merged from tree-ssa 20030813)

		=== gcc tests ===


Running target unix
XPASS: gcc.c-torture/execute/930529-1.c execution,  -O3 -fomit-frame-pointer 
XPASS: gcc.c-torture/execute/930529-1.c execution,  -O3 -fomit-frame-pointer -funroll-loops 
XPASS: gcc.c-torture/execute/930529-1.c execution,  -O3 -fomit-frame-pointer -funroll-all-loops -finline-functions 
XPASS: gcc.c-torture/execute/930529-1.c execution,  -O3 -g 
FAIL: gcc.c-torture/execute/string-opt-7.c execution,  -O1 
FAIL: gcc.c-torture/execute/string-opt-7.c execution,  -O2 
FAIL: gcc.c-torture/execute/string-opt-7.c execution,  -O3 -fomit-frame-pointer 
FAIL: gcc.c-torture/execute/string-opt-7.c execution,  -O3 -g 
FAIL: gcc.c-torture/execute/string-opt-7.c execution,  -Os 
UNRESOLVED: gcc.c-torture/execute/wchar_t-1.c execution,  -O0 
UNRESOLVED: gcc.c-torture/execute/wchar_t-1.c execution,  -O1 
UNRESOLVED: gcc.c-torture/execute/wchar_t-1.c execution,  -O2 
UNRESOLVED: gcc.c-torture/execute/wchar_t-1.c execution,  -O3 -fomit-frame-pointer 
UNRESOLVED: gcc.c-torture/execute/wchar_t-1.c execution,  -O3 -g 
UNRESOLVED: gcc.c-torture/execute/wchar_t-1.c execution,  -Os 
FAIL: gcc.dg/compat/vector-1 c_compat_x_tst.o compile
FAIL: gcc.dg/compat/vector-1 c_compat_y_tst.o compile
UNRESOLVED: gcc.dg/compat/vector-1 c_compat_x_tst.o-c_compat_y_tst.o link 
UNRESOLVED: gcc.dg/compat/vector-1 c_compat_x_tst.o-c_compat_y_tst.o execute 
FAIL: gcc.dg/compat/vector-2 c_compat_x_tst.o compile
FAIL: gcc.dg/compat/vector-2 c_compat_y_tst.o compile
UNRESOLVED: gcc.dg/compat/vector-2 c_compat_x_tst.o-c_compat_y_tst.o link 
UNRESOLVED: gcc.dg/compat/vector-2 c_compat_x_tst.o-c_compat_y_tst.o execute 
FAIL: gcc.dg/cpp/cmdlne-M.c (test for excess errors)
FAIL: gcc.dg/cpp/cmdlne-dD-M.c (test for excess errors)
ERROR: gcc.dg/cpp/cmdlne-dD-M.c: error executing dg-final: couldn't open "cmdlne-dD-M.i": no such file or directory
UNRESOLVED: gcc.dg/cpp/cmdlne-dD-M.c: error executing dg-final: couldn't open "cmdlne-dD-M.i": no such file or directory
FAIL: gcc.dg/cpp/cmdlne-dI-M.c (test for excess errors)
ERROR: gcc.dg/cpp/cmdlne-dI-M.c: error executing dg-final: couldn't open "cmdlne-dI-M.i": no such file or directory
UNRESOLVED: gcc.dg/cpp/cmdlne-dI-M.c: error executing dg-final: couldn't open "cmdlne-dI-M.i": no such file or directory
FAIL: gcc.dg/cpp/cmdlne-dM-M.c (test for excess errors)
ERROR: gcc.dg/cpp/cmdlne-dM-M.c: error executing dg-final: couldn't open "cmdlne-dM-M.i": no such file or directory
UNRESOLVED: gcc.dg/cpp/cmdlne-dM-M.c: error executing dg-final: couldn't open "cmdlne-dM-M.i": no such file or directory
FAIL: gcc.dg/cpp/cmdlne-dN-M.c (test for excess errors)
ERROR: gcc.dg/cpp/cmdlne-dN-M.c: error executing dg-final: couldn't open "cmdlne-dN-M.i": no such file or directory
UNRESOLVED: gcc.dg/cpp/cmdlne-dN-M.c: error executing dg-final: couldn't open "cmdlne-dN-M.i": no such file or directory
FAIL: gcc.dg/20010516-1.c (test for excess errors)
FAIL: gcc.dg/20030331-2.c (test for excess errors)
FAIL: gcc.dg/20030711-1.c execution test
FAIL: gcc.dg/Wpadded.c (test for excess errors)
FAIL: gcc.dg/asm-7.c  (test for warnings, line 12)
FAIL: gcc.dg/asm-7.c  (test for warnings, line 15)
FAIL: gcc.dg/asm-7.c  (test for warnings, line 16)
FAIL: gcc.dg/asm-7.c  (test for warnings, line 25)
FAIL: gcc.dg/asm-7.c (test for excess errors)
FAIL: gcc.dg/builtins-10.c (test for excess errors)
FAIL: gcc.dg/builtins-26.c (test for excess errors)
FAIL: gcc.dg/builtins-7.c (test for excess errors)
FAIL: gcc.dg/cleanup-8.c execution test
FAIL: gcc.dg/cleanup-9.c execution test
FAIL: gcc.dg/old-style-asm-1.c scan-assembler L(:|\\\$0*)?2
XPASS: gcc.dg/uninit-4.c uninitialized variable warning (test for bogus messages, line 26)
XPASS: gcc.dg/uninit-5.c uninitialized variable warning (test for bogus messages, line 13)
XPASS: gcc.dg/uninit-5.c uninitialized variable warning (test for bogus messages, line 27)
FAIL: gcc.dg/uninit-A.c uninitialized variable warning (test for bogus messages, line 52)
FAIL: gcc.dg/uninit-A.c uninitialized variable warning (test for bogus messages, line 53)
FAIL: gcc.dg/warn-1.c  (test for warnings, line 8)
FAIL: gcc.dg/warn-1.c  (test for warnings, line 15)
FAIL: gcc.dg/warn-1.c (test for excess errors)
FAIL: gcc.dg/tree-ssa/20030711-2.c scan-tree-dump-times rtmem 1
FAIL: gcc.dg/tree-ssa/20030728-1.c scan-tree-dump-times  = 0 2
FAIL: gcc.dg/tree-ssa/20030729-1.c scan-tree-dump-times \\(unsigned int\\) 0
FAIL: gcc.dg/tree-ssa/20030729-1.c scan-tree-dump-times common.code 1
FAIL: gcc.dg/tree-ssa/20030729-1.c scan-tree-dump-times if  1
FAIL: gcc.dg/tree-ssa/20030730-1.c (test for excess errors)
FAIL: gcc.dg/tree-ssa/20030730-2.c (test for excess errors)
FAIL: gcc.dg/tree-ssa/20030807-1.c scan-tree-dump-times if  2
FAIL: gcc.dg/tree-ssa/20030807-4.c scan-tree-dump-times if  4
FAIL: gcc.dg/tree-ssa/20030807-7.c scan-tree-dump-times if  1
FAIL: gcc.dg/tree-ssa/20030807-9.c scan-tree-dump-times if  0
FAIL: gcc.dg/tree-ssa/ssa-ccp-2.c scan-tree-dump-times link_error 0
FAIL: gcc.dg/tree-ssa/ssa-ccp-3.c scan-tree-dump-times link_error 0
FAIL: gcc.dg/tree-ssa/ssa-ccp-4.c scan-tree-dump-times link_error 0
FAIL: gcc.dg/tree-ssa/ssa-ccp-5.c scan-tree-dump-times link_error 0
FAIL: gcc.dg/tree-ssa/ssa-ccp-6.c scan-tree-dump-times link_error 0
FAIL: gcc.dg/tree-ssa/ssa-ccp-7.c scan-tree-dump-times link_error 0
FAIL: gcc.dg/tree-ssa/ssa-ccp-8.c scan-tree-dump-times link_error 0
FAIL: gcc.dg/tree-ssa/ssa-ccp-9.c scan-tree-dump-times link_error 0
FAIL: 10:is 6:should be 11
FAIL: gcc.misc-tests/gcov-10.c gcov: 1 failures in line counts, 0 in branch percentages, 0 in return percentages
FAIL: 94:is -:should be 1
FAIL: gcc.misc-tests/gcov-4.c gcov: 1 failures in line counts, 0 in branch percentages, 0 in return percentages

		=== gcc Summary ===

# of expected passes		23816
# of unexpected failures	57
# of unexpected successes	7
# of expected failures		77
# of unresolved testcases	14
# of unsupported tests		248
/dorothy/dnovillo/sbox/tree-ssa-cfg-branch/bld.dorothy/gcc/xgcc version 3.5-tree-ssa-cfg (merged from tree-ssa 20030813)

		=== gfortran tests ===


Running target unix
FAIL: gfortran.fortran-torture/execute/forall_3.f90 execution,  -O1 
FAIL: gfortran.fortran-torture/execute/forall_3.f90 execution,  -O2 
FAIL: gfortran.fortran-torture/execute/forall_3.f90 execution,  -O2 -fomit-frame-pointer -finline-functions 
FAIL: gfortran.fortran-torture/execute/forall_3.f90 execution,  -O2 -fomit-frame-pointer -finline-functions -funroll-loops 
FAIL: gfortran.fortran-torture/execute/forall_3.f90 execution,  -O2 -fomit-frame-pointer -finline-functions -funroll-all-loops 
FAIL: gfortran.fortran-torture/execute/forall_3.f90 execution,  -O2 -fno-repack-arrays 
FAIL: gfortran.fortran-torture/execute/forall_3.f90 execution,  -O2 -fg77-calls 
FAIL: gfortran.fortran-torture/execute/forall_3.f90 execution,  -O3 -g 
FAIL: gfortran.fortran-torture/execute/forall_3.f90 execution,  -Os 
FAIL: gfortran.fortran-torture/execute/intrinsic_abs.f90 execution,  -O0 
FAIL: gfortran.fortran-torture/execute/intrinsic_abs.f90 execution,  -O1 
FAIL: gfortran.fortran-torture/execute/intrinsic_abs.f90 execution,  -O2 
FAIL: gfortran.fortran-torture/execute/intrinsic_abs.f90 execution,  -O2 -fomit-frame-pointer -finline-functions 
FAIL: gfortran.fortran-torture/execute/intrinsic_abs.f90 execution,  -O2 -fomit-frame-pointer -finline-functions -funroll-loops 
FAIL: gfortran.fortran-torture/execute/intrinsic_abs.f90 execution,  -O2 -fomit-frame-pointer -finline-functions -funroll-all-loops 
FAIL: gfortran.fortran-torture/execute/intrinsic_abs.f90 execution,  -O2 -fno-repack-arrays 
FAIL: gfortran.fortran-torture/execute/intrinsic_abs.f90 execution,  -O2 -fg77-calls 
FAIL: gfortran.fortran-torture/execute/intrinsic_abs.f90 execution,  -O3 -g 
FAIL: gfortran.fortran-torture/execute/intrinsic_abs.f90 execution,  -Os 
FAIL: gfortran.fortran-torture/execute/power.f90 execution,  -O0 
FAIL: gfortran.fortran-torture/execute/power.f90 execution,  -O1 
FAIL: gfortran.fortran-torture/execute/power.f90 execution,  -O2 
FAIL: gfortran.fortran-torture/execute/power.f90 execution,  -O2 -fomit-frame-pointer -finline-functions 
FAIL: gfortran.fortran-torture/execute/power.f90 execution,  -O2 -fomit-frame-pointer -finline-functions -funroll-loops 
FAIL: gfortran.fortran-torture/execute/power.f90 execution,  -O2 -fomit-frame-pointer -finline-functions -funroll-all-loops 
FAIL: gfortran.fortran-torture/execute/power.f90 execution,  -O2 -fno-repack-arrays 
FAIL: gfortran.fortran-torture/execute/power.f90 execution,  -O2 -fg77-calls 
FAIL: gfortran.fortran-torture/execute/power.f90 execution,  -O3 -g 
FAIL: gfortran.fortran-torture/execute/power.f90 execution,  -Os 

		=== gfortran Summary ===

# of expected passes		1831
# of unexpected failures	29
/dorothy/dnovillo/sbox/tree-ssa-cfg-branch/bld.dorothy/gcc/testsuite/../gfortran version 3.5-tree-ssa-cfg (merged from tree-ssa 20030813)

		=== objc tests ===


Running target unix

		=== objc Summary ===

# of expected passes		1156
/dorothy/dnovillo/sbox/tree-ssa-cfg-branch/bld.dorothy/gcc/xgcc version 3.5-tree-ssa-cfg (merged from tree-ssa 20030813)

		=== treelang tests ===


Running target unix

		=== treelang Summary ===

# of expected passes		1

Compiler version: 3.5-tree-ssa-cfg (merged from tree-ssa 20030813) 
Platform: alphaev67-unknown-linux-gnu
configure flags: --prefix=/home/cygnus/dnovillo/perf/sbox/tree-ssa-cfg-branch/local.alpha/inst.dorothy --srcdir=/home/cygnus/dnovillo/perf/sbox/tree-ssa-cfg-branch/local.alpha/src --disable-multilib --disable-checking --enable-threads --enable-languages=c,c++,f77,f95,java,objc,treelang --with-libbanshee


Index Nav: [Date Index] [Subject Index] [Author Index] [Thread Index]
Message Nav: [Date Prev] [Date Next] [Thread Prev] [Thread Next]