This is the mail archive of the
gcc-testresults@gcc.gnu.org
mailing list for the GCC project.
Results for 3.3.2 20030907 (prerelease) testsuite on sparc-sun-solaris2.7
- From: "Kaveh R. Ghazi" <ghazi at caip dot rutgers dot edu>
- To: gcc-testresults at gcc dot gnu dot org
- Date: Sun, 7 Sep 2003 21:18:14 -0400 (EDT)
- Subject: Results for 3.3.2 20030907 (prerelease) testsuite on sparc-sun-solaris2.7
LAST_UPDATED:
Native configuration is sparc-sun-solaris2.7
=== g++ tests ===
Running target unix
=== g++ Summary ===
# of expected passes 8048
# of expected failures 98
# of untested testcases 21
# of unsupported tests 26
/teal/tmpdisk/ghazi/gcc-testing/33/build/gcc/testsuite/../g++ version 3.3.2 20030907 (prerelease)
=== g77 tests ===
Running target unix
=== g77 Summary ===
# of expected passes 1686
# of unsupported tests 8
/teal/tmpdisk/ghazi/gcc-testing/33/build/gcc/testsuite/../g77 version 3.3.2 20030907 (prerelease)
=== gcc tests ===
Running target unix
WARNING: gcc.dg/20021014-1.c compilation failed to produce executable
FAIL: gcc.dg/duff-2.c (test for excess errors)
=== gcc Summary ===
# of expected passes 20928
# of unexpected failures 1
# of expected failures 67
# of unsupported tests 165
/teal/tmpdisk/ghazi/gcc-testing/33/build/gcc/xgcc version 3.3.2 20030907 (prerelease)
=== objc tests ===
Running target unix
=== objc Summary ===
# of expected passes 1153
/teal/tmpdisk/ghazi/gcc-testing/33/build/gcc/xgcc version 3.3.2 20030907 (prerelease)
=== libjava tests ===
Running target unix
FAIL: linking cxxtest
FAIL: Array_3 execution - gij test
FAIL: Array_3 execution - gij test
FAIL: FileHandleGcTest execution - source compiled test
FAIL: FileHandleGcTest execution - bytecode->native test
FAIL: FileHandleGcTest -O execution - source compiled test
FAIL: FileHandleGcTest -O execution - bytecode->native test
FAIL: SyncTest execution - gij test
WARNING: program timed out.
FAIL: SyncTest execution - bytecode->native test
FAIL: SyncTest execution - gij test
WARNING: program timed out.
FAIL: SyncTest -O execution - bytecode->native test
FAIL: TLtest execution - gij test
FAIL: Thread_Join execution - gij test
FAIL: Thread_Join execution - gij test
FAIL: Thread_Monitor execution - gij test
FAIL: Thread_Monitor execution - gij test
FAIL: Thread_Wait_Interrupt execution - gij test
FAIL: Thread_Wait_Interrupt execution - gij test
FAIL: Throw_2 execution - source compiled test
FAIL: Throw_2 execution - gij test
FAIL: Throw_2 execution - bytecode->native test
FAIL: Throw_2 -O execution - source compiled test
FAIL: Throw_2 execution - gij test
FAIL: Throw_2 -O execution - bytecode->native test
=== libjava Summary ===
# of expected passes 2943
# of unexpected failures 24
# of expected failures 17
# of untested testcases 35
=== libstdc++-v3 tests ===
Running target unix
=== libstdc++-v3 Summary ===
# of expected passes 429
# of expected failures 18
Compiler version: 3.3.2 20030907 (prerelease)
Platform: sparc-sun-solaris2.7
configure flags: --host=sparc-sun-solaris2.7 --verbose