This is the mail archive of the gcc-testresults@gcc.gnu.org mailing list for the GCC project.


Index Nav: [Date Index] [Subject Index] [Author Index] [Thread Index]
Message Nav: [Date Prev] [Date Next] [Thread Prev] [Thread Next]
Other format: [Raw text]

Results for 3.3.2 20030907 (prerelease) testsuite on mips-sgi-irix6.5


LAST_UPDATED: 
Native configuration is mips-sgi-irix6.5

		=== g++ tests ===


Running target unix
FAIL: g++.dg/expr/anew1.C execution test
FAIL: g++.dg/expr/anew2.C execution test
FAIL: g++.dg/expr/anew3.C execution test
FAIL: g++.dg/expr/anew4.C execution test

		=== g++ Summary ===

# of expected passes		7792
# of unexpected failures	4
# of expected failures		104
# of untested testcases		23
# of unsupported tests		28
/caip/u58/ghazi/gcc-testing/branch/build/gcc/testsuite/../g++ version 3.3.2 20030907 (prerelease)

		=== g77 tests ===


Running target unix

		=== g77 Summary ===

# of expected passes		1686
# of unsupported tests		8
/caip/u58/ghazi/gcc-testing/branch/build/gcc/testsuite/../g77 version 3.3.2 20030907 (prerelease)

		=== gcc tests ===


Running target unix
FAIL: gcc.c-torture/execute/20020412-1.c execution,  -O0 
FAIL: gcc.c-torture/execute/20020412-1.c execution,  -O1 
FAIL: gcc.c-torture/execute/20020412-1.c execution,  -O2 
FAIL: gcc.c-torture/execute/20020412-1.c execution,  -O3 -fomit-frame-pointer 
FAIL: gcc.c-torture/execute/20020412-1.c execution,  -O3 -fomit-frame-pointer -funroll-loops 
FAIL: gcc.c-torture/execute/20020412-1.c execution,  -O3 -fomit-frame-pointer -funroll-all-loops -finline-functions 
FAIL: gcc.c-torture/execute/20020412-1.c execution,  -O3 -g 
FAIL: gcc.c-torture/execute/20020412-1.c execution,  -Os 
WARNING: gcc.dg/20021014-1.c compilation failed to produce executable
FAIL: gcc.dg/duff-2.c (test for excess errors)
WARNING: gcc.dg/nest.c compilation failed to produce executable

		=== gcc Summary ===

# of expected passes		20549
# of unexpected failures	9
# of expected failures		100
# of unsupported tests		181
/caip/u58/ghazi/gcc-testing/branch/build/gcc/xgcc version 3.3.2 20030907 (prerelease)

		=== objc tests ===


Running target unix

		=== objc Summary ===

# of expected passes		1153
/caip/u58/ghazi/gcc-testing/branch/build/gcc/xgcc version 3.3.2 20030907 (prerelease)

		=== libstdc++-v3 tests ===


Running target unix
FAIL: 27_io/istream_unformatted.cc execution test

		=== libstdc++-v3 Summary ===

# of expected passes		417
# of unexpected failures	1
# of expected failures		17
# of unsupported tests		6

Compiler version: 3.3.2 20030907 (prerelease) 
Platform: mips-sgi-irix6.5
configure flags: --host=mips-sgi-irix6.5 --verbose --enable-languages=c,objc,c++,f77,java --with-included-gettext


Index Nav: [Date Index] [Subject Index] [Author Index] [Thread Index]
Message Nav: [Date Prev] [Date Next] [Thread Prev] [Thread Next]