This is the mail archive of the
gcc-testresults@gcc.gnu.org
mailing list for the GCC project.
Results for 3.3.2 20030906 (prerelease) testsuite on sparc64-unknown-freebsd5.1
- From: Loren James Rittle <ljrittle at FreeBSD dot org>
- To: gcc-testresults at gcc dot gnu dot org, ljrittle at FreeBSD dot org,obrien at freebsd dot org
- Date: Sat, 6 Sep 2003 23:45:13 -0700 (PDT)
- Subject: Results for 3.3.2 20030906 (prerelease) testsuite on sparc64-unknown-freebsd5.1
Using gmake with objdir configuration on panther (see key)
LAST_UPDATED: Sat Sep 6 20:55:14 GMT 2003
Native configuration is sparc64-unknown-freebsd5.1
=== g++ tests ===
Running target unix/-pthread
XPASS: g++.dg/other/packed1.C execution test
FAIL: g++.eh/badalloc1.C Execution test
FAIL: g++.law/profile1.C (test for excess errors)
=== g++ Summary ===
# of expected passes 8038
# of unexpected failures 2
# of unexpected successes 1
# of expected failures 97
# of untested testcases 23
# of unsupported tests 27
/s/scratch/ljrittle/gcc-build-panther-0906/gcc/testsuite/../g++ version 3.3.2 20030906 (prerelease)
=== g77 tests ===
Running target unix/-pthread
=== g77 Summary ===
# of expected passes 1686
# of unsupported tests 8
/s/scratch/ljrittle/gcc-build-panther-0906/gcc/testsuite/../g77 version 3.3.2 20030906 (prerelease)
=== gcc tests ===
Running target unix/-pthread
WARNING: program timed out.
FAIL: gcc.c-torture/compile/20001226-1.c, -O1
WARNING: program timed out.
FAIL: gcc.c-torture/compile/20001226-1.c, -O2
WARNING: program timed out.
FAIL: gcc.c-torture/compile/20001226-1.c, -O3 -fomit-frame-pointer
WARNING: program timed out.
FAIL: gcc.c-torture/compile/20001226-1.c, -O3 -g
WARNING: program timed out.
FAIL: gcc.c-torture/compile/20001226-1.c, -Os
FAIL: gcc.c-torture/execute/conversion.c execution, -O0
FAIL: gcc.c-torture/execute/conversion.c execution, -O1
FAIL: gcc.c-torture/execute/conversion.c execution, -O2
FAIL: gcc.c-torture/execute/conversion.c execution, -O3 -fomit-frame-pointer
FAIL: gcc.c-torture/execute/conversion.c execution, -O3 -g
FAIL: gcc.c-torture/execute/conversion.c execution, -Os
FAIL: gcc.c-torture/execute/ieee/rbug.c execution, -O0
FAIL: gcc.c-torture/execute/ieee/rbug.c execution, -O1
FAIL: gcc.c-torture/execute/ieee/rbug.c execution, -O2
FAIL: gcc.c-torture/execute/ieee/rbug.c execution, -O3 -fomit-frame-pointer
FAIL: gcc.c-torture/execute/ieee/rbug.c execution, -O3 -g
FAIL: gcc.c-torture/execute/ieee/rbug.c execution, -Os
FAIL: gcc.c-torture/execute/ieee/rbug.c execution, -O0
FAIL: gcc.c-torture/execute/ieee/rbug.c execution, -O1
FAIL: gcc.c-torture/execute/ieee/rbug.c execution, -O2
FAIL: gcc.c-torture/execute/ieee/rbug.c execution, -O3 -fomit-frame-pointer
FAIL: gcc.c-torture/execute/ieee/rbug.c execution, -O3 -g
FAIL: gcc.c-torture/execute/ieee/rbug.c execution, -Os
FAIL: gcc.dg/20001013-1.c (test for excess errors)
WARNING: gcc.dg/20001013-1.c compilation failed to produce executable
FAIL: gcc.dg/20001101-1.c (test for excess errors)
WARNING: gcc.dg/20001101-1.c compilation failed to produce executable
FAIL: gcc.dg/20001102-1.c (test for excess errors)
WARNING: gcc.dg/20001102-1.c compilation failed to produce executable
FAIL: gcc.dg/20020607-2.c (test for excess errors)
WARNING: gcc.dg/20020607-2.c compilation failed to produce executable
FAIL: gcc.dg/20021014-1.c (test for excess errors)
WARNING: gcc.dg/20021014-1.c compilation failed to produce executable
FAIL: gcc.dg/duff-2.c (test for excess errors)
FAIL: gcc.dg/fastmath-1.c (test for excess errors)
WARNING: gcc.dg/fastmath-1.c compilation failed to produce executable
FAIL: gcc.dg/fnegate-1.c (test for excess errors)
WARNING: gcc.dg/fnegate-1.c compilation failed to produce executable
FAIL: gcc.dg/nest.c (test for excess errors)
WARNING: gcc.dg/nest.c compilation failed to produce executable
FAIL: gcc.dg/sparc-ret.c (test for excess errors)
ERROR: gcc.dg/sparc-ret.c: error executing dg-final: couldn't open "sparc-ret.s": no such file or directory
UNRESOLVED: gcc.dg/sparc-ret.c: error executing dg-final: couldn't open "sparc-ret.s": no such file or directory
=== gcc Summary ===
# of expected passes 21299
# of unexpected failures 33
# of expected failures 77
# of unresolved testcases 1
# of unsupported tests 168
/s/scratch/ljrittle/gcc-build-panther-0906/gcc/xgcc version 3.3.2 20030906 (prerelease)
=== objc tests ===
Running target unix/-pthread
=== objc Summary ===
# of expected passes 1153
/s/scratch/ljrittle/gcc-build-panther-0906/gcc/xgcc version 3.3.2 20030906 (prerelease)
=== libstdc++-v3 tests ===
Running target unix/-pthread
FAIL: 18_support/numeric_limits.cc (test for excess errors)
WARNING: 18_support/numeric_limits.cc compilation failed to produce executable
XPASS: 22_locale/ctype_is_wchar_t.cc execution test
FAIL: 23_containers/list_ctor.cc (test for excess errors)
WARNING: 23_containers/list_ctor.cc compilation failed to produce executable
FAIL: 23_containers/vector_ctor.cc (test for excess errors)
WARNING: 23_containers/vector_ctor.cc compilation failed to produce executable
WARNING: program timed out.
FAIL: 27_io/filebuf_members.cc execution test
WARNING: program timed out.
FAIL: 27_io/filebuf_virtuals.cc execution test
=== libstdc++-v3 Summary ===
# of expected passes 445
# of unexpected failures 5
# of unexpected successes 1
# of expected failures 27
Compiler version: 3.3.2 20030906 (prerelease)
Platform: sparc64-unknown-freebsd5.1
configure flags: --host=sparc64-unknown-freebsd5.1 --prefix=/home/ljrittle/panther/tmp/install-panther --with-gnu-as --with-as=/usr/bin/as --with-gnu-ld --with-ld=/usr/bin/ld
BOOT_CFLAGS=-g -O2
Key: gmake is GNU make
srcdir means in-source configuration was done within the gcc source tree
objdir means out-source configuration was done within a fresh directory
See http://people.freebsd.org/~ljrittle/daily-gcc-bootstrap-reports
for all related transcript logs and log.sent files (not staged
until after all daily bootstraps for a machine complete).