This is the mail archive of the
gcc-testresults@gcc.gnu.org
mailing list for the GCC project.
Results for 3.3.1 20030903 (Red Hat Linux 3.3.1-3) testsuite on i686-pc-linux-gnu
- From: hjl at gnu dot sc dot intel dot com (H.J. Lu)
- To: gcc-testresults at gcc dot gnu dot org
- Date: Fri, 5 Sep 2003 09:39:19 -0700 (PDT)
- Subject: Results for 3.3.1 20030903 (Red Hat Linux 3.3.1-3) testsuite on i686-pc-linux-gnu
LAST_UPDATED: Fri Sep 5 05:41:51 UTC 2003
Native configuration is i686-pc-linux-gnu
=== g++ tests ===
Running target unix
FAIL: g++.dg/tls/init-2.C (test for excess errors)
=== g++ Summary ===
# of expected passes 8121
# of unexpected failures 1
# of expected failures 95
# of untested testcases 9
# of unsupported tests 4
/export/build/gnu/gcc-3.3-redhat/build-i686-linux/gcc/testsuite/../g++ version 3.3.1 20030903 (Red Hat Linux 3.3.1-3)
=== g77 tests ===
Running target unix
=== g77 Summary ===
# of expected passes 1702
/export/build/gnu/gcc-3.3-redhat/build-i686-linux/gcc/testsuite/../g77 version 3.3.1 20030903 (Red Hat Linux 3.3.1-3)
=== gcc tests ===
Running target unix
FAIL: gcc.dg/duff-2.c (test for excess errors)
=== gcc Summary ===
# of expected passes 21388
# of unexpected failures 1
# of expected failures 69
# of unsupported tests 89
/export/build/gnu/gcc-3.3-redhat/build-i686-linux/gcc/xgcc version 3.3.1 20030903 (Red Hat Linux 3.3.1-3)
=== objc tests ===
Running target unix
=== objc Summary ===
# of expected passes 1153
/export/build/gnu/gcc-3.3-redhat/build-i686-linux/gcc/xgcc version 3.3.1 20030903 (Red Hat Linux 3.3.1-3)
=== libjava tests ===
Running target unix
=== libjava Summary ===
# of expected passes 2991
# of expected failures 16
# of untested testcases 12
=== libstdc++-v3 check-abi Summary ===
# of added symbols: 5
# of missing symbols: 18
# of incompatible symbols: 23
=== libstdc++-v3 tests ===
Running target unix
XPASS: 22_locale/collate_byname.cc execution test
XPASS: 22_locale/collate_members_char.cc execution test
XPASS: 22_locale/collate_members_wchar_t.cc execution test
XPASS: 22_locale/ctype_is_char.cc execution test
XPASS: 22_locale/ctype_is_wchar_t.cc execution test
XPASS: 22_locale/members.cc execution test
XPASS: 22_locale/messages_byname.cc execution test
XPASS: 22_locale/messages_members_char.cc execution test
XPASS: 22_locale/money_get_members_char.cc execution test
XPASS: 22_locale/money_get_members_wchar_t.cc execution test
XPASS: 22_locale/money_put_members_char.cc execution test
XPASS: 22_locale/money_put_members_wchar_t.cc execution test
XPASS: 22_locale/moneypunct_byname.cc execution test
XPASS: 22_locale/moneypunct_members_char.cc execution test
XPASS: 22_locale/moneypunct_members_wchar_t.cc execution test
XPASS: 22_locale/num_get_members_char.cc execution test
XPASS: 22_locale/num_get_members_wchar_t.cc execution test
XPASS: 22_locale/num_put_members_char.cc execution test
XPASS: 22_locale/num_put_members_wchar_t.cc execution test
XPASS: 22_locale/numpunct_byname.cc execution test
XPASS: 22_locale/numpunct_members_char.cc execution test
XPASS: 22_locale/numpunct_members_wchar_t.cc execution test
XPASS: 22_locale/time_get_members_char.cc execution test
XPASS: 22_locale/time_get_members_wchar_t.cc execution test
XPASS: 22_locale/time_put_members_char.cc execution test
XPASS: 22_locale/time_put_members_wchar_t.cc execution test
=== libstdc++-v3 Summary ===
# of expected passes 453
# of unexpected successes 26
# of expected failures 2
Compiler version: 3.3.1 20030903 (Red Hat Linux 3.3.1-3)
Platform: i686-pc-linux-gnu
configure flags: --host=i686-pc-linux-gnu --enable-clocale=gnu --with-system-zlib --enable-shared --enable-threads=posix --enable-haifa --disable-checking --prefix=/usr/gcc-3.3-redhat --with-local-prefix=/usr/local