This is the mail archive of the
gcc-testresults@gcc.gnu.org
mailing list for the GCC project.
Results for 3.4 20030904 (experimental) testsuite on powerpc-unknown-linux-gnu
- From: Olaf Hering <olh at suse dot de>
- To: gcc-testresults at gcc dot gnu dot org
- Date: Fri, 5 Sep 2003 09:34:00 +0000
- Subject: Results for 3.4 20030904 (experimental) testsuite on powerpc-unknown-linux-gnu
LAST_UPDATED: Fri Sep 5 00:01:00 UTC 2003
Native configuration is powerpc-unknown-linux-gnu
=== g++ tests ===
Running target unix
XPASS: g++.dg/ext/lvalue1.C not an lvalue (test for errors, line 7)
FAIL: g++.dg/ext/pretty1.C scan-assembler top level
FAIL: g++.dg/ext/pretty2.C (test for excess errors)
WARNING: g++.dg/ext/pretty2.C compilation failed to produce executable
FAIL: g++.dg/init/array10.C (test for excess errors)
FAIL: g++.dg/opt/inline4.C (test for excess errors)
ERROR: g++.dg/opt/inline4.C: error executing dg-final: couldn't open "inline4.s": no such file or directory
UNRESOLVED: g++.dg/opt/inline4.C: error executing dg-final: couldn't open "inline4.s": no such file or directory
XPASS: g++.dg/other/packed1.C execution test
FAIL: g++.dg/template/recurse.C (test for errors, line 8)
FAIL: g++.old-deja/g++.ext/pretty2.C execution test
FAIL: g++.old-deja/g++.ext/pretty3.C execution test
WARNING: g++.old-deja/g++.mike/p10769a.C compilation failed to produce executable
WARNING: g++.old-deja/g++.other/enum5.C compilation failed to produce executable
XPASS: g++.old-deja/g++.other/init5.C execution test
WARNING: g++.old-deja/g++.pt/friend44.C compilation failed to produce executable
=== g++ Summary ===
# of expected passes 8905
# of unexpected failures 7
# of unexpected successes 3
# of expected failures 62
# of unresolved testcases 1
# of unsupported tests 60
/abuild/gcc_cvs_build/obj/obj-gcc34/gcc/testsuite/../g++ version 3.4 20030904 (experimental)
=== g77 tests ===
Running target unix
FAIL: g77.f-torture/execute/980520-1.f compilation, -O0
=== g77 Summary ===
# of expected passes 1752
# of unexpected failures 1
# of untested testcases 1
# of unsupported tests 6
/abuild/gcc_cvs_build/obj/obj-gcc34/gcc/testsuite/../g77 version 3.4 20030904 (experimental)
=== gcc tests ===
Running target unix
FAIL: gcc.c-torture/execute/20030125-1.c execution, -O1
FAIL: gcc.c-torture/execute/20030125-1.c execution, -O2
FAIL: gcc.c-torture/execute/20030125-1.c execution, -O3 -fomit-frame-pointer
FAIL: gcc.c-torture/execute/20030125-1.c execution, -O3 -g
FAIL: gcc.c-torture/execute/20030125-1.c execution, -Os
UNRESOLVED: gcc.c-torture/execute/wchar_t-1.c execution, -O0
UNRESOLVED: gcc.c-torture/execute/wchar_t-1.c execution, -O1
UNRESOLVED: gcc.c-torture/execute/wchar_t-1.c execution, -O2
UNRESOLVED: gcc.c-torture/execute/wchar_t-1.c execution, -O3 -fomit-frame-pointer
UNRESOLVED: gcc.c-torture/execute/wchar_t-1.c execution, -O3 -g
UNRESOLVED: gcc.c-torture/execute/wchar_t-1.c execution, -Os
FAIL: gcc.dg/compat/scalar-by-value-3 c_compat_x_tst.o-c_compat_y_tst.o execute
FAIL: gcc.dg/compat/scalar-return-3 c_compat_x_tst.o-c_compat_y_tst.o execute
FAIL: gcc.dg/20020103-1.c scan-assembler-not LC
FAIL: gcc.dg/20020118-1.c execution test
FAIL: gcc.dg/altivec-5.c (test for excess errors)
FAIL: gcc.dg/builtins-18.c (test for excess errors)
FAIL: gcc.dg/builtins-20.c (test for excess errors)
FAIL: gcc.dg/ppc-sdata-1.c scan-assembler sdat@sdarel\\(13\\)
FAIL: gcc.dg/ppc-sdata-1.c scan-assembler sdat2@sda21\\(2\\)
=== gcc Summary ===
# of expected passes 23913
# of unexpected failures 14
# of expected failures 80
# of unresolved testcases 6
# of untested testcases 7
# of unsupported tests 238
/abuild/gcc_cvs_build/obj/obj-gcc34/gcc/xgcc version 3.4 20030904 (experimental)
=== objc tests ===
Running target unix
=== objc Summary ===
# of expected passes 1156
/abuild/gcc_cvs_build/obj/obj-gcc34/gcc/xgcc version 3.4 20030904 (experimental)
=== libffi tests ===
Running target unix
FAIL: libffi.call/cls_12byte.c execution test
FAIL: libffi.call/cls_16byte.c execution test
FAIL: libffi.call/cls_1_1byte.c execution test
FAIL: libffi.call/cls_20byte.c execution test
FAIL: libffi.call/cls_24byte.c execution test
FAIL: libffi.call/cls_2byte.c execution test
FAIL: libffi.call/cls_3_1byte.c execution test
FAIL: libffi.call/cls_3byte1.c execution test
FAIL: libffi.call/cls_3byte2.c execution test
FAIL: libffi.call/cls_4_1byte.c execution test
FAIL: libffi.call/cls_4byte.c execution test
FAIL: libffi.call/cls_5byte.c execution test
FAIL: libffi.call/cls_6byte.c execution test
FAIL: libffi.call/cls_7byte.c execution test
FAIL: libffi.call/cls_8byte.c execution test
FAIL: libffi.call/nested_struct.c execution test
FAIL: libffi.call/nested_struct1.c execution test
FAIL: libffi.call/problem1.c execution test
=== libffi Summary ===
# of expected passes 89
# of unexpected failures 18
# of unsupported tests 2
=== libjava tests ===
Running target unix
FAIL: Array_3 -O execution - source compiled test
=== libjava Summary ===
# of expected passes 3090
# of unexpected failures 1
# of expected failures 10
# of untested testcases 9
=== libstdc++ tests ===
Running target unix
=== libstdc++ Summary ===
# of expected passes 2107
# of expected failures 12
Compiler version: 3.4 20030904 (experimental)
Platform: powerpc-unknown-linux-gnu
configure flags: --enable-checking --enable-libgcj --enable-shared --enable-__cxa_atexit --enable-threads --enable-languages=c,c++,f77,java,objc,ada --prefix=/home/foo/boofared --with-system-zlib
GNU ld version 2.14.90 20030704 (SuSE Linux)
FAIL: gcc.dg/altivec-5.c (test for excess errors)
output is:
/home/foo/src/gcc-head/gcc/testsuite/gcc.dg/altivec-5.c: In function \`foo':
/home/foo/src/gcc-head/gcc/testsuite/gcc.dg/altivec-5.c:12: error: unrecognizable insn:
(insn:HI 5 18 6 0 (set (reg/v:V4SI 120 [ b ])
(mem/f:V4SI (plus:SI (reg/f:SI 67 ap)
(const_int 8 [0x8])) [4 b+0 S16 A128])) -1 (nil)
(nil))
/home/foo/src/gcc-head/gcc/testsuite/gcc.dg/altivec-5.c:12: internal compiler error: in extract_insn, at recog.c:2064
Please submit a full bug report,
with preprocessed source if appropriate.
See <URL:http://gcc.gnu.org/bugs.html> for instructions.
FAIL: gcc.dg/builtins-18.c (test for excess errors)
output is:
/tmp/ccyb0Bdy.o(.text+0x7c): In function \`main':
: undefined reference to \`link_error'
/tmp/ccyb0Bdy.o(.text+0x84): In function \`main':
: undefined reference to \`link_error'
/tmp/ccyb0Bdy.o(.text+0x9c): In function \`main':
: undefined reference to \`link_error'
/tmp/ccyb0Bdy.o(.text+0xa4): In function \`main':
: undefined reference to \`link_error'
collect2: ld returned 1 exit status
FAIL: gcc.dg/builtins-20.c (test for excess errors)
output is:
/tmp/ccEjisdp.o(.text+0xb8): In function \`test1f':
: undefined reference to \`link_error'
/tmp/ccEjisdp.o(.text+0xd0): In function \`test1f':
: undefined reference to \`link_error'
/tmp/ccEjisdp.o(.text+0xe0): In function \`test1f':
: undefined reference to \`link_error'
/tmp/ccEjisdp.o(.text+0xe8): In function \`test1f':
: undefined reference to \`link_error'
/tmp/ccEjisdp.o(.text+0x1cc): In function \`test1l':
: undefined reference to \`link_error'
/tmp/ccEjisdp.o(.text+0x1e4): more undefined references to \`link_error' follow
collect2: ld returned 1 exit status
FAIL: g++.dg/ext/pretty2.C (test for excess errors)
output is:
/tmp/ccsZgGKm.o(.text+0x1de): In function \`__static_initialization_and_destruction_0(int, int)':
: undefined reference to \`__PRETTY_FUNCTION__'
/tmp/ccsZgGKm.o(.text+0x1e2): In function \`__static_initialization_and_destruction_0(int, int)':
: undefined reference to \`__PRETTY_FUNCTION__'
/tmp/ccsZgGKm.o(.text+0x242): In function \`__static_initialization_and_destruction_0(int, int)':
: undefined reference to \`__PRETTY_FUNCTION__'
/tmp/ccsZgGKm.o(.text+0x246): In function \`__static_initialization_and_destruction_0(int, int)':
: undefined reference to \`__PRETTY_FUNCTION__'
/tmp/ccsZgGKm.o(.text+0x2a6): In function \`__static_initialization_and_destruction_0(int, int)':
: undefined reference to \`__PRETTY_FUNCTION__'
/tmp/ccsZgGKm.o(.text+0x2aa): more undefined references to \`__PRETTY_FUNCTION__' follow
collect2: ld returned 1 exit status
FAIL: g++.dg/init/array10.C (test for excess errors)
output is:
/home/foo/src/gcc-head/gcc/testsuite/g++.dg/init/array10.C:5: error: ISO C++ forbids compound-literals
FAIL: g++.dg/opt/inline4.C (test for excess errors)
output is:
/home/foo/src/gcc-head/gcc/testsuite/g++.dg/opt/inline4.C: In function \`void g() [with int I = 220]':
/home/foo/src/gcc-head/gcc/testsuite/g++.dg/opt/inline4.C:4: instantiated from \`void g() [with int I = 221]'
/home/foo/src/gcc-head/gcc/testsuite/g++.dg/opt/inline4.C:4: instantiated from \`void g() [with int I = 222]'
/home/foo/src/gcc-head/gcc/testsuite/g++.dg/opt/inline4.C:4: instantiated from \`void g() [with int I = 223]'
/home/foo/src/gcc-head/gcc/testsuite/g++.dg/opt/inline4.C:4: instantiated from \`void g() [with int I = 224]'
/home/foo/src/gcc-head/gcc/testsuite/g++.dg/opt/inline4.C:4: instantiated from \`void g() [with int I = 225]'
/home/foo/src/gcc-head/gcc/testsuite/g++.dg/opt/inline4.C:4: instantiated from \`void g() [with int I = 226]'
/home/foo/src/gcc-head/gcc/testsuite/g++.dg/opt/inline4.C:4: instantiated from \`void g() [with int I = 227]'
/home/foo/src/gcc-head/gcc/testsuite/g++.dg/opt/inline4.C:4: instantiated from \`void g() [with int I = 228]'
/home/foo/src/gcc-head/gcc/testsuite/g++.dg/opt/inline4.C:4: instantiated from \`void g() [with int I = 229]'
/home/foo/src/gcc-head/gcc/testsuite/g++.dg/opt/inline4.C:4: instantiated from \`void g() [with int I = 230]'
/home/foo/src/gcc-head/gcc/testsuite/g++.dg/opt/inline4.C:4: instantiated from \`void g() [with int I = 231]'
/home/foo/src/gcc-head/gcc/testsuite/g++.dg/opt/inline4.C:4: instantiated from \`void g() [with int I = 232]'
/home/foo/src/gcc-head/gcc/testsuite/g++.dg/opt/inline4.C:4: instantiated from \`void g() [with int I = 233]'
/home/foo/src/gcc-head/gcc/testsuite/g++.dg/opt/inline4.C:4: instantiated from \`void g() [with int I = 234]'
/home/foo/src/gcc-head/gcc/testsuite/g++.dg/opt/inline4.C:4: instantiated from \`void g() [with int I = 235]'
/home/foo/src/gcc-head/gcc/testsuite/g++.dg/opt/inline4.C:4: instantiated from \`void g() [with int I = 236]'
/home/foo/src/gcc-head/gcc/testsuite/g++.dg/opt/inline4.C:4: instantiated from \`void g() [with int I = 237]'
/home/foo/src/gcc-head/gcc/testsuite/g++.dg/opt/inline4.C:4: instantiated from \`void g() [with int I = 238]'
/home/foo/src/gcc-head/gcc/testsuite/g++.dg/opt/inline4.C:4: instantiated from \`void g() [with int I = 239]'
/home/foo/src/gcc-head/gcc/testsuite/g++.dg/opt/inline4.C:4: instantiated from \`void g() [with int I = 240]'
/home/foo/src/gcc-head/gcc/testsuite/g++.dg/opt/inline4.C:4: instantiated from \`void g() [with int I = 241]'
/home/foo/src/gcc-head/gcc/testsuite/g++.dg/opt/inline4.C:4: instantiated from \`void g() [with int I = 242]'
/home/foo/src/gcc-head/gcc/testsuite/g++.dg/opt/inline4.C:4: instantiated from \`void g() [with int I = 243]'
/home/foo/src/gcc-head/gcc/testsuite/g++.dg/opt/inline4.C:4: instantiated from \`void g() [with int I = 244]'
/home/foo/src/gcc-head/gcc/testsuite/g++.dg/opt/inline4.C:4: instantiated from \`void g() [with int I = 245]'
/home/foo/src/gcc-head/gcc/testsuite/g++.dg/opt/inline4.C:4: instantiated from \`void g() [with int I = 246]'
/home/foo/src/gcc-head/gcc/testsuite/g++.dg/opt/inline4.C:4: instantiated from \`void g() [with int I = 247]'
/home/foo/src/gcc-head/gcc/testsuite/g++.dg/opt/inline4.C:4: instantiated from \`void g() [with int I = 248]'
/home/foo/src/gcc-head/gcc/testsuite/g++.dg/opt/inline4.C:4: instantiated from \`void g() [with int I = 249]'
/home/foo/src/gcc-head/gcc/testsuite/g++.dg/opt/inline4.C:4: instantiated from \`void g() [with int I = 250]'
/home/foo/src/gcc-head/gcc/testsuite/g++.dg/opt/inline4.C:10: instantiated from here
/home/foo/src/gcc-head/gcc/testsuite/g++.dg/opt/inline4.C:4: internal compiler error: in ggc_push_context, at ggc-page.c:1393
Please submit a full bug report,
with preprocessed source if appropriate.
See <URL:http://gcc.gnu.org/bugs.html> for instructions.
FAIL: g++.dg/template/recurse.C (test for errors, line 8)
output is:
/home/foo/src/gcc-head/gcc/testsuite/g++.dg/template/recurse.C: In member function \`int F<I>::operator()() [with int I = 31]':
/home/foo/src/gcc-head/gcc/testsuite/g++.dg/template/recurse.C:9: instantiated from \`int F<I>::operator()() [with int I = 30]'
/home/foo/src/gcc-head/gcc/testsuite/g++.dg/template/recurse.C:9: instantiated from \`int F<I>::operator()() [with int I = 29]'
/home/foo/src/gcc-head/gcc/testsuite/g++.dg/template/recurse.C:9: instantiated from \`int F<I>::operator()() [with int I = 28]'
/home/foo/src/gcc-head/gcc/testsuite/g++.dg/template/recurse.C:9: instantiated from \`int F<I>::operator()() [with int I = 27]'
/home/foo/src/gcc-head/gcc/testsuite/g++.dg/template/recurse.C:9: instantiated from \`int F<I>::operator()() [with int I = 26]'
/home/foo/src/gcc-head/gcc/testsuite/g++.dg/template/recurse.C:9: instantiated from \`int F<I>::operator()() [with int I = 25]'
/home/foo/src/gcc-head/gcc/testsuite/g++.dg/template/recurse.C:9: instantiated from \`int F<I>::operator()() [with int I = 24]'
/home/foo/src/gcc-head/gcc/testsuite/g++.dg/template/recurse.C:9: instantiated from \`int F<I>::operator()() [with int I = 23]'
/home/foo/src/gcc-head/gcc/testsuite/g++.dg/template/recurse.C:9: instantiated from \`int F<I>::operator()() [with int I = 22]'
/home/foo/src/gcc-head/gcc/testsuite/g++.dg/template/recurse.C:9: instantiated from \`int F<I>::operator()() [with int I = 21]'
/home/foo/src/gcc-head/gcc/testsuite/g++.dg/template/recurse.C:9: instantiated from \`int F<I>::operator()() [with int I = 20]'
/home/foo/src/gcc-head/gcc/testsuite/g++.dg/template/recurse.C:9: instantiated from \`int F<I>::operator()() [with int I = 19]'
/home/foo/src/gcc-head/gcc/testsuite/g++.dg/template/recurse.C:9: instantiated from \`int F<I>::operator()() [with int I = 18]'
/home/foo/src/gcc-head/gcc/testsuite/g++.dg/template/recurse.C:9: instantiated from \`int F<I>::operator()() [with int I = 17]'
/home/foo/src/gcc-head/gcc/testsuite/g++.dg/template/recurse.C:9: instantiated from \`int F<I>::operator()() [with int I = 16]'
/home/foo/src/gcc-head/gcc/testsuite/g++.dg/template/recurse.C:9: instantiated from \`int F<I>::operator()() [with int I = 15]'
/home/foo/src/gcc-head/gcc/testsuite/g++.dg/template/recurse.C:9: instantiated from \`int F<I>::operator()() [with int I = 14]'
/home/foo/src/gcc-head/gcc/testsuite/g++.dg/template/recurse.C:9: instantiated from \`int F<I>::operator()() [with int I = 13]'
/home/foo/src/gcc-head/gcc/testsuite/g++.dg/template/recurse.C:9: instantiated from \`int F<I>::operator()() [with int I = 12]'
/home/foo/src/gcc-head/gcc/testsuite/g++.dg/template/recurse.C:9: instantiated from \`int F<I>::operator()() [with int I = 11]'
/home/foo/src/gcc-head/gcc/testsuite/g++.dg/template/recurse.C:9: instantiated from \`int F<I>::operator()() [with int I = 10]'
/home/foo/src/gcc-head/gcc/testsuite/g++.dg/template/recurse.C:9: instantiated from \`int F<I>::operator()() [with int I = 9]'
/home/foo/src/gcc-head/gcc/testsuite/g++.dg/template/recurse.C:9: instantiated from \`int F<I>::operator()() [with int I = 8]'
/home/foo/src/gcc-head/gcc/testsuite/g++.dg/template/recurse.C:9: instantiated from \`int F<I>::operator()() [with int I = 7]'
/home/foo/src/gcc-head/gcc/testsuite/g++.dg/template/recurse.C:9: instantiated from \`int F<I>::operator()() [with int I = 6]'
/home/foo/src/gcc-head/gcc/testsuite/g++.dg/template/recurse.C:9: instantiated from \`int F<I>::operator()() [with int I = 5]'
/home/foo/src/gcc-head/gcc/testsuite/g++.dg/template/recurse.C:9: instantiated from \`int F<I>::operator()() [with int I = 4]'
/home/foo/src/gcc-head/gcc/testsuite/g++.dg/template/recurse.C:9: instantiated from \`int F<I>::operator()() [with int I = 3]'
/home/foo/src/gcc-head/gcc/testsuite/g++.dg/template/recurse.C:9: instantiated from \`int F<I>::operator()() [with int I = 2]'
/home/foo/src/gcc-head/gcc/testsuite/g++.dg/template/recurse.C:9: instantiated from \`int F<I>::operator()() [with int I = 1]'
/home/foo/src/gcc-head/gcc/testsuite/g++.dg/template/recurse.C:21: instantiated from here
/home/foo/src/gcc-head/gcc/testsuite/g++.dg/template/recurse.C:9: internal compiler error: in ggc_push_context, at ggc-page.c:1393
Please submit a full bug report,
with preprocessed source if appropriate.
See <URL:http://gcc.gnu.org/bugs.html> for instructions.
FAIL: g77.f-torture/execute/980520-1.f compilation, -O0
output is:
/tmp/ccova6Hj.o(.text+0x48): In function \`values.0':
: undefined reference to \`val_'
collect2: ld returned 1 exit status