This is the mail archive of the gcc-testresults@gcc.gnu.org mailing list for the GCC project.
Index Nav: | [Date Index] [Subject Index] [Author Index] [Thread Index] | |
---|---|---|
Message Nav: | [Date Prev] [Date Next] | [Thread Prev] [Thread Next] |
Other format: | [Raw text] |
LAST_UPDATED: Native configuration is sparc64-sun-solaris2.7 === g++ tests === Running target unix/-m32 === g++ Summary for unix/-m32 === # of expected passes 8041 # of expected failures 98 # of untested testcases 23 # of unsupported tests 27 Running target unix/-fPIC === g++ Summary for unix/-fPIC === # of expected passes 8040 # of expected failures 99 # of untested testcases 23 # of unsupported tests 27 Running target unix/-fpic === g++ Summary for unix/-fpic === # of expected passes 8040 # of expected failures 99 # of untested testcases 23 # of unsupported tests 27 Running target unix === g++ Summary for unix === # of expected passes 8040 # of expected failures 99 # of untested testcases 23 # of unsupported tests 27 === g++ Summary === # of expected passes 32161 # of expected failures 395 # of untested testcases 92 # of unsupported tests 108 /teal/tmpdisk/ghazi/gcc-testing/v9-33/build/gcc/testsuite/../g++ version 3.3.2 20030903 (prerelease) === g77 tests === Running target unix/-m32 === g77 Summary for unix/-m32 === # of expected passes 1686 # of unsupported tests 8 Running target unix/-fPIC === g77 Summary for unix/-fPIC === # of expected passes 1686 # of unsupported tests 8 Running target unix/-fpic === g77 Summary for unix/-fpic === # of expected passes 1686 # of unsupported tests 8 Running target unix === g77 Summary for unix === # of expected passes 1686 # of unsupported tests 8 === g77 Summary === # of expected passes 6744 # of unsupported tests 32 /teal/tmpdisk/ghazi/gcc-testing/v9-33/build/gcc/testsuite/../g77 version 3.3.2 20030903 (prerelease) === gcc tests === Running target unix/-m32 WARNING: gcc.dg/20021014-1.c compilation failed to produce executable FAIL: gcc.dg/duff-2.c (test for excess errors) FAIL: gcc.dg/ultrasp2.c (test for excess errors) FAIL: gcc.dg/ultrasp4.c (test for excess errors) FAIL: gcc.dg/ultrasp8.c (test for excess errors) === gcc Summary for unix/-m32 === # of expected passes 20914 # of unexpected failures 4 # of expected failures 67 # of unsupported tests 166 Running target unix/-fPIC FAIL: gcc.c-torture/execute/20020720-1.c compilation, -O1 UNRESOLVED: gcc.c-torture/execute/20020720-1.c execution, -O1 FAIL: gcc.c-torture/execute/20020720-1.c compilation, -O2 UNRESOLVED: gcc.c-torture/execute/20020720-1.c execution, -O2 FAIL: gcc.c-torture/execute/20020720-1.c compilation, -O3 -fomit-frame-pointer UNRESOLVED: gcc.c-torture/execute/20020720-1.c execution, -O3 -fomit-frame-pointer FAIL: gcc.c-torture/execute/20020720-1.c compilation, -O3 -g UNRESOLVED: gcc.c-torture/execute/20020720-1.c execution, -O3 -g FAIL: gcc.c-torture/execute/20020720-1.c compilation, -Os UNRESOLVED: gcc.c-torture/execute/20020720-1.c execution, -Os WARNING: gcc.dg/20021014-1.c compilation failed to produce executable FAIL: gcc.dg/duff-2.c (test for excess errors) === gcc Summary for unix/-fPIC === # of expected passes 20897 # of unexpected failures 6 # of expected failures 77 # of unresolved testcases 5 # of unsupported tests 166 Running target unix/-fpic FAIL: gcc.c-torture/execute/20020720-1.c compilation, -O1 UNRESOLVED: gcc.c-torture/execute/20020720-1.c execution, -O1 FAIL: gcc.c-torture/execute/20020720-1.c compilation, -O2 UNRESOLVED: gcc.c-torture/execute/20020720-1.c execution, -O2 FAIL: gcc.c-torture/execute/20020720-1.c compilation, -O3 -fomit-frame-pointer UNRESOLVED: gcc.c-torture/execute/20020720-1.c execution, -O3 -fomit-frame-pointer FAIL: gcc.c-torture/execute/20020720-1.c compilation, -O3 -g UNRESOLVED: gcc.c-torture/execute/20020720-1.c execution, -O3 -g FAIL: gcc.c-torture/execute/20020720-1.c compilation, -Os UNRESOLVED: gcc.c-torture/execute/20020720-1.c execution, -Os WARNING: gcc.dg/20021014-1.c compilation failed to produce executable FAIL: gcc.dg/duff-2.c (test for excess errors) === gcc Summary for unix/-fpic === # of expected passes 20897 # of unexpected failures 6 # of expected failures 77 # of unresolved testcases 5 # of unsupported tests 166 Running target unix WARNING: gcc.dg/20021014-1.c compilation failed to produce executable FAIL: gcc.dg/duff-2.c (test for excess errors) === gcc Summary for unix === # of expected passes 20907 # of unexpected failures 1 # of expected failures 77 # of unsupported tests 166 === gcc Summary === # of expected passes 83615 # of unexpected failures 17 # of expected failures 298 # of unresolved testcases 10 # of unsupported tests 664 /teal/tmpdisk/ghazi/gcc-testing/v9-33/build/gcc/xgcc version 3.3.2 20030903 (prerelease) === objc tests === Running target unix/-m32 === objc Summary for unix/-m32 === # of expected passes 1153 Running target unix/-fPIC === objc Summary for unix/-fPIC === # of expected passes 1153 Running target unix/-fpic === objc Summary for unix/-fpic === # of expected passes 1153 Running target unix === objc Summary for unix === # of expected passes 1153 === objc Summary === # of expected passes 4612 /teal/tmpdisk/ghazi/gcc-testing/v9-33/build/gcc/xgcc version 3.3.2 20030903 (prerelease) === libjava tests === Running target unix/-m32 FAIL: linking cxxtest FAIL: Array_3 execution - gij test FAIL: Array_3 execution - gij test FAIL: FileHandleGcTest execution - source compiled test FAIL: FileHandleGcTest execution - bytecode->native test FAIL: FileHandleGcTest -O execution - source compiled test FAIL: FileHandleGcTest -O execution - bytecode->native test FAIL: SyncTest execution - gij test WARNING: program timed out. FAIL: SyncTest execution - bytecode->native test FAIL: SyncTest execution - gij test WARNING: program timed out. FAIL: SyncTest -O execution - bytecode->native test FAIL: TLtest execution - gij test FAIL: TLtest execution - gij test FAIL: Thread_Join execution - gij test FAIL: Thread_Join execution - gij test FAIL: Thread_Monitor execution - gij test FAIL: Thread_Monitor execution - gij test FAIL: Throw_2 execution - source compiled test FAIL: Throw_2 execution - gij test FAIL: Throw_2 execution - bytecode->native test FAIL: Throw_2 -O execution - source compiled test FAIL: Throw_2 execution - gij test FAIL: Throw_2 -O execution - bytecode->native test === libjava Summary for unix/-m32 === # of expected passes 2945 # of unexpected failures 23 # of expected failures 17 # of untested testcases 34 Running target unix/-fPIC FAIL: linking cxxtest FAIL: Array_3 execution - gij test FAIL: Array_3 execution - gij test FAIL: FileHandleGcTest execution - source compiled test FAIL: FileHandleGcTest execution - gij test FAIL: FileHandleGcTest execution - bytecode->native test FAIL: FileHandleGcTest -O execution - source compiled test FAIL: FileHandleGcTest execution - gij test FAIL: FileHandleGcTest -O execution - bytecode->native test FAIL: PR141 execution - gij test FAIL: PR141 execution - gij test WARNING: program timed out. FAIL: SyncTest execution - gij test WARNING: program timed out. FAIL: SyncTest execution - bytecode->native test WARNING: program timed out. FAIL: SyncTest execution - gij test WARNING: program timed out. FAIL: SyncTest -O execution - bytecode->native test FAIL: Thread_Join execution - gij test WARNING: program timed out. FAIL: Thread_Wait_2 execution - gij test FAIL: Thread_Wait_Interrupt execution - gij test FAIL: Thread_Wait_Interrupt execution - gij test === libjava Summary for unix/-fPIC === # of expected passes 2953 # of unexpected failures 19 # of expected failures 17 # of untested testcases 30 Running target unix/-fpic FAIL: linking cxxtest FAIL: Array_3 execution - gij test FAIL: Array_3 execution - gij test FAIL: FileHandleGcTest execution - source compiled test FAIL: FileHandleGcTest execution - gij test FAIL: FileHandleGcTest execution - bytecode->native test FAIL: FileHandleGcTest -O execution - source compiled test FAIL: FileHandleGcTest execution - gij test FAIL: FileHandleGcTest -O execution - bytecode->native test FAIL: PR141 execution - gij test FAIL: PR141 execution - gij test WARNING: program timed out. FAIL: SyncTest execution - gij test WARNING: program timed out. FAIL: SyncTest execution - bytecode->native test WARNING: program timed out. FAIL: SyncTest execution - gij test WARNING: program timed out. FAIL: SyncTest -O execution - bytecode->native test WARNING: program timed out. FAIL: Thread_Wait_2 execution - gij test FAIL: Thread_Wait_Interrupt execution - gij test FAIL: Thread_Wait_Interrupt execution - gij test === libjava Summary for unix/-fpic === # of expected passes 2955 # of unexpected failures 18 # of expected failures 17 # of untested testcases 29 Running target unix FAIL: linking cxxtest FAIL: Array_3 execution - gij test FAIL: Array_3 execution - gij test FAIL: FileHandleGcTest execution - source compiled test FAIL: FileHandleGcTest execution - gij test FAIL: FileHandleGcTest execution - bytecode->native test FAIL: FileHandleGcTest -O execution - source compiled test FAIL: FileHandleGcTest execution - gij test FAIL: FileHandleGcTest -O execution - bytecode->native test FAIL: PR141 execution - gij test FAIL: PR141 execution - gij test WARNING: program timed out. FAIL: SyncTest execution - gij test WARNING: program timed out. FAIL: SyncTest execution - bytecode->native test WARNING: program timed out. FAIL: SyncTest execution - gij test WARNING: program timed out. FAIL: SyncTest -O execution - bytecode->native test WARNING: program timed out. FAIL: Thread_Wait_2 execution - gij test FAIL: Thread_Wait_Interrupt execution - gij test FAIL: Thread_Wait_Interrupt execution - gij test === libjava Summary for unix === # of expected passes 2955 # of unexpected failures 18 # of expected failures 17 # of untested testcases 29 === libjava Summary === # of expected passes 11808 # of unexpected failures 78 # of expected failures 68 # of untested testcases 122 === libstdc++-v3 tests === Running target unix/-m32 === libstdc++-v3 Summary for unix/-m32 === # of expected passes 429 # of expected failures 18 Running target unix/-fPIC === libstdc++-v3 Summary for unix/-fPIC === # of expected passes 429 # of expected failures 18 Running target unix/-fpic === libstdc++-v3 Summary for unix/-fpic === # of expected passes 429 # of expected failures 18 Running target unix === libstdc++-v3 Summary for unix === # of expected passes 429 # of expected failures 18 === libstdc++-v3 Summary === # of expected passes 1716 # of expected failures 72 Compiler version: 3.3.2 20030903 (prerelease) Platform: sparc64-sun-solaris2.7 configure flags: --host=sparc64-sun-solaris2.7 --verbose
Index Nav: | [Date Index] [Subject Index] [Author Index] [Thread Index] | |
---|---|---|
Message Nav: | [Date Prev] [Date Next] | [Thread Prev] [Thread Next] |