This is the mail archive of the
gcc-testresults@gcc.gnu.org
mailing list for the GCC project.
Results for 3.4 20030903 (experimental) testsuite on i686-pc-linux-gnu
- From: hjl at gnu-6 dot sc dot intel dot com (H.J. Lu)
- To: gcc-testresults at gcc dot gnu dot org
- Date: Thu, 4 Sep 2003 11:44:10 -0400 (EDT)
- Subject: Results for 3.4 20030903 (experimental) testsuite on i686-pc-linux-gnu
LAST_UPDATED: Wed Sep 3 17:25:24 UTC 2003
Native configuration is i686-pc-linux-gnu
=== g77 tests ===
Running target unix
FAIL: g77.f-torture/execute/980520-1.f compilation, -O0
=== g77 Summary ===
# of expected passes 1764
# of unexpected failures 1
# of untested testcases 1
/export/build/gnu/gcc/build-i686-linux/gcc/testsuite/../g77 version 3.4 20030903 (experimental)
=== gcc tests ===
Running target unix
UNRESOLVED: gcc.c-torture/execute/wchar_t-1.c execution, -O0
UNRESOLVED: gcc.c-torture/execute/wchar_t-1.c execution, -O1
UNRESOLVED: gcc.c-torture/execute/wchar_t-1.c execution, -O2
UNRESOLVED: gcc.c-torture/execute/wchar_t-1.c execution, -O3 -fomit-frame-pointer
UNRESOLVED: gcc.c-torture/execute/wchar_t-1.c execution, -O3 -g
UNRESOLVED: gcc.c-torture/execute/wchar_t-1.c execution, -Os
=== gcc Summary ===
# of expected passes 23503
# of expected failures 81
# of unresolved testcases 6
# of untested testcases 7
# of unsupported tests 140
/export/build/gnu/gcc/build-i686-linux/gcc/xgcc version 3.4 20030903 (experimental)
=== g++ tests ===
Running target unix
FAIL: g++.dg/ext/pretty1.C scan-assembler top level
FAIL: g++.dg/ext/pretty2.C (test for excess errors)
WARNING: g++.dg/ext/pretty2.C compilation failed to produce executable
FAIL: g++.dg/init/array10.C (test for excess errors)
WARNING: g++.old-deja/g++.mike/p10769a.C compilation failed to produce executable
WARNING: g++.old-deja/g++.other/enum5.C compilation failed to produce executable
WARNING: g++.old-deja/g++.pt/friend44.C compilation failed to produce executable
=== g++ Summary ===
# of expected passes 8961
# of unexpected failures 3
# of expected failures 64
# of unsupported tests 29
/export/build/gnu/gcc/build-i686-linux/gcc/testsuite/../g++ version 3.4 20030903 (experimental)
=== objc tests ===
Running target unix
=== objc Summary ===
# of expected passes 1156
/export/build/gnu/gcc/build-i686-linux/gcc/xgcc version 3.4 20030903 (experimental)
=== libjava tests ===
Running target unix
=== libjava Summary ===
# of expected passes 3092
# of expected failures 10
# of untested testcases 8
=== libstdc++ tests ===
Running target unix
=== libstdc++ Summary ===
Compiler version: 3.4 20030903 (experimental)
Platform: i686-pc-linux-gnu
configure flags: --enable-clocale=gnu --with-system-zlib --enable-shared --enable-threads=posix --enable-haifa --disable-checking --prefix=/usr/gcc-3.4 --with-local-prefix=/usr/local