This is the mail archive of the
gcc-testresults@gcc.gnu.org
mailing list for the GCC project.
Results for 3.4 20030901 (experimental) testsuite on i686-pc-solaris2.9
- From: Rainer Orth <ro at TechFak dot Uni-Bielefeld dot DE>
- To: gcc-testresults at gcc dot gnu dot org
- Date: Thu, 4 Sep 2003 17:22:39 +0200 (MEST)
- Subject: Results for 3.4 20030901 (experimental) testsuite on i686-pc-solaris2.9
LAST_UPDATED: Mon Sep 1 11:35:02 UTC 2003
Native configuration is i686-pc-solaris2.9
=== g++ tests ===
Running target unix
FAIL: g++.dg/eh/simd-2.C (test for excess errors)
WARNING: g++.dg/eh/simd-2.C compilation failed to produce executable
FAIL: g++.dg/ext/pretty1.C scan-assembler top level
FAIL: g++.dg/ext/pretty2.C (test for excess errors)
WARNING: g++.dg/ext/pretty2.C compilation failed to produce executable
FAIL: g++.dg/init/array10.C (test for excess errors)
WARNING: program timed out.
FAIL: g++.dg/parse/stack1.C (test for excess errors)
FAIL: g++.dg/special/conpr-1.C execution test
FAIL: g++.dg/special/conpr-3.C execution test
FAIL: g++.dg/special/conpr-4.C execution test
WARNING: g++.old-deja/g++.mike/p10769a.C compilation failed to produce executable
WARNING: g++.old-deja/g++.other/enum5.C compilation failed to produce executable
WARNING: g++.old-deja/g++.pt/friend44.C compilation failed to produce executable
=== g++ Summary ===
# of expected passes 8918
# of unexpected failures 8
# of expected failures 66
# of unsupported tests 35
/amnt/figaro/volumes/obj-gcc/gcc/obj.sol86/gcc-3.4-20030901/9-gcc-as/gcc/testsuite/../g++ version 3.4 20030901 (experimental)
=== g77 tests ===
Running target unix
FAIL: g77.f-torture/execute/980520-1.f compilation, -O0
=== g77 Summary ===
# of expected passes 1764
# of unexpected failures 1
# of untested testcases 1
/amnt/figaro/volumes/obj-gcc/gcc/obj.sol86/gcc-3.4-20030901/9-gcc-as/gcc/testsuite/../g77 version 3.4 20030901 (experimental)
=== gcc tests ===
Running target unix
WARNING: program timed out.
FAIL: gcc.c-torture/compile/20001226-1.c (test for excess errors)
WARNING: program timed out.
FAIL: gcc.c-torture/compile/20001226-1.c (test for excess errors)
WARNING: program timed out.
FAIL: gcc.c-torture/compile/20001226-1.c (test for excess errors)
WARNING: program timed out.
FAIL: gcc.c-torture/compile/20001226-1.c (test for excess errors)
WARNING: program timed out.
FAIL: gcc.c-torture/compile/20001226-1.c (test for excess errors)
UNRESOLVED: gcc.c-torture/execute/wchar_t-1.c execution, -O0
UNRESOLVED: gcc.c-torture/execute/wchar_t-1.c execution, -O1
UNRESOLVED: gcc.c-torture/execute/wchar_t-1.c execution, -O2
UNRESOLVED: gcc.c-torture/execute/wchar_t-1.c execution, -O3 -fomit-frame-pointer
UNRESOLVED: gcc.c-torture/execute/wchar_t-1.c execution, -O3 -g
UNRESOLVED: gcc.c-torture/execute/wchar_t-1.c execution, -Os
FAIL: gcc.dg/compat/vector-1 c_compat_x_tst.o compile
FAIL: gcc.dg/compat/vector-1 c_compat_y_tst.o compile
UNRESOLVED: gcc.dg/compat/vector-1 c_compat_x_tst.o-c_compat_y_tst.o link
UNRESOLVED: gcc.dg/compat/vector-1 c_compat_x_tst.o-c_compat_y_tst.o execute
FAIL: gcc.dg/compat/vector-2 c_compat_x_tst.o compile
FAIL: gcc.dg/compat/vector-2 c_compat_y_tst.o compile
UNRESOLVED: gcc.dg/compat/vector-2 c_compat_x_tst.o-c_compat_y_tst.o link
UNRESOLVED: gcc.dg/compat/vector-2 c_compat_x_tst.o-c_compat_y_tst.o execute
FAIL: gcc.dg/20011009-1.c (test for excess errors)
WARNING: gcc.dg/20011009-1.c compilation failed to produce executable
WARNING: gcc.dg/20021014-1.c compilation failed to produce executable
WARNING: program timed out.
ERROR: gcc.dg/attr-noinline.c: error executing dg-final: couldn't open "attr-noinline.s": no such file or directory
UNRESOLVED: gcc.dg/attr-noinline.c: error executing dg-final: couldn't open "attr-noinline.s": no such file or directory
FAIL: gcc.dg/builtins-20.c (test for excess errors)
=== gcc Summary ===
# of expected passes 23411
# of unexpected failures 11
# of expected failures 80
# of unresolved testcases 11
# of untested testcases 7
# of unsupported tests 147
/amnt/figaro/volumes/obj-gcc/gcc/obj.sol86/gcc-3.4-20030901/9-gcc-as/gcc/xgcc version 3.4 20030901 (experimental)
=== objc tests ===
Running target unix
=== objc Summary ===
# of expected passes 1156
/amnt/figaro/volumes/obj-gcc/gcc/obj.sol86/gcc-3.4-20030901/9-gcc-as/gcc/xgcc version 3.4 20030901 (experimental)
=== libjava tests ===
Running target unix
FAIL: FileHandleGcTest execution - source compiled test
FAIL: FileHandleGcTest execution - gij test
FAIL: FileHandleGcTest execution - bytecode->native test
FAIL: FileHandleGcTest -O execution - source compiled test
FAIL: FileHandleGcTest execution - gij test
FAIL: FileHandleGcTest -O execution - bytecode->native test
FAIL: Thread_Join execution - gij test
FAIL: Thread_Wait_2 execution - gij test
FAIL: Thread_Wait_2 execution - gij test
FAIL: Throw_2 execution - source compiled test
FAIL: Throw_2 execution - gij test
FAIL: Throw_2 execution - bytecode->native test
FAIL: Throw_2 -O execution - source compiled test
FAIL: Throw_2 execution - gij test
FAIL: Throw_2 -O execution - bytecode->native test
=== libjava Summary ===
# of expected passes 3062
# of unexpected failures 15
# of expected failures 10
# of untested testcases 23
=== libstdc++ tests ===
Running target unix
FAIL: 22_locale/num_get/get/char/4.cc execution test
FAIL: 27_io/basic_istream/extractors_arithmetic/char/12.cc execution test
FAIL: 27_io/basic_istream/sentry/char/3983-fstream.cc (test for excess errors)
WARNING: 27_io/basic_istream/sentry/char/3983-fstream.cc compilation failed to produce executable
FAIL: 27_io/basic_istream/sentry/char/3983-sstream.cc (test for excess errors)
WARNING: 27_io/basic_istream/sentry/char/3983-sstream.cc compilation failed to produce executable
FAIL: 27_io/basic_ostream/sentry/char/3983-fstream.cc (test for excess errors)
WARNING: 27_io/basic_ostream/sentry/char/3983-fstream.cc compilation failed to produce executable
FAIL: 27_io/basic_ostream/sentry/char/3983-sstream.cc (test for excess errors)
WARNING: 27_io/basic_ostream/sentry/char/3983-sstream.cc compilation failed to produce executable
FAIL: 27_io/objects/char/12048.cc execution test
=== libstdc++ Summary ===
# of expected passes 1595
# of unexpected failures 7
Compiler version: 3.4 20030901 (experimental)
Platform: i686-pc-solaris2.9
configure flags: --prefix=/vol/gcc --with-local-prefix=/vol/gcc --disable-nls i686-pc-solaris2.9