This is the mail archive of the gcc-testresults@gcc.gnu.org mailing list for the GCC project.
Index Nav: | [Date Index] [Subject Index] [Author Index] [Thread Index] | |
---|---|---|
Message Nav: | [Date Prev] [Date Next] | [Thread Prev] [Thread Next] |
Other format: | [Raw text] |
LAST_UPDATED: Native configuration is sparc64-sun-solaris2.7 === g77 tests === Running target unix FAIL: g77.f-torture/execute/980520-1.f compilation, -O0 === g77 Summary === # of expected passes 1752 # of unexpected failures 1 # of untested testcases 1 # of unsupported tests 6 /teal/tmpdisk/ghazi/gcc-testing/v9-34/build/gcc/testsuite/../g77 version 3.4 20030902 (experimental) === gcc tests === Running target unix FAIL: gcc.c-torture/execute/simd-4.c compilation, -O0 UNRESOLVED: gcc.c-torture/execute/simd-4.c execution, -O0 UNRESOLVED: gcc.c-torture/execute/wchar_t-1.c execution, -O0 UNRESOLVED: gcc.c-torture/execute/wchar_t-1.c execution, -O1 UNRESOLVED: gcc.c-torture/execute/wchar_t-1.c execution, -O2 UNRESOLVED: gcc.c-torture/execute/wchar_t-1.c execution, -O3 -fomit-frame-pointer UNRESOLVED: gcc.c-torture/execute/wchar_t-1.c execution, -O3 -g UNRESOLVED: gcc.c-torture/execute/wchar_t-1.c execution, -Os FAIL: gcc.dg/compat/scalar-by-value-3 c_compat_x_tst.o-c_compat_y_tst.o execute FAIL: gcc.dg/compat/scalar-return-3 c_compat_x_tst.o-c_compat_y_tst.o execute FAIL: gcc.dg/compat/struct-align-1 c_compat_x_tst.o compile FAIL: gcc.dg/compat/struct-align-1 c_compat_y_tst.o compile UNRESOLVED: gcc.dg/compat/struct-align-1 c_compat_x_tst.o-c_compat_y_tst.o link UNRESOLVED: gcc.dg/compat/struct-align-1 c_compat_x_tst.o-c_compat_y_tst.o execute FAIL: gcc.dg/compat/vector-1 c_compat_x_tst.o compile FAIL: gcc.dg/compat/vector-1 c_compat_y_tst.o compile UNRESOLVED: gcc.dg/compat/vector-1 c_compat_x_tst.o-c_compat_y_tst.o link UNRESOLVED: gcc.dg/compat/vector-1 c_compat_x_tst.o-c_compat_y_tst.o execute FAIL: gcc.dg/compat/vector-2 c_compat_x_tst.o compile FAIL: gcc.dg/compat/vector-2 c_compat_y_tst.o compile UNRESOLVED: gcc.dg/compat/vector-2 c_compat_x_tst.o-c_compat_y_tst.o link UNRESOLVED: gcc.dg/compat/vector-2 c_compat_x_tst.o-c_compat_y_tst.o execute FAIL: gcc.dg/cpp/19990228-1.c scan-file-not [^\\n]# FAIL: gcc.dg/cpp/_Pragma4.c scan-file (^|\\n)#pragma bar(\$|\\n) FAIL: gcc.dg/cpp/avoidpaste2.c scan-file (^|\\n): : : - > - > FAIL: gcc.dg/cpp/avoidpaste2.c scan-file (^|\\n):2: :22 22: FAIL: gcc.dg/cpp/cmdlne-dD-dM.c scan-file (^|\\n)#define foo bar(\$|\\n) FAIL: gcc.dg/cpp/cmdlne-dM-M.c scan-file (^|\\n)#define foo bar(\$|\\n) FAIL: gcc.dg/cpp/cmdlne-dM-dD.c scan-file (^|\\n)#define foo bar(\$|\\n) FAIL: gcc.dg/cpp/maccom1.c scan-file (^|\\n)passed FAIL: gcc.dg/debug/debug-1.c scan-assembler xyzzy FAIL: gcc.dg/debug/debug-1.c scan-assembler xyzzy FAIL: gcc.dg/debug/debug-1.c scan-assembler xyzzy FAIL: gcc.dg/debug/debug-1.c scan-assembler xyzzy FAIL: gcc.dg/debug/debug-1.c scan-assembler xyzzy FAIL: gcc.dg/debug/debug-1.c scan-assembler xyzzy FAIL: gcc.dg/debug/debug-2.c scan-assembler xyzzy FAIL: gcc.dg/debug/debug-2.c scan-assembler xyzzy FAIL: gcc.dg/debug/debug-2.c scan-assembler xyzzy FAIL: gcc.dg/debug/debug-2.c scan-assembler xyzzy FAIL: gcc.dg/debug/debug-2.c scan-assembler xyzzy FAIL: gcc.dg/debug/debug-2.c scan-assembler xyzzy WARNING: gcc.dg/20021014-1.c compilation failed to produce executable WARNING: program timed out. ERROR: gcc.dg/attr-noinline.c: error executing dg-final: couldn't open "attr-noinline.s": no such file or directory UNRESOLVED: gcc.dg/attr-noinline.c: error executing dg-final: couldn't open "attr-noinline.s": no such file or directory FAIL: gcc.dg/builtins-18.c (test for excess errors) FAIL: gcc.dg/builtins-20.c (test for excess errors) ERROR: gcc.dg/const-elim-2.c: error executing dg-final: bad switch "-inline": must be -indices, -nocase, or -- UNRESOLVED: gcc.dg/const-elim-2.c: error executing dg-final: bad switch "-inline": must be -indices, -nocase, or -- XPASS: gcc.dg/uninit-4.c uninitialized variable warning (test for bogus messages, line 26) === gcc Summary === # of expected passes 23100 # of unexpected failures 31 # of unexpected successes 1 # of expected failures 88 # of unresolved testcases 15 # of untested testcases 7 # of unsupported tests 252 /teal/tmpdisk/ghazi/gcc-testing/v9-34/build/gcc/xgcc version 3.4 20030902 (experimental) === objc tests === Running target unix === objc Summary === # of expected passes 1156 /teal/tmpdisk/ghazi/gcc-testing/v9-34/build/gcc/xgcc version 3.4 20030902 (experimental) Compiler version: 3.4 20030902 (experimental) Platform: sparc64-sun-solaris2.7 configure flags: --verbose --enable-languages=c,objc,f77 sparc64-sun-solaris2.7
Index Nav: | [Date Index] [Subject Index] [Author Index] [Thread Index] | |
---|---|---|
Message Nav: | [Date Prev] [Date Next] | [Thread Prev] [Thread Next] |