This is the mail archive of the
gcc-testresults@gcc.gnu.org
mailing list for the GCC project.
Results for 3.3.2 20030901 (prerelease) testsuite on i686-pc-cygwin
- From: David dot Billinghurst at riotinto dot com
- To: gcc-testresults at gcc dot gnu dot org
- Subject: Results for 3.3.2 20030901 (prerelease) testsuite on i686-pc-cygwin
CYGWIN_NT-5.1 crw50 1.3.22(0.78/3/2) 2003-03-18 09:20 i686 unknown unknown Cygwin
Windows XP Professional Ver 5.1 Build 2600 Service Pack 1
PROCESSOR_IDENTIFIER = \`x86 Family 15 Model 0 Stepping 10, GenuineIntel'
LAST_UPDATED: Mon Sep 1 09:38:38 GMT 2003
Native configuration is i686-pc-cygwin
=== g++ tests ===
Running target unix
FAIL: g++.dg/abi/bitfield3.C execution test
FAIL: g++.dg/abi/rtti1.C scan-assembler-dem-not \\ntypeinfo for A[: \\t\\n]
FAIL: g++.dg/ext/instantiate3.C scan-assembler-not
FAIL: g++.dg/opt/vt1.C scan-assembler-not section[^
FAIL: g++.dg/special/initp1.C execution test
FAIL: g++.eh/badalloc1.C Execution test
XPASS: g++.ext/attrib5.C Execution test
XPASS: g++.jason/template18.C Execution test
FAIL: g++.law/profile1.C (test for excess errors)
FAIL: g++.pt/instantiate4.C (test for excess errors)
FAIL: g++.pt/instantiate6.C (test for excess errors)
FAIL: g++.pt/repo1.C (test for excess errors)
FAIL: g++.pt/repo2.C (test for excess errors)
FAIL: g++.pt/repo4.C (test for excess errors)
=== g++ Summary ===
# of expected passes 8108
# of unexpected failures 12
# of unexpected successes 2
# of expected failures 96
# of untested testcases 15
# of unsupported tests 3
gcc version 3.3.2 20030901 (prerelease)
=== g77 tests ===
Running target unix
=== g77 Summary ===
# of expected passes 1702
gcc version 3.3.2 20030901 (prerelease)
=== gcc tests ===
Running target unix
FAIL: gcc.c-torture/execute/20010904-1.c execution, -O0
FAIL: gcc.c-torture/execute/20010904-1.c execution, -O1
FAIL: gcc.c-torture/execute/20010904-1.c execution, -O2
FAIL: gcc.c-torture/execute/20010904-1.c execution, -O3 -fomit-frame-pointer
FAIL: gcc.c-torture/execute/20010904-1.c execution, -O3 -g
FAIL: gcc.c-torture/execute/20010904-1.c execution, -Os
FAIL: gcc.c-torture/execute/20010904-2.c execution, -O0
FAIL: gcc.c-torture/execute/20010904-2.c execution, -O1
FAIL: gcc.c-torture/execute/20010904-2.c execution, -O2
FAIL: gcc.c-torture/execute/20010904-2.c execution, -O3 -fomit-frame-pointer
FAIL: gcc.c-torture/execute/20010904-2.c execution, -O3 -g
FAIL: gcc.c-torture/execute/20010904-2.c execution, -Os
FAIL: gcc.dg/20021014-1.c (test for excess errors)
WARNING: gcc.dg/20021014-1.c compilation failed to produce executable
FAIL: gcc.dg/duff-2.c (test for excess errors)
FAIL: gcc.dg/i386-bitfield1.c execution test
FAIL: gcc.dg/nest.c (test for excess errors)
WARNING: gcc.dg/nest.c compilation failed to produce executable
=== gcc Summary ===
# of expected passes 21476
# of unexpected failures 16
# of expected failures 68
# of unsupported tests 91
gcc version 3.3.2 20030901 (prerelease)
=== objc tests ===
Running target unix
=== objc Summary ===
# of expected passes 1153
gcc version 3.3.2 20030901 (prerelease)
=== libstdc++-v3 tests ===
Running target unix
FAIL: 26_numerics/c99_classification_macros_c.cc (test for excess errors)
FAIL: 27_io/filebuf_members.cc execution test
FAIL: 27_io/filebuf_virtuals.cc execution test
FAIL: 27_io/istream_extractor_arith/12.cc execution test
=== libstdc++-v3 Summary ===
# of expected passes 426
# of unexpected failures 4
# of expected failures 17
Compiler version: 3.3.2 20030901 (prerelease)
Platform: i686-pc-cygwin
configure flags: --host=i686-pc-cygwin --prefix=/usr/local/gcc-3_3 --enable-threads=posix --disable-libgcj --enable-sjlj-exceptions --with-system-zlib --enable-nls --enable-version-specific-runtime-libs --without-included-gettext --disable-shared
Counting all warnings,
there are 45 warnings in stage3 of this bootstrap.
Number of warnings per file:
9 gcc/gcc.c
5 op872.c
5 c-p3764.c
4 gengtype-yacc.c
3 gcc/unwind-sjlj.c
2 insn-conditions.c
2 gcc/unwind-pe.h
2 gcc/f/sta.c
2 gcc/cp/lang-specs.h
1 gt-ada-utils.h
1 gt-ada-decl.h
1 gcc/varasm.c
1 gcc/sdbout.c
1 gcc/objc/lang-specs.h
1 gcc/java/jvspec.c
1 gcc/function.c
1 gcc/emit-rtl.c
1 gcc/ada/tracebak.c
1 gcc/ada/adaint.c
1 ada/b_gnatb.c
Number of warning types:
14 traditional C rejects ISO C style function definitions
9 string length \`???' is greater than the length \`???' ISO C89 compilers are required to support
4 traditional C rejects string concatenation
3 comparison between signed and unsigned
2 unused variable \`???'
2 unused parameter \`???'
2 dereferencing type-punned pointer will break strict-aliasing rules
2 assignment of read-only location
2 \`???' defined but not used
1 signed and unsigned type in conditional expression
1 return makes integer from pointer without a cast
1 function declaration isn't a prototype
1 comparison of unsigned expression < 0 is always false
1 assignment discards qualifiers from pointer target type