This is the mail archive of the
gcc-testresults@gcc.gnu.org
mailing list for the GCC project.
Results for 3.3.2 20030831 (prerelease) testsuite on sparc-sun-solaris2.9
- From: Andreas Tobler <toa at pop dot agri dot ch>
- To: gcc-results <gcc-testresults at gcc dot gnu dot org>
- Date: Mon, 01 Sep 2003 06:23:18 +0200
- Subject: Results for 3.3.2 20030831 (prerelease) testsuite on sparc-sun-solaris2.9
LAST_UPDATED: Sun Aug 31 12:21:03 UTC 2003
Native configuration is sparc-sun-solaris2.9
=== g77 tests ===
Running target unix
=== g77 Summary ===
# of expected passes 1686
# of unsupported tests 8
/opt/gcc/gcc-branch/objdir/gcc/testsuite/../g77 version 3.3.2 20030831 (prerelease)
=== gcc tests ===
Running target unix
WARNING: gcc.dg/20021014-1.c compilation failed to produce executable
FAIL: gcc.dg/duff-2.c (test for excess errors)
=== gcc Summary ===
# of expected passes 21355
# of unexpected failures 1
# of expected failures 67
# of unsupported tests 166
/opt/gcc/gcc-branch/objdir/gcc/xgcc version 3.3.2 20030831 (prerelease)
=== g++ tests ===
Running target unix
=== g++ Summary ===
# of expected passes 8042
# of expected failures 98
# of untested testcases 21
# of unsupported tests 26
/opt/gcc/gcc-branch/objdir/gcc/testsuite/../g++ version 3.3.2 20030831 (prerelease)
=== objc tests ===
Running target unix
=== objc Summary ===
# of expected passes 1153
/opt/gcc/gcc-branch/objdir/gcc/xgcc version 3.3.2 20030831 (prerelease)
=== libjava tests ===
Running target unix
ERROR: tcl error sourcing /opt/gcc/gcc-branch/gcc/libjava/testsuite/libjava.compile/compile.exp.
ERROR: can't read "x": no such variable
FAIL: Array_3 execution - gij test
FAIL: Array_3 execution - gij test
FAIL: FileHandleGcTest execution - source compiled test
FAIL: FileHandleGcTest execution - bytecode->native test
FAIL: FileHandleGcTest -O execution - source compiled test
FAIL: FileHandleGcTest -O execution - bytecode->native test
WARNING: program timed out.
FAIL: SyncTest execution - gij test
FAIL: SyncTest execution - gij test
WARNING: program timed out.
FAIL: SyncTest -O execution - bytecode->native test
FAIL: Thread_Join execution - gij test
FAIL: Thread_Join execution - gij test
FAIL: Thread_Wait_2 execution - gij test
FAIL: Thread_Wait_2 execution - gij test
FAIL: Throw_2 execution - source compiled test
FAIL: Throw_2 execution - gij test
FAIL: Throw_2 execution - bytecode->native test
FAIL: Throw_2 -O execution - source compiled test
FAIL: Throw_2 execution - gij test
FAIL: Throw_2 -O execution - bytecode->native test
ERROR: No \`main' given in program final_inner
UNRESOLVED: final_inner -O compilation from source
=== libjava Summary ===
# of expected passes 2485
# of unexpected failures 19
# of expected failures 8
# of unresolved testcases 1
# of untested testcases 23
=== libstdc++-v3 tests ===
Running target unix
=== libstdc++-v3 Summary ===
# of expected passes 429
# of expected failures 18
Compiler version: 3.3.2 20030831 (prerelease)
Platform: sparc-sun-solaris2.9
configure flags: --host=sparc-sun-solaris2.9 --prefix=/var/tmp