This is the mail archive of the
gcc-testresults@gcc.gnu.org
mailing list for the GCC project.
Results for 3.3.1 20030530 (prerelease) testsuite on i686-pc-linux-gnu
- From: Andris Pavenis <pavenis at latnet dot lv>
- To: gcc-testresults at gcc dot gnu dot org
- Date: Fri, 30 May 2003 17:57:57 +0300
- Subject: Results for 3.3.1 20030530 (prerelease) testsuite on i686-pc-linux-gnu
Last updated from CVS: 2003 May 30 14:46 +0300
System: Linux kernel 2.4.20-rthal5
glibc-2.3.1
binutils-2.13.90.0.18 20030121
LAST_UPDATED: Fri May 30 11:46:20 UTC 2003
Native configuration is i686-pc-linux-gnu
=== g++ tests ===
Running target unix
FAIL: g++.dg/tls/init-2.C (test for excess errors)
=== g++ Summary ===
# of expected passes 7999
# of unexpected failures 1
# of expected failures 97
# of untested testcases 9
# of unsupported tests 4
/disk2/cvs/gcc/3.3/build/build.lnx/gcc/testsuite/../g++ version 3.3.1 20030530 (prerelease)
=== g77 tests ===
Running target unix
=== g77 Summary ===
# of expected passes 1702
/disk2/cvs/gcc/3.3/build/build.lnx/gcc/testsuite/../g77 version 3.3.1 20030530 (prerelease)
=== gcc tests ===
Running target unix
FAIL: gcc.dg/duff-2.c (test for excess errors)
FAIL: gcc.dg/uninit-C.c (test for excess errors)
=== gcc Summary ===
# of expected passes 21026
# of unexpected failures 2
# of expected failures 69
# of unsupported tests 83
/disk2/cvs/gcc/3.3/build/build.lnx/gcc/xgcc version 3.3.1 20030530 (prerelease)
=== objc tests ===
Running target unix
=== objc Summary ===
# of expected passes 1153
/disk2/cvs/gcc/3.3/build/build.lnx/gcc/xgcc version 3.3.1 20030530 (prerelease)
=== libstdc++-v3 tests ===
Running target unix
XPASS: 22_locale/collate_byname.cc execution test
XPASS: 22_locale/collate_members_char.cc execution test
XPASS: 22_locale/collate_members_wchar_t.cc execution test
XPASS: 22_locale/ctype_is_char.cc execution test
XPASS: 22_locale/ctype_is_wchar_t.cc execution test
XPASS: 22_locale/members.cc execution test
XPASS: 22_locale/messages_byname.cc execution test
XPASS: 22_locale/messages_members_char.cc execution test
XPASS: 22_locale/money_get_members_char.cc execution test
XPASS: 22_locale/money_get_members_wchar_t.cc execution test
XPASS: 22_locale/money_put_members_char.cc execution test
XPASS: 22_locale/money_put_members_wchar_t.cc execution test
XPASS: 22_locale/moneypunct_byname.cc execution test
XPASS: 22_locale/moneypunct_members_char.cc execution test
XPASS: 22_locale/moneypunct_members_wchar_t.cc execution test
XPASS: 22_locale/num_get_members_char.cc execution test
XPASS: 22_locale/num_get_members_wchar_t.cc execution test
XPASS: 22_locale/num_put_members_char.cc execution test
XPASS: 22_locale/num_put_members_wchar_t.cc execution test
XPASS: 22_locale/numpunct_byname.cc execution test
XPASS: 22_locale/numpunct_members_char.cc execution test
XPASS: 22_locale/numpunct_members_wchar_t.cc execution test
XPASS: 22_locale/time_get_members_char.cc execution test
XPASS: 22_locale/time_get_members_wchar_t.cc execution test
XPASS: 22_locale/time_put_members_char.cc execution test
XPASS: 22_locale/time_put_members_wchar_t.cc execution test
=== libstdc++-v3 Summary ===
# of expected passes 453
# of unexpected successes 26
# of expected failures 2
Compiler version: 3.3.1 20030530 (prerelease)
Platform: i686-pc-linux-gnu
configure flags: --host=i686-pc-linux-gnu --prefix=/disk2/gcc33 --enable-shared --verbose --enable-languages=c,c++,f77,objc,ada --enable-threads=posix
Counting all warnings,
there are 26 warnings in stage3 of this bootstrap.
Number of warnings per file:
3 gcc/tlink.c
3 gcc/gcc.c
3 /usr/share/bison/bison.simple
2 insn-conditions.c
2 gcc/f/sta.c
2 gcc/crtstuff.c
1 gt-ada-utils.h
1 gt-ada-decl.h
1 gcc/unwind.inc
1 gcc/objc/lang-specs.h
1 gcc/function.c
1 gcc/emit-rtl.c
1 gcc/cp/typeck.c
1 gcc/config/i386/i386.c
1 gcc/collect2.c
1 gcc/ada/tracebak.c
1 ada/b_gnatb.c
Number of warning types:
6 string length `???' is greater than the length `???' ISO C89 compilers are required to support
5 comparison of unsigned expression < 0 is always false
3 label `???' defined but not used
3 comparison between signed and unsigned
2 unused parameter `???'
2 passing arg ??? of `???' discards qualifiers from pointer target type
2 dereferencing type-punned pointer will break strict-aliasing rules
1 unused variable `???'
1 signed and unsigned type in conditional expression
1 `return' with a value, in function returning void