This is the mail archive of the
gcc-testresults@gcc.gnu.org
mailing list for the GCC project.
Results for 3.4 20030524 (experimental) testsuite on i686-pc-linux-gnu
- From: Brad Lucier <lucier at math dot purdue dot edu>
- To: gcc-testresults at gcc dot gnu dot org
- Date: Sun, 25 May 2003 09:54:14 -0500
- Subject: Results for 3.4 20030524 (experimental) testsuite on i686-pc-linux-gnu
LAST_UPDATED: Sat May 24 22:29:57 UTC 2003
Native configuration is i686-pc-linux-gnu
=== g77 tests ===
Running target unix
FAIL: g77.f-torture/execute/980520-1.f compilation, -O0
=== g77 Summary ===
# of expected passes 1734
# of unexpected failures 1
# of untested testcases 1
/.amd_mnt/banach/export/mdd0/users/lucier/programs/gcc/gcc-3.4/objdir-i386/gcc/testsuite/../g77 version 3.4 20030524 (experimental)
=== gcc tests ===
Running target unix
FAIL: gcc.dg/duff-2.c (test for excess errors)
FAIL: gcc.dg/uninit-C.c (test for excess errors)
=== gcc Summary ===
# of expected passes 22961
# of unexpected failures 2
# of expected failures 74
# of unsupported tests 101
/.amd_mnt/banach/export/mdd0/users/lucier/programs/gcc/gcc-3.4/objdir-i386/gcc/xgcc version 3.4 20030524 (experimental)
=== g++ tests ===
Running target unix
FAIL: g++.dg/eh/simd-2.C (test for excess errors)
WARNING: g++.dg/eh/simd-2.C compilation failed to produce executable
FAIL: g++.dg/ext/pretty1.C scan-assembler top level
FAIL: g++.dg/ext/pretty2.C (test for excess errors)
WARNING: g++.dg/ext/pretty2.C compilation failed to produce executable
WARNING: program timed out.
FAIL: system-1.H (test for excess errors)
WARNING: program timed out.
FAIL: system-1.H (test for excess errors)
WARNING: program timed out.
FAIL: system-1.H (test for excess errors)
WARNING: program timed out.
FAIL: system-2.H (test for excess errors)
WARNING: program timed out.
FAIL: system-2.H (test for excess errors)
WARNING: program timed out.
FAIL: system-2.H (test for excess errors)
WARNING: program timed out.
FAIL: uninst.H (test for excess errors)
WARNING: program timed out.
FAIL: uninst.H (test for excess errors)
WARNING: program timed out.
FAIL: uninst.H (test for excess errors)
WARNING: program timed out.
FAIL: g++.old-deja/g++.law/weak.C (test for excess errors)
WARNING: g++.old-deja/g++.mike/p10769a.C compilation failed to produce executable
FAIL: g++.old-deja/g++.oliva/template1.C (test for excess errors)
WARNING: g++.old-deja/g++.other/enum5.C compilation failed to produce executable
WARNING: g++.old-deja/g++.pt/friend44.C compilation failed to produce executable
=== g++ Summary ===
# of expected passes 8532
# of unexpected failures 14
# of expected failures 69
# of untested testcases 18
# of unsupported tests 15
/.amd_mnt/banach/export/mdd0/users/lucier/programs/gcc/gcc-3.4/objdir-i386/gcc/testsuite/../g++ version 3.4 20030524 (experimental)
=== objc tests ===
Running target unix
=== objc Summary ===
# of expected passes 1156
/.amd_mnt/banach/export/mdd0/users/lucier/programs/gcc/gcc-3.4/objdir-i386/gcc/xgcc version 3.4 20030524 (experimental)
=== libjava tests ===
Running target unix
FAIL: Thread_Wait_2 execution - gij test
=== libjava Summary ===
# of expected passes 3017
# of unexpected failures 1
# of expected failures 16
# of untested testcases 13
=== libstdc++-v3 tests ===
Running target unix
XPASS: 26_numerics/c99_classification_macros_c.cc (test for excess errors)
=== libstdc++-v3 Summary ===
# of expected passes 1854
# of unexpected successes 1
Compiler version: 3.4 20030524 (experimental)
Platform: i686-pc-linux-gnu
configure flags: --enable-languages=c,c++,java,f77,objc
Counting all warnings,
there are 28 warnings in stage3 of this bootstrap.
Number of warnings per file:
6 gcc/gthr-gnat.c
4 insn-conditions.c
3 gcc/gcc.c
2 /pkgs/gnu/share/bison.simple
2 gcc/objc/lang-specs.h
2 gcc/gthr-gnat.h
2 gcc/f/sta.c
2 gcc/crtstuff.c
1 make[5]
1 make[4]
1 make[2]
1 gcc/java/jvspec.c
1 gcc/config/i386/i386.md
Number of warning types:
10 string length \`???' is greater than the length \`???' ISO C89 compilers are required to support
6 function declaration isn't a prototype
3 Clock skew detected. Your build may be incomplete.
2 passing arg ??? of \`???' discards qualifiers from pointer target type
2 no previous prototype for \`???'
2 dereferencing type-punned pointer will break strict-aliasing rules
2 comparison between signed and unsigned
1 operand 1 missing mode?