This is the mail archive of the
gcc-testresults@gcc.gnu.org
mailing list for the GCC project.
Results for 3.3 testsuite on sparc-sun-solaris2.7
- From: shopadm at guanabara dot rd dot francetelecom dot fr
- To: gcc-testresults at gcc dot gnu dot org
- Date: Mon, 19 May 2003 14:08:18 +0200 (MET DST)
- Subject: Results for 3.3 testsuite on sparc-sun-solaris2.7
LAST_UPDATED:
Native configuration is sparc-sun-solaris2.7
=== g++ tests ===
Running target unix
XPASS: g++.dg/special/conpr-2.C execution test
XPASS: g++.dg/special/initp1.C execution test
=== g++ Summary ===
# of expected passes 7927
# of unexpected successes 2
# of expected failures 98
# of untested testcases 21
# of unsupported tests 16
/usr/local/build_shop/build-gcc-3.3-sparc-sun-solaris2.7/gcc/testsuite/../g++ version 3.3
=== g77 tests ===
Running target unix
=== g77 Summary ===
# of expected passes 1686
# of unsupported tests 8
/usr/local/build_shop/build-gcc-3.3-sparc-sun-solaris2.7/gcc/testsuite/../g77 version 3.3
=== gcc tests ===
Running target unix
WARNING: gcc.dg/20021014-1.c compilation failed to produce executable
FAIL: gcc.dg/duff-2.c (test for excess errors)
=== gcc Summary ===
# of expected passes 20778
# of unexpected failures 1
# of expected failures 67
# of unsupported tests 160
/usr/local/build_shop/build-gcc-3.3-sparc-sun-solaris2.7/gcc/xgcc version 3.3
=== objc tests ===
Running target unix
=== objc Summary ===
# of expected passes 1153
/usr/local/build_shop/build-gcc-3.3-sparc-sun-solaris2.7/gcc/xgcc version 3.3
=== libstdc++-v3 tests ===
Running target unix
=== libstdc++-v3 Summary ===
# of expected passes 429
# of expected failures 18
Compiler version: 3.3
Platform: sparc-sun-solaris2.7
configure flags: --host=sparc-sun-solaris2.7 --prefix=/export/shop/stow/gcc-3.3/sparc-sun-solaris2.7 --infodir=/export/shop/stow/gcc-3.3/info --mandir=/export/shop/stow/gcc-3.3/man --datadir=/export/shop/stow/gcc-3.3/share --enable-threads=posix --enable-long-long --enable-namespaces --disable-multilib --with-as=/export/shop/stow/binutils-2.13.1/sparc-sun-solaris2.7/bin/as --with-ld=/export/shop/stow/binutils-2.13.1/sparc-sun-solaris2.7/bin/ld --enable-nls --with-included-gettext