This is the mail archive of the
gcc-testresults@gcc.gnu.org
mailing list for the GCC project.
Results for 3.3 testsuite on i686-pc-linux-gnu
- From: shopadm at caligula dot rd dot francetelecom dot fr
- To: gcc-testresults at gcc dot gnu dot org
- Date: Mon, 19 May 2003 09:54:34 +0200
- Subject: Results for 3.3 testsuite on i686-pc-linux-gnu
LAST_UPDATED:
Native configuration is i686-pc-linux-gnu
=== g++ tests ===
Running target unix
FAIL: g++.dg/tls/init-2.C (test for excess errors)
=== g++ Summary ===
# of expected passes 7997
# of unexpected failures 1
# of expected failures 97
# of untested testcases 9
# of unsupported tests 4
/free/build_shop/build-gcc-3.3-i686-pc-linux-gnu/gcc/testsuite/../g++ version 3.3
=== g77 tests ===
Running target unix
=== g77 Summary ===
# of expected passes 1702
/free/build_shop/build-gcc-3.3-i686-pc-linux-gnu/gcc/testsuite/../g77 version 3.3
=== gcc tests ===
Running target unix
FAIL: gcc.dg/duff-2.c (test for excess errors)
FAIL: gcc.dg/typespec-1.c unsigned long int long long (test for errors, line 922)
FAIL: gcc.dg/typespec-1.c unsigned long int long float (test for errors, line 923)
FAIL: gcc.dg/typespec-1.c unsigned long int long double (test for errors, line 924)
FAIL: gcc.dg/typespec-1.c unsigned long int long signed (test for errors, line 925)
FAIL: gcc.dg/typespec-1.c unsigned long int long unsigned (test for errors, line 926)
FAIL: gcc.dg/typespec-1.c unsigned long int long _Bool (test for errors, line 927)
FAIL: gcc.dg/typespec-1.c unsigned long long int void (test for errors, line 928)
FAIL: gcc.dg/typespec-1.c unsigned long long int char (test for errors, line 929)
FAIL: gcc.dg/typespec-1.c unsigned long long int short (test for errors, line 930)
FAIL: gcc.dg/typespec-1.c unsigned long long int int (test for errors, line 931)
FAIL: gcc.dg/typespec-1.c unsigned long long int long (test for errors, line 932)
FAIL: gcc.dg/typespec-1.c unsigned long long int float (test for errors, line 933)
FAIL: gcc.dg/typespec-1.c unsigned long long int double (test for errors, line 934)
FAIL: gcc.dg/typespec-1.c unsigned long long int signed (test for errors, line 935)
FAIL: gcc.dg/typespec-1.c unsigned long long int unsigned (test for errors, line 936)
FAIL: gcc.dg/typespec-1.c unsigned long long int _Bool (test for errors, line 937)
FAIL: gcc.dg/typespec-1.c (test for excess errors)
FAIL: gcc.dg/uninit-C.c (test for excess errors)
=== gcc Summary ===
# of expected passes 21009
# of unexpected failures 19
# of expected failures 69
# of unsupported tests 83
/free/build_shop/build-gcc-3.3-i686-pc-linux-gnu/gcc/xgcc version 3.3
=== objc tests ===
Running target unix
=== objc Summary ===
# of expected passes 1153
/free/build_shop/build-gcc-3.3-i686-pc-linux-gnu/gcc/xgcc version 3.3
=== libstdc++-v3 tests ===
Running target unix
XPASS: 22_locale/ctype_is_wchar_t.cc execution test
=== libstdc++-v3 Summary ===
# of expected passes 453
# of unexpected successes 1
# of expected failures 27
Compiler version: 3.3
Platform: i686-pc-linux-gnu
configure flags: --host=i686-pc-linux-gnu --prefix=/export/shop/stow/gcc-3.3/i686-pc-linux-gnu --infodir=/export/shop/stow/gcc-3.3/info --mandir=/export/shop/stow/gcc-3.3/man --datadir=/export/shop/stow/gcc-3.3/share --enable-threads=posix --enable-long-long --enable-namespaces --enable-multilib --with-as=/export/shop/stow/binutils-2.13.1/i686-pc-linux-gnu/bin/as --with-ld=/export/shop/stow/binutils-2.13.1/i686-pc-linux-gnu/bin/ld --enable-nls --with-included-gettext