This is the mail archive of the
gcc-testresults@gcc.gnu.org
mailing list for the GCC project.
Results for 3.3 testsuite on sparc-sun-solaris2.8
- From: Joe Buck <Joe dot Buck at synopsys dot com>
- To: gcc-testresults at gcc dot gnu dot org
- Date: Fri, 16 May 2003 09:37:43 -0700 (PDT)
- Subject: Results for 3.3 testsuite on sparc-sun-solaris2.8
System: 8-way 336 MHz SUNW,UltraSPARC-II
GNU as and GNU ld used (2.13.1)
gcc 2.95.2 used for bootstrapping
LAST_UPDATED:
Native configuration is sparc-sun-solaris2.8
=== g++ tests ===
Running target unix
XPASS: g++.dg/special/conpr-2.C execution test
XPASS: g++.dg/special/initp1.C execution test
=== g++ Summary ===
# of expected passes 7927
# of unexpected successes 2
# of expected failures 98
# of untested testcases 21
# of unsupported tests 16
/var/tmp/jbuck/3.3/gcc/testsuite/../g++ version 3.3
=== g77 tests ===
Running target unix
=== g77 Summary ===
# of expected passes 1686
# of unsupported tests 8
/var/tmp/jbuck/3.3/gcc/testsuite/../g77 version 3.3
=== gcc tests ===
Running target unix
WARNING: gcc.dg/20021014-1.c compilation failed to produce executable
FAIL: gcc.dg/duff-2.c (test for excess errors)
=== gcc Summary ===
# of expected passes 20779
# of unexpected failures 1
# of expected failures 67
# of unsupported tests 160
/var/tmp/jbuck/3.3/gcc/xgcc version 3.3
=== objc tests ===
Running target unix
=== objc Summary ===
# of expected passes 1153
/var/tmp/jbuck/3.3/gcc/xgcc version 3.3
=== libjava tests ===
Running target unix
FAIL: Array_3 execution - gij test
FAIL: Array_3 execution - gij test
FAIL: FileHandleGcTest execution - source compiled test
FAIL: FileHandleGcTest execution - gij test
FAIL: FileHandleGcTest execution - bytecode->native test
FAIL: FileHandleGcTest -O execution - source compiled test
FAIL: FileHandleGcTest execution - gij test
FAIL: FileHandleGcTest -O execution - bytecode->native test
FAIL: SyncTest execution - gij test
FAIL: SyncTest execution - gij test
WARNING: program timed out.
FAIL: SyncTest -O execution - bytecode->native test
FAIL: TLtest execution - gij test
FAIL: Thread_Wait_Interrupt execution - gij test
FAIL: Thread_Wait_Interrupt execution - gij test
FAIL: Throw_2 execution - source compiled test
FAIL: Throw_2 execution - gij test
FAIL: Throw_2 execution - bytecode->native test
FAIL: Throw_2 -O execution - source compiled test
FAIL: Throw_2 execution - gij test
FAIL: Throw_2 -O execution - bytecode->native test
=== libjava Summary ===
# of expected passes 2951
# of unexpected failures 20
# of expected failures 16
# of untested testcases 32
=== libstdc++-v3 tests ===
Running target unix
=== libstdc++-v3 Summary ===
# of expected passes 429
# of expected failures 18
Compiler version: 3.3
Platform: sparc-sun-solaris2.8
configure flags: --host=sparc-sun-solaris2.8 --prefix=/remote/atg2/jbuck/GCC/3.3.sol2 --with-gnu-as --with-gnu-ld --with-as=/u/jbuck/gnu.sol2/bin/as --with-ld=/u/jbuck/gnu.sol2/bin/ld