This is the mail archive of the
gcc-testresults@gcc.gnu.org
mailing list for the GCC project.
Results for 3.3 20030509 (prerelease) testsuite on powerpc64-unknown-linux-gnu
- From: Janis Johnson <janis187 at us dot ibm dot com>
- To: gcc-testresults at gcc dot gnu dot org
- Date: Fri, 9 May 2003 15:14:20 -0700
- Subject: Results for 3.3 20030509 (prerelease) testsuite on powerpc64-unknown-linux-gnu
LAST_UPDATED:
binutils-2.13.90.0.4
glibc-2.2.5
Target is powerpc64-unknown-linux-gnu
Host is powerpc-unknown-linux-gnu
=== g++ tests ===
Running target unix
WARNING: Assuming target board is the local machine (which is probably wrong).
FAIL: g++.dg/abi/mangle17.C (test for excess errors)
XPASS: g++.other/init5.C Execution test
=== g++ Summary ===
# of expected passes 7905
# of unexpected failures 1
# of unexpected successes 1
# of expected failures 96
# of untested testcases 29
# of unsupported tests 21
/home/janis/nightly/gcc_3.3/gcc-obj-cross/gcc/testsuite/../g++ version 3.3 20030509 (prerelease)
Host is powerpc-unknown-linux-gnu
=== g77 tests ===
Running target unix
WARNING: Assuming target board is the local machine (which is probably wrong).
=== g77 Summary ===
# of expected passes 1683
# of unsupported tests 9
/home/janis/nightly/gcc_3.3/gcc-obj-cross/gcc/testsuite/../g77 version 3.3 20030509 (prerelease)
Host is powerpc-unknown-linux-gnu
=== gcc tests ===
Running target unix
WARNING: Assuming target board is the local machine (which is probably wrong).
FAIL: gcc.c-torture/execute/pure-1.c compilation, -O1
UNRESOLVED: gcc.c-torture/execute/pure-1.c execution, -O1
FAIL: gcc.c-torture/execute/pure-1.c compilation, -O2
UNRESOLVED: gcc.c-torture/execute/pure-1.c execution, -O2
FAIL: gcc.c-torture/execute/pure-1.c compilation, -O3 -fomit-frame-pointer
UNRESOLVED: gcc.c-torture/execute/pure-1.c execution, -O3 -fomit-frame-pointer
FAIL: gcc.c-torture/execute/pure-1.c compilation, -O3 -g
UNRESOLVED: gcc.c-torture/execute/pure-1.c execution, -O3 -g
FAIL: gcc.c-torture/execute/pure-1.c compilation, -Os
UNRESOLVED: gcc.c-torture/execute/pure-1.c execution, -Os
FAIL: gcc.dg/debug/20020327-1.c (test for excess errors)
FAIL: gcc.dg/debug/20020327-1.c (test for excess errors)
FAIL: gcc.dg/debug/20020327-1.c (test for excess errors)
FAIL: gcc.dg/debug/20020327-1.c (test for excess errors)
FAIL: gcc.dg/debug/20020327-1.c (test for excess errors)
FAIL: gcc.dg/debug/20020327-1.c (test for excess errors)
FAIL: gcc.dg/debug/20020327-1.c (test for excess errors)
FAIL: gcc.dg/debug/20020327-1.c (test for excess errors)
FAIL: gcc.dg/debug/20020327-1.c (test for excess errors)
FAIL: gcc.dg/debug/20020327-1.c (test for excess errors)
FAIL: gcc.dg/debug/20020327-1.c (test for excess errors)
FAIL: gcc.dg/debug/20020327-1.c (test for excess errors)
FAIL: gcc.dg/debug/20020327-1.c (test for excess errors)
FAIL: gcc.dg/debug/20020327-1.c (test for excess errors)
FAIL: gcc.dg/debug/20020327-1.c (test for excess errors)
FAIL: gcc.dg/debug/20020327-1.c (test for excess errors)
FAIL: gcc.dg/debug/20020327-1.c (test for excess errors)
FAIL: gcc.dg/debug/20020327-1.c (test for excess errors)
FAIL: gcc.dg/20030225-1.c (test for excess errors)
FAIL: gcc.dg/20030414-1.c (test for excess errors)
FAIL: gcc.dg/duff-2.c (test for excess errors)
FAIL: gcc.dg/format/ext-3.c bad %-0 (test for warnings, line 212)
FAIL: gcc.dg/format/ext-3.c bad %_0 (test for warnings, line 213)
FAIL: gcc.dg/format/ext-3.c bad %^# (test for warnings, line 215)
FAIL: gcc.dg/format/ext-3.c (test for excess errors)
FAIL: gcc.dg/format/ext-3.c bad %-0 (test for warnings, line 212)
FAIL: gcc.dg/format/ext-3.c bad %_0 (test for warnings, line 213)
FAIL: gcc.dg/format/ext-3.c bad %^# (test for warnings, line 215)
FAIL: gcc.dg/format/ext-3.c (test for excess errors)
=== gcc Summary ===
# of expected passes 20698
# of unexpected failures 34
# of expected failures 73
# of unresolved testcases 5
# of unsupported tests 176
/home/janis/nightly/gcc_3.3/gcc-obj-cross/gcc/xgcc version 3.3 20030509 (prerelease)
Host is powerpc-unknown-linux-gnu
=== objc tests ===
Running target unix
WARNING: Assuming target board is the local machine (which is probably wrong).
=== objc Summary ===
# of expected passes 1153
/home/janis/nightly/gcc_3.3/gcc-obj-cross/gcc/xgcc version 3.3 20030509 (prerelease)
Host is powerpc64-unknown-linux-gnu
=== libstdc++-v3 tests ===
Running target unix
WARNING: Assuming target board is the local machine (which is probably wrong).
FAIL: 22_locale/ctor_copy_dtor.cc execution test
XPASS: 22_locale/ctype_is_wchar_t.cc execution test
FAIL: 22_locale/facet.cc execution test
FAIL: 27_io/filebuf_virtuals.cc execution test
FAIL: 27_io/ios_manip_fmtflags.cc execution test
FAIL: 27_io/istream_unformatted.cc execution test
FAIL: 27_io/ostream_inserter_arith.cc execution test
FAIL: 27_io/streambuf_members.cc execution test
FAIL: 27_io/stringbuf_virtuals.cc execution test
=== libstdc++-v3 Summary ===
# of expected passes 445
# of unexpected failures 8
# of unexpected successes 1
# of expected failures 27
Compiler version: 3.3 20030509 (prerelease)
Platform: powerpc64-unknown-linux-gnu
configure flags: --prefix=/home/janis/nightly/tools/cross-3.3-20030508 --build=powerpc-linux --host=powerpc-linux --target=powerpc64-linux --with-headers=/opt/cross/powerpc64-linux/include --with-libs=/opt/cross/powerpc64-linux/lib --disable-werror --disable-nls --enable-__cxa_atexit --enable-shared --enable-threads --enable-languages=c,c++,f77,java,objc --disable-multilib