This is the mail archive of the
gcc-testresults@gcc.gnu.org
mailing list for the GCC project.
Results for 3.3 20030508 (prerelease) testsuite on alphaev6-unknown-linux-gnu
- From: Brad Lucier <lucier at popov dot math dot purdue dot edu>
- To: gcc-testresults at gcc dot gnu dot org
- Date: Fri, 9 May 2003 09:10:28 -0500
- Subject: Results for 3.3 20030508 (prerelease) testsuite on alphaev6-unknown-linux-gnu
LAST_UPDATED: Thu May 8 18:53:58 UTC 2003
Native configuration is alphaev6-unknown-linux-gnu
=== libjava tests ===
Running target unix
WARNING: program timed out.
FAIL: SyncTest execution - gij test
WARNING: program timed out.
FAIL: SyncTest execution - bytecode->native test
WARNING: program timed out.
FAIL: SyncTest execution - gij test
WARNING: program timed out.
FAIL: SyncTest -O execution - bytecode->native test
FAIL: Thread_Interrupt -O output - bytecode->native test
FAIL: initexc execution - gij test
FAIL: initexc execution - gij test
=== libjava Summary ===
# of expected passes 2978
# of unexpected failures 7
# of expected failures 16
# of untested testcases 18
=== libstdc++-v3 tests ===
Running target unix
XPASS: 22_locale/ctype_is_char.cc execution test
XPASS: 22_locale/ctype_is_wchar_t.cc execution test
XPASS: 22_locale/members.cc execution test
XPASS: 22_locale/messages_byname.cc execution test
XPASS: 22_locale/messages_members_char.cc execution test
XPASS: 22_locale/money_get_members_char.cc execution test
XPASS: 22_locale/money_get_members_wchar_t.cc execution test
XPASS: 22_locale/money_put_members_char.cc execution test
XPASS: 22_locale/money_put_members_wchar_t.cc execution test
XPASS: 22_locale/moneypunct_byname.cc execution test
XPASS: 22_locale/moneypunct_members_char.cc execution test
XPASS: 22_locale/moneypunct_members_wchar_t.cc execution test
XPASS: 22_locale/num_get_members_char.cc execution test
XPASS: 22_locale/num_get_members_wchar_t.cc execution test
XPASS: 22_locale/num_put_members_char.cc execution test
XPASS: 22_locale/num_put_members_wchar_t.cc execution test
XPASS: 22_locale/numpunct_byname.cc execution test
XPASS: 22_locale/numpunct_members_char.cc execution test
XPASS: 22_locale/numpunct_members_wchar_t.cc execution test
XPASS: 22_locale/time_get_members_char.cc execution test
XPASS: 22_locale/time_get_members_wchar_t.cc execution test
XPASS: 22_locale/time_put_members_char.cc execution test
XPASS: 22_locale/time_put_members_wchar_t.cc execution test
FAIL: 26_numerics/fabs_inline.cc (test for excess errors)
WARNING: 26_numerics/fabs_inline.cc compilation failed to produce executable
=== libstdc++-v3 Summary ===
# of expected passes 451
# of unexpected failures 1
# of unexpected successes 23
# of expected failures 5
=== g77 tests ===
Running target unix
=== g77 Summary ===
# of expected passes 1686
# of unsupported tests 8
/.amd_mnt/banach/export/mdd0/users/lucier/programs/gcc/gcc-3.3/objdir-alpha/gcc/testsuite/../g77 version 3.3 20030508 (prerelease)
=== gcc tests ===
Running target unix
FAIL: gcc.c-torture/compile/20000405-1.c, -O3 -g
FAIL: gcc.c-torture/compile/20000427-1.c, -O3 -fomit-frame-pointer -funroll-loops
FAIL: gcc.c-torture/compile/20000825-1.c, -O3 -fomit-frame-pointer
FAIL: gcc.c-torture/execute/20020227-1.c compilation, -O2
UNRESOLVED: gcc.c-torture/execute/20020227-1.c execution, -O2
FAIL: gcc.c-torture/execute/20020227-1.c compilation, -O3 -fomit-frame-pointer
UNRESOLVED: gcc.c-torture/execute/20020227-1.c execution, -O3 -fomit-frame-pointer
FAIL: gcc.c-torture/execute/20020227-1.c compilation, -O3 -g
UNRESOLVED: gcc.c-torture/execute/20020227-1.c execution, -O3 -g
FAIL: gcc.c-torture/execute/20020227-1.c compilation, -Os
UNRESOLVED: gcc.c-torture/execute/20020227-1.c execution, -Os
FAIL: gcc.dg/duff-2.c (test for excess errors)
=== gcc Summary ===
# of expected passes 21200
# of unexpected failures 8
# of expected failures 73
# of unresolved testcases 4
# of unsupported tests 161
/.amd_mnt/banach/export/mdd0/users/lucier/programs/gcc/gcc-3.3/objdir-alpha/gcc/xgcc version 3.3 20030508 (prerelease)
=== g++ tests ===
Running target unix
FAIL: g++.pt/repo3.C (test for excess errors)
=== g++ Summary ===
# of expected passes 7927
# of unexpected failures 1
# of expected failures 97
# of untested testcases 22
# of unsupported tests 17
/.amd_mnt/banach/export/mdd0/users/lucier/programs/gcc/gcc-3.3/objdir-alpha/gcc/testsuite/../g++ version 3.3 20030508 (prerelease)
=== objc tests ===
Running target unix
=== objc Summary ===
# of expected passes 1153
/.amd_mnt/banach/export/mdd0/users/lucier/programs/gcc/gcc-3.3/objdir-alpha/gcc/xgcc version 3.3 20030508 (prerelease)
Compiler version: 3.3 20030508 (prerelease)
Platform: alphaev6-unknown-linux-gnu
configure flags: --host=alphaev6-unknown-linux-gnu
Counting all warnings,
there are 25 warnings in stage3 of this bootstrap.
Number of warnings per file:
6 gcc/crtstuff.c
3 gcc/tlink.c
2 /pkgs/gnu/share/bison.simple
2 gcc/gcc.c
2 gcc/f/sta.c
1 insn-conditions.c
1 gcc/varasm.c
1 gcc/unwind.inc
1 gcc/regrename.c
1 gcc/ra-colorize.c
1 gcc/ra-build.c
1 gcc/objc/lang-specs.h
1 gcc/java/jvspec.c
1 gcc/cp/typeck.c
1 gcc/collect2.c
Number of warning types:
6 passing arg ??? of \`???' discards qualifiers from pointer target type
5 string length \`???' is greater than the length \`???' ISO C89 compilers are required to support
4 comparison of unsigned expression < 0 is always false
2 unused parameter \`???'
2 dereferencing type-punned pointer will break strict-aliasing rules
2 comparison between signed and unsigned
1 \`return' with a value, in function returning void
1 \`???' might be used uninitialized in this function
1 \`long' switch expression not converted to \`int' in ISO C
1 \`???' defined but not used