This is the mail archive of the
gcc-testresults@gcc.gnu.org
mailing list for the GCC project.
Results for 3.3 20030506 (prerelease) testsuite on mips-sgi-irix6.5
- From: Carl Eugen Hoyos <ceh at ringlotte dot cg dot tuwien dot ac dot at>
- To: gcc-testresults at gcc dot gnu dot org
- Date: Thu, 8 May 2003 16:49:44 +0200 (METDST)
- Subject: Results for 3.3 20030506 (prerelease) testsuite on mips-sgi-irix6.5
SGI O2 R5000 180MHz IP32 irix6.5
The testcases which fail because of a timeout succeed if you change the timeout value. (This is a slow computer)
LAST_UPDATED:
Native configuration is mips-sgi-irix6.5
=== g++ tests ===
Running target unix
=== g++ Summary ===
# of expected passes 7693
# of expected failures 106
# of untested testcases 23
# of unsupported tests 18
/visdom/gcc33/gcc/testsuite/../g++ version 3.3 20030506 (prerelease)
=== g77 tests ===
Running target unix
=== g77 Summary ===
# of expected passes 1686
# of unsupported tests 8
/visdom/gcc33/gcc/testsuite/../g77 version 3.3 20030506 (prerelease)
=== gcc tests ===
Running target unix
WARNING: program timed out.
FAIL: gcc.c-torture/compile/20001226-1.c, -O2
WARNING: program timed out.
FAIL: gcc.c-torture/compile/20001226-1.c, -O3 -fomit-frame-pointer
WARNING: program timed out.
FAIL: gcc.c-torture/compile/20001226-1.c, -O3 -g
WARNING: program timed out.
FAIL: gcc.c-torture/compile/20001226-1.c, -Os
FAIL: gcc.c-torture/execute/20020412-1.c execution, -O0
FAIL: gcc.c-torture/execute/20020412-1.c execution, -O1
FAIL: gcc.c-torture/execute/20020412-1.c execution, -O2
FAIL: gcc.c-torture/execute/20020412-1.c execution, -O3 -fomit-frame-pointer
FAIL: gcc.c-torture/execute/20020412-1.c execution, -O3 -fomit-frame-pointer -funroll-loops
FAIL: gcc.c-torture/execute/20020412-1.c execution, -O3 -fomit-frame-pointer -funroll-all-loops -finline-functions
FAIL: gcc.c-torture/execute/20020412-1.c execution, -O3 -g
FAIL: gcc.c-torture/execute/20020412-1.c execution, -Os
WARNING: gcc.dg/20021014-1.c compilation failed to produce executable
FAIL: gcc.dg/duff-2.c (test for excess errors)
WARNING: gcc.dg/nest.c compilation failed to produce executable
FAIL: gcc.dg/unused-4.c (test for warnings, line 4)
FAIL: mips-abi default
FAIL: mips-abi o32
FAIL: mips-abi n32
FAIL: mips-abi 64
=== gcc Summary ===
# of expected passes 20398
# of unexpected failures 18
# of expected failures 100
# of unsupported tests 175
/visdom/gcc33/gcc/xgcc version 3.3 20030506 (prerelease)
=== objc tests ===
Running target unix
=== objc Summary ===
# of expected passes 1153
/visdom/gcc33/gcc/xgcc version 3.3 20030506 (prerelease)
=== libstdc++-v3 tests ===
Running target unix
FAIL: 27_io/istream_unformatted.cc execution test
=== libstdc++-v3 Summary ===
# of expected passes 417
# of unexpected failures 1
# of expected failures 17
# of unsupported tests 6
Compiler version: 3.3 20030506 (prerelease)
Platform: mips-sgi-irix6.5
configure flags: --host=mips-sgi-irix6.5 --prefix=/visdom/gcc-3.3-pre1 --disable-multilib