This is the mail archive of the
gcc-testresults@gcc.gnu.org
mailing list for the GCC project.
Results for 3.3 20030506 (prerelease) testsuite on i686-pc-linux-gnu
- From: david <david at g200 dot dkm dot cz>
- To: gcc-testresults at gcc dot gnu dot org
- Date: Wed, 7 May 2003 20:45:10 +0200
- Subject: Results for 3.3 20030506 (prerelease) testsuite on i686-pc-linux-gnu
LAST_UPDATED:
Native configuration is i686-pc-linux-gnu
=== gcc tests ===
Running target unix
FAIL: gcc.c-torture/compile/930513-1.c, -O0
FAIL: gcc.c-torture/compile/920917-1.c, -O3 -g
WARNING: program timed out.
FAIL: gcc.c-torture/compile/20001226-1.c, -O1
WARNING: program timed out.
FAIL: gcc.c-torture/compile/20001226-1.c, -O2
WARNING: program timed out.
FAIL: gcc.c-torture/compile/20001226-1.c, -O3 -fomit-frame-pointer
WARNING: program timed out.
FAIL: gcc.c-torture/compile/20001226-1.c, -O3 -g
WARNING: program timed out.
FAIL: gcc.c-torture/compile/20001226-1.c, -Os
FAIL: gcc.dg/duff-2.c (test for excess errors)
FAIL: gcc.dg/uninit-C.c (test for excess errors)
FAIL: gcc.dg/unused-4.c (test for warnings, line 4)
FAIL: gcc.dg/special/gcsec-1.c (test for excess errors)
WARNING: gcc.dg/special/gcsec-1.c compilation failed to produce executable
=== gcc Summary ===
# of expected passes 21017
# of unexpected failures 11
# of expected failures 69
# of unsupported tests 83
/home/david/gcc-3.3/obj/gcc/xgcc version 3.3 20030506 (prerelease)
=== g++ tests ===
Running target unix
FAIL: g++.dg/tls/init-2.C (test for excess errors)
FAIL: g++.law/weak.C (test for excess errors)
XPASS: g++.other/init5.C Execution test
=== g++ Summary ===
# of expected passes 7996
# of unexpected failures 2
# of unexpected successes 1
# of expected failures 96
# of untested testcases 9
# of unsupported tests 4
/home/david/gcc-3.3/obj/gcc/testsuite/../g++ version 3.3 20030506 (prerelease)
=== g77 tests ===
Running target unix
=== g77 Summary ===
# of expected passes 1702
/home/david/gcc-3.3/obj/gcc/testsuite/../g77 version 3.3 20030506 (prerelease)
=== objc tests ===
Running target unix
=== objc Summary ===
# of expected passes 1153
/home/david/gcc-3.3/obj/gcc/xgcc version 3.3 20030506 (prerelease)
=== libjava tests ===
Running target unix
WARNING: program timed out.
FAIL: SyncTest execution - gij test
WARNING: program timed out.
FAIL: SyncTest execution - gij test
=== libjava Summary ===
# of expected passes 2969
# of unexpected failures 2
# of expected failures 16
# of untested testcases 14
=== libstdc++-v3 tests ===
Running target unix
XPASS: 22_locale/ctype_is_wchar_t.cc execution test
FAIL: thread/pthread6.cc execution test
=== libstdc++-v3 Summary ===
# of expected passes 452
# of unexpected failures 1
# of unexpected successes 1
# of expected failures 27
Compiler version: 3.3 20030506 (prerelease)
Platform: i686-pc-linux-gnu
configure flags: --prefix=/usr/local/gcc-3.3 --enable-shared --enable-threads=posix --enable-long-long --enable-__cxa_atexit --host=i686-pc-linux-gnu --with-system-zlib --enable-haifa --enable-libgcj --enable-languages=c,c++,objc,f77,ada,java