This is the mail archive of the
gcc-testresults@gcc.gnu.org
mailing list for the GCC project.
Results for 3.3 20030506 (prerelease) testsuite on sparc-sun-solaris2.9
- From: Andreas Tobler <toa at pop dot agri dot ch>
- To: gcc-results <gcc-testresults at gcc dot gnu dot org>
- Date: Wed, 07 May 2003 19:03:51 +0200
- Subject: Results for 3.3 20030506 (prerelease) testsuite on sparc-sun-solaris2.9
LAST_UPDATED: Tue May 6 19:34:37 UTC 2003
Native configuration is sparc-sun-solaris2.9
=== g77 tests ===
Running target unix/-m64
=== g77 Summary for unix/-m64 ===
# of expected passes 1686
# of unsupported tests 8
Running target unix
=== g77 Summary for unix ===
# of expected passes 1686
# of unsupported tests 8
=== g77 Summary ===
# of expected passes 3372
# of unsupported tests 16
/opt/gcc/gcc-branch/objdir/gcc/testsuite/../g77 version 3.3 20030506 (prerelease)
=== gcc tests ===
Running target unix/-m64
FAIL: gcc.c-torture/compile/simd-5.c, -O0
FAIL: gcc.c-torture/compile/simd-5.c, -O1
FAIL: gcc.c-torture/compile/simd-5.c, -O2
FAIL: gcc.c-torture/compile/simd-5.c, -O3 -fomit-frame-pointer
FAIL: gcc.c-torture/compile/simd-5.c, -O3 -g
FAIL: gcc.c-torture/compile/simd-5.c, -Os
WARNING: gcc.dg/20021014-1.c compilation failed to produce executable
FAIL: gcc.dg/duff-2.c (test for excess errors)
FAIL: gcc.dg/sparc-ret.c (test for excess errors)
ERROR: gcc.dg/sparc-ret.c: error executing dg-final: couldn't open "sparc-ret.s": no such file or directory
UNRESOLVED: gcc.dg/sparc-ret.c: error executing dg-final: couldn't open "sparc-ret.s": no such file or directory
=== gcc Summary for unix/-m64 ===
# of expected passes 21203
# of unexpected failures 8
# of expected failures 71
# of unresolved testcases 1
# of unsupported tests 162
Running target unix
WARNING: gcc.dg/20021014-1.c compilation failed to produce executable
FAIL: gcc.dg/duff-2.c (test for excess errors)
=== gcc Summary for unix ===
# of expected passes 21216
# of unexpected failures 1
# of expected failures 67
# of unsupported tests 162
=== gcc Summary ===
# of expected passes 42419
# of unexpected failures 9
# of expected failures 138
# of unresolved testcases 1
# of unsupported tests 324
/opt/gcc/gcc-branch/objdir/gcc/xgcc version 3.3 20030506 (prerelease)
=== g++ tests ===
Running target unix/-m64
FAIL: g++.dg/parse/crash2.C (test for errors, line 5)
FAIL: g++.dg/parse/crash2.C (test for excess errors)
=== g++ Summary for unix/-m64 ===
# of expected passes 7924
# of unexpected failures 2
# of expected failures 101
# of untested testcases 21
# of unsupported tests 16
Running target unix
FAIL: g++.dg/parse/crash2.C (test for errors, line 5)
FAIL: g++.dg/parse/crash2.C (test for excess errors)
=== g++ Summary for unix ===
# of expected passes 7925
# of unexpected failures 2
# of expected failures 100
# of untested testcases 21
# of unsupported tests 16
=== g++ Summary ===
# of expected passes 15849
# of unexpected failures 4
# of expected failures 201
# of untested testcases 42
# of unsupported tests 32
/opt/gcc/gcc-branch/objdir/gcc/testsuite/../g++ version 3.3 20030506 (prerelease)
=== objc tests ===
Running target unix/-m64
FAIL: objc.dg/naming-1.m (test for errors, line 20)
FAIL: objc.dg/naming-1.m (test for excess errors)
FAIL: objc.dg/naming-2.m (test for errors, line 7)
FAIL: objc.dg/naming-2.m (test for excess errors)
=== objc Summary for unix/-m64 ===
# of expected passes 1149
# of unexpected failures 4
Running target unix
FAIL: objc.dg/naming-1.m (test for errors, line 20)
FAIL: objc.dg/naming-1.m (test for excess errors)
FAIL: objc.dg/naming-2.m (test for errors, line 7)
FAIL: objc.dg/naming-2.m (test for excess errors)
=== objc Summary for unix ===
# of expected passes 1149
# of unexpected failures 4
=== objc Summary ===
# of expected passes 2298
# of unexpected failures 8
/opt/gcc/gcc-branch/objdir/gcc/xgcc version 3.3 20030506 (prerelease)
=== libjava tests ===
Running target unix/-m64
FAIL: Array_3 execution - gij test
FAIL: Array_3 execution - gij test
FAIL: FileHandleGcTest execution - source compiled test
FAIL: FileHandleGcTest execution - gij test
FAIL: FileHandleGcTest execution - bytecode->native test
FAIL: FileHandleGcTest -O execution - source compiled test
FAIL: FileHandleGcTest execution - gij test
FAIL: FileHandleGcTest -O execution - bytecode->native test
ERROR: No \`main' given in program G19990304_01
UNRESOLVED: G19990304_01 -O compilation from source
FAIL: PR141 execution - gij test
FAIL: PR141 execution - gij test
FAIL: PR160 -O compilation from bytecode
WARNING: program timed out.
FAIL: SyncTest execution - gij test
WARNING: program timed out.
FAIL: SyncTest execution - bytecode->native test
WARNING: program timed out.
FAIL: SyncTest execution - gij test
WARNING: program timed out.
FAIL: SyncTest -O execution - bytecode->native test
FAIL: Thread_Wait_Interrupt execution - gij test
FAIL: Thread_Wait_Interrupt execution - gij test
=== libjava Summary for unix/-m64 ===
# of expected passes 2932
# of unexpected failures 17
# of expected failures 16
# of unresolved testcases 1
# of untested testcases 30
Running target unix
ERROR: tcl error sourcing /opt/gcc/gcc-branch/gcc/libjava/testsuite/libjava.compile/compile.exp.
ERROR: can't read "x": no such variable
XPASS: bytecompile /opt/gcc/gcc-branch/gcc/libjava/testsuite/libjava.jni/calls.java
FAIL: Array_3 execution - gij test
FAIL: Array_3 execution - gij test
FAIL: FileHandleGcTest execution - source compiled test
FAIL: FileHandleGcTest execution - bytecode->native test
FAIL: FileHandleGcTest -O execution - source compiled test
FAIL: FileHandleGcTest -O execution - bytecode->native test
FAIL: SyncTest execution - gij test
WARNING: program timed out.
FAIL: SyncTest execution - bytecode->native test
WARNING: program timed out.
FAIL: SyncTest execution - gij test
WARNING: program timed out.
FAIL: SyncTest -O execution - bytecode->native test
FAIL: Thread_Monitor execution - gij test
FAIL: Thread_Monitor execution - gij test
FAIL: Thread_Wait_Interrupt execution - gij test
FAIL: Thread_Wait_Interrupt execution - gij test
FAIL: Throw_2 execution - source compiled test
FAIL: Throw_2 execution - gij test
FAIL: Throw_2 execution - bytecode->native test
FAIL: Throw_2 -O execution - source compiled test
FAIL: Throw_2 execution - gij test
FAIL: Throw_2 -O execution - bytecode->native test
ERROR: No \`main' given in program final_inner
UNRESOLVED: final_int compilation from source
ERROR: No \`main' given in program utf8concat
UNRESOLVED: utilTest compilation from source
=== libjava Summary for unix ===
# of expected passes 2620
# of unexpected failures 20
# of unexpected successes 1
# of expected failures 8
# of unresolved testcases 2
# of untested testcases 24
=== libjava Summary ===
# of expected passes 5552
# of unexpected failures 37
# of unexpected successes 1
# of expected failures 24
# of unresolved testcases 3
# of untested testcases 54
=== libstdc++-v3 tests ===
Running target unix/-m64
=== libstdc++-v3 Summary for unix/-m64 ===
# of expected passes 429
# of expected failures 18
Running target unix
=== libstdc++-v3 Summary for unix ===
# of expected passes 429
# of expected failures 18
=== libstdc++-v3 Summary ===
# of expected passes 858
# of expected failures 36
Compiler version: 3.3 20030506 (prerelease)
Platform: sparc-sun-solaris2.9
configure flags: --host=sparc-sun-solaris2.9 --prefix=/var/tmp