This is the mail archive of the
gcc-testresults@gcc.gnu.org
mailing list for the GCC project.
Results for 3.4 20030503 (experimental) testsuite on mips-sgi-irix6.5
- From: "Kaveh R. Ghazi" <ghazi at caip dot rutgers dot edu>
- To: gcc-testresults at gcc dot gnu dot org
- Date: Sun, 4 May 2003 03:00:57 -0400 (EDT)
- Subject: Results for 3.4 20030503 (experimental) testsuite on mips-sgi-irix6.5
LAST_UPDATED:
Native configuration is mips-sgi-irix6.5
=== g++ tests ===
Running target unix
FAIL: g++.dg/abi/mangle2.C execution test
FAIL: g++.dg/pch/system-1.C -g assembly comparison
FAIL: g++.dg/pch/system-1.C -O2 -g assembly comparison
FAIL: g++.dg/pch/system-1.C -O2 assembly comparison
FAIL: g++.dg/pch/system-2.C -g assembly comparison
FAIL: g++.dg/pch/system-2.C -O2 -g assembly comparison
FAIL: g++.dg/pch/system-2.C -O2 assembly comparison
FAIL: g++.old-deja/g++.jason/thunk3.C (test for excess errors)
WARNING: g++.old-deja/g++.jason/thunk3.C compilation failed to produce executable
FAIL: g++.old-deja/g++.law/profile1.C (test for excess errors)
WARNING: g++.old-deja/g++.law/profile1.C compilation failed to produce executable
WARNING: g++.old-deja/g++.mike/p10769a.C compilation failed to produce executable
FAIL: g++.old-deja/g++.oliva/template1.C (test for excess errors)
WARNING: g++.old-deja/g++.other/enum5.C compilation failed to produce executable
WARNING: g++.old-deja/g++.pt/friend44.C compilation failed to produce executable
=== g++ Summary ===
# of expected passes 8196
# of unexpected failures 10
# of expected failures 74
# of unsupported tests 43
/caip/u58/ghazi/gcc-testing/build/gcc/testsuite/../g++ version 3.4 20030503 (experimental)
=== g77 tests ===
Running target unix
FAIL: g77.f-torture/execute/980520-1.f compilation, -O0
=== g77 Summary ===
# of expected passes 1690
# of unexpected failures 1
# of untested testcases 1
# of unsupported tests 8
/caip/u58/ghazi/gcc-testing/build/gcc/testsuite/../g77 version 3.4 20030503 (experimental)
=== gcc tests ===
Running target unix
FAIL: gcc.c-torture/execute/20020412-1.c execution, -O0
FAIL: gcc.c-torture/execute/20020412-1.c execution, -O1
FAIL: gcc.c-torture/execute/20020412-1.c execution, -O2
FAIL: gcc.c-torture/execute/20020412-1.c execution, -O3 -fomit-frame-pointer
FAIL: gcc.c-torture/execute/20020412-1.c execution, -O3 -fomit-frame-pointer -funroll-loops
FAIL: gcc.c-torture/execute/20020412-1.c execution, -O3 -fomit-frame-pointer -funroll-all-loops -finline-functions
FAIL: gcc.c-torture/execute/20020412-1.c execution, -O3 -g
FAIL: gcc.c-torture/execute/20020412-1.c execution, -Os
FAIL: gcc.c-torture/execute/string-opt-17.c execution, -O1
FAIL: gcc.c-torture/execute/string-opt-17.c execution, -O2
FAIL: gcc.c-torture/execute/string-opt-17.c execution, -O3 -fomit-frame-pointer
FAIL: gcc.c-torture/execute/string-opt-17.c execution, -O3 -g
FAIL: gcc.c-torture/execute/string-opt-17.c execution, -Os
FAIL: gcc.c-torture/execute/string-opt-18.c execution, -O0
FAIL: gcc.c-torture/execute/string-opt-19.c execution, -O0
FAIL: gcc.c-torture/execute/string-opt-3.c execution, -O0
FAIL: gcc.c-torture/execute/string-opt-4.c execution, -O0
FAIL: gcc.c-torture/execute/string-opt-asm-1.c execution, -O0
FAIL: gcc.c-torture/execute/string-opt-asm-1.c execution, -O1
FAIL: gcc.c-torture/execute/string-opt-asm-1.c execution, -O2
FAIL: gcc.c-torture/execute/string-opt-asm-1.c execution, -O3 -fomit-frame-pointer
FAIL: gcc.c-torture/execute/string-opt-asm-1.c execution, -O3 -fomit-frame-pointer -funroll-loops
FAIL: gcc.c-torture/execute/string-opt-asm-1.c execution, -O3 -fomit-frame-pointer -funroll-all-loops -finline-functions
FAIL: gcc.c-torture/execute/string-opt-asm-1.c execution, -O3 -g
FAIL: gcc.c-torture/execute/string-opt-asm-1.c execution, -Os
FAIL: gcc.dg/cpp/ucs.c (test for excess errors)
WARNING: gcc.dg/20021014-1.c compilation failed to produce executable
FAIL: gcc.dg/builtins-10.c (test for excess errors)
FAIL: gcc.dg/builtins-11.c (test for excess errors)
FAIL: gcc.dg/duff-2.c (test for excess errors)
WARNING: gcc.dg/nest.c compilation failed to produce executable
FAIL: gcc.dg/no-builtin-1.c execution test
XPASS: gcc.dg/sibcall-3.c execution test
XPASS: gcc.dg/sibcall-4.c execution test
FAIL: gcc.dg/struct-by-value-1.c execution test
FAIL: gcc.dg/pch/static-1.c -O0 assembly comparison
FAIL: gcc.dg/pch/static-1.c -O1 assembly comparison
FAIL: gcc.dg/pch/static-1.c -O2 assembly comparison
FAIL: gcc.dg/pch/static-1.c -Os assembly comparison
FAIL: gcc.dg/pch/static-2.c -O0 assembly comparison
FAIL: gcc.dg/pch/static-2.c -O1 assembly comparison
FAIL: gcc.dg/pch/static-2.c -O2 assembly comparison
FAIL: gcc.dg/pch/static-2.c -Os assembly comparison
FAIL: gcc.dg/pch/static-3.c -O0 assembly comparison
FAIL: gcc.dg/pch/static-3.c -O1 assembly comparison
FAIL: gcc.dg/pch/static-3.c -O2 assembly comparison
FAIL: gcc.dg/pch/static-3.c -Os assembly comparison
=== gcc Summary ===
# of expected passes 21414
# of unexpected failures 43
# of unexpected successes 2
# of expected failures 104
# of unsupported tests 210
/caip/u58/ghazi/gcc-testing/build/gcc/xgcc version 3.4 20030503 (experimental)
=== objc tests ===
Running target unix
=== objc Summary ===
# of expected passes 1156
/caip/u58/ghazi/gcc-testing/build/gcc/xgcc version 3.4 20030503 (experimental)
=== libstdc++-v3 tests ===
Running target unix
FAIL: 22_locale/ctype/cons/char/1.cc execution test
FAIL: 27_io/basic_filebuf/showmanyc/char/9533-2.cc execution test
FAIL: 27_io/basic_istream/readsome/char/6746-2.cc execution test
=== libstdc++-v3 Summary ===
# of expected passes 1338
# of unexpected failures 3
# of expected failures 1
# of unsupported tests 6
Compiler version: 3.4 20030503 (experimental)
Platform: mips-sgi-irix6.5
configure flags: --verbose --enable-languages=c,objc,c++,f77,java