This is the mail archive of the
gcc-testresults@gcc.gnu.org
mailing list for the GCC project.
Results for 3.3 20030420 (prerelease) gcc testsuite on vax-dec-ultrix4.3
- From: John David Anglin <dave at hiauly1 dot hia dot nrc dot ca>
- To: dave at hiauly1 dot hia dot nrc dot ca, gcc-testresults at gcc dot gnu dot org
- Date: Thu, 1 May 2003 20:28:03 -0400 (EDT)
- Subject: Results for 3.3 20030420 (prerelease) gcc testsuite on vax-dec-ultrix4.3
LAST_UPDATED: Wed Jan 8 18:51:40 EST 2003
Native configuration is vax-dec-ultrix4.3
=== gcc tests ===
Running target unix
WARNING: program timed out.
FAIL: gcc.c-torture/compile/20001226-1.c, -O0
WARNING: program timed out.
FAIL: gcc.c-torture/compile/20001226-1.c, -O1
FAIL: gcc.c-torture/compile/20001226-1.c, -O2
FAIL: gcc.c-torture/compile/20001226-1.c, -O3 -fomit-frame-pointer
FAIL: gcc.c-torture/compile/20001226-1.c, -O3 -g
FAIL: gcc.c-torture/compile/20001226-1.c, -Os
FAIL: gcc.c-torture/execute/20010904-1.c execution, -O0
FAIL: gcc.c-torture/execute/20010904-1.c execution, -O1
FAIL: gcc.c-torture/execute/20010904-1.c execution, -O2
FAIL: gcc.c-torture/execute/20010904-1.c execution, -O3 -fomit-frame-pointer
FAIL: gcc.c-torture/execute/20010904-1.c execution, -O3 -g
FAIL: gcc.c-torture/execute/20010904-1.c execution, -Os
FAIL: gcc.c-torture/execute/20010904-2.c execution, -O0
FAIL: gcc.c-torture/execute/20010904-2.c execution, -O1
FAIL: gcc.c-torture/execute/20010904-2.c execution, -O2
FAIL: gcc.c-torture/execute/20010904-2.c execution, -O3 -fomit-frame-pointer
FAIL: gcc.c-torture/execute/20010904-2.c execution, -O3 -g
FAIL: gcc.c-torture/execute/20010904-2.c execution, -Os
FAIL: gcc.c-torture/execute/20020720-1.c compilation, -O1
UNRESOLVED: gcc.c-torture/execute/20020720-1.c execution, -O1
FAIL: gcc.c-torture/execute/20020720-1.c compilation, -O2
UNRESOLVED: gcc.c-torture/execute/20020720-1.c execution, -O2
FAIL: gcc.c-torture/execute/20020720-1.c compilation, -O3 -fomit-frame-pointer
UNRESOLVED: gcc.c-torture/execute/20020720-1.c execution, -O3 -fomit-frame-pointer
FAIL: gcc.c-torture/execute/20020720-1.c compilation, -O3 -g
UNRESOLVED: gcc.c-torture/execute/20020720-1.c execution, -O3 -g
FAIL: gcc.c-torture/execute/20020720-1.c compilation, -Os
UNRESOLVED: gcc.c-torture/execute/20020720-1.c execution, -Os
WARNING: program timed out.
FAIL: gcc.c-torture/execute/memcpy-bi.c compilation, -O3 -fomit-frame-pointer
UNRESOLVED: gcc.c-torture/execute/memcpy-bi.c execution, -O3 -fomit-frame-pointer
WARNING: program timed out.
FAIL: gcc.c-torture/execute/memcpy-bi.c compilation, -O3 -fomit-frame-pointer -funroll-loops
UNRESOLVED: gcc.c-torture/execute/memcpy-bi.c execution, -O3 -fomit-frame-pointer -funroll-loops
FAIL: gcc.dg/20021014-1.c (test for excess errors)
WARNING: gcc.dg/20021014-1.c compilation failed to produce executable
FAIL: gcc.dg/c99-intconst-1.c (test for excess errors)
FAIL: gcc.dg/duff-2.c (test for excess errors)
FAIL: gcc.dg/nest.c (test for excess errors)
WARNING: gcc.dg/nest.c compilation failed to produce executable
FAIL: gcc.dg/uninit-A.c uninitialized variable warning (test for bogus messages, line 52)
FAIL: gcc.dg/uninit-A.c uninitialized variable warning (test for bogus messages, line 53)
FAIL: gcc.dg/uninit-C.c (test for excess errors)
FAIL: gcc.dg/wchar_t-1.c (test for excess errors)
FAIL: gcc.dg/wint_t-1.c (test for excess errors)
FAIL: gcc.dg/special/weak-1.c (test for excess errors)
WARNING: gcc.dg/special/weak-1.c compilation failed to produce executable
FAIL: weak-2a.o
FAIL: wkali-2a.o
FAIL: gcc.dg/special/gcsec-1.c (test for excess errors)
FAIL: gcc.dg/weak/typeof-2.c (test for excess errors)
FAIL: gcc.dg/weak/typeof-2.c scan-assembler baz1
FAIL: gcc.dg/weak/typeof-2.c scan-assembler baz3.*baz3.*baz3.*baz3.*baz3.*baz3
FAIL: gcc.dg/weak/weak-1.c scan-assembler weak[^ ]*[ ]_?a
FAIL: gcc.dg/weak/weak-1.c scan-assembler weak[^ ]*[ ]_?b
FAIL: gcc.dg/weak/weak-1.c scan-assembler weak[^ ]*[ ]_?c
FAIL: gcc.dg/weak/weak-1.c scan-assembler weak[^ ]*[ ]_?d
FAIL: gcc.dg/weak/weak-1.c scan-assembler weak[^ ]*[ ]_?e
FAIL: gcc.dg/weak/weak-1.c scan-assembler weak[^ ]*[ ]_?g
FAIL: gcc.dg/weak/weak-1.c scan-assembler weak[^ ]*[ ]_?j
FAIL: gcc.dg/weak/weak-2.c applying #pragma weak (test for warnings, line 26)
FAIL: gcc.dg/weak/weak-2.c scan-assembler weak[^ ]*[ ]_?ffoo1a
FAIL: gcc.dg/weak/weak-2.c scan-assembler weak[^ ]*[ ]_?ffoo1b
FAIL: gcc.dg/weak/weak-2.c scan-assembler weak[^ ]*[ ]_?ffoo1c
FAIL: gcc.dg/weak/weak-2.c scan-assembler weak[^ ]*[ ]_?ffoo1e
FAIL: gcc.dg/weak/weak-3.c (test for excess errors)
FAIL: gcc.dg/weak/weak-3.c scan-assembler weak[^ ]*[ ]_?ffoo1a
FAIL: gcc.dg/weak/weak-3.c scan-assembler weak[^ ]*[ ]_?ffoo1b
FAIL: gcc.dg/weak/weak-3.c scan-assembler weak[^ ]*[ ]_?ffoo1c
FAIL: gcc.dg/weak/weak-3.c scan-assembler weak[^ ]*[ ]_?ffoo1e
FAIL: gcc.dg/weak/weak-3.c scan-assembler weak[^ ]*[ ]_?ffoo1f
FAIL: gcc.dg/weak/weak-3.c scan-assembler weak[^ ]*[ ]_?ffoo1g
FAIL: gcc.dg/weak/weak-4.c applying #pragma weak (test for warnings, line 34)
FAIL: gcc.dg/weak/weak-4.c applying #pragma weak (test for warnings, line 66)
FAIL: gcc.dg/weak/weak-4.c scan-assembler weak[^ ]*[ ]_?vfoo1a
FAIL: gcc.dg/weak/weak-4.c scan-assembler weak[^ ]*[ ]_?vfoo1b
FAIL: gcc.dg/weak/weak-4.c scan-assembler weak[^ ]*[ ]_?vfoo1c
FAIL: gcc.dg/weak/weak-4.c scan-assembler weak[^ ]*[ ]_?vfoo1d
FAIL: gcc.dg/weak/weak-4.c scan-assembler weak[^ ]*[ ]_?vfoo1e
FAIL: gcc.dg/weak/weak-4.c scan-assembler weak[^ ]*[ ]_?vfoo1f
FAIL: gcc.dg/weak/weak-4.c scan-assembler weak[^ ]*[ ]_?vfoo1g
FAIL: gcc.dg/weak/weak-4.c scan-assembler weak[^ ]*[ ]_?vfoo1h
FAIL: gcc.dg/weak/weak-4.c scan-assembler weak[^ ]*[ ]_?vfoo1i
FAIL: gcc.dg/weak/weak-4.c scan-assembler weak[^ ]*[ ]_?vfoo1j
FAIL: gcc.dg/weak/weak-4.c scan-assembler weak[^ ]*[ ]_?vfoo1k
FAIL: gcc.dg/weak/weak-5.c (test for excess errors)
FAIL: gcc.dg/weak/weak-5.c scan-assembler weak[^ ]*[ ]_?vfoo1a
FAIL: gcc.dg/weak/weak-5.c scan-assembler weak[^ ]*[ ]_?vfoo1b
FAIL: gcc.dg/weak/weak-5.c scan-assembler weak[^ ]*[ ]_?vfoo1c
FAIL: gcc.dg/weak/weak-5.c scan-assembler weak[^ ]*[ ]_?vfoo1d
FAIL: gcc.dg/weak/weak-5.c scan-assembler weak[^ ]*[ ]_?vfoo1e
FAIL: gcc.dg/weak/weak-5.c scan-assembler weak[^ ]*[ ]_?vfoo1f
FAIL: gcc.dg/weak/weak-5.c scan-assembler weak[^ ]*[ ]_?vfoo1g
FAIL: gcc.dg/weak/weak-5.c scan-assembler weak[^ ]*[ ]_?vfoo1h
FAIL: gcc.dg/weak/weak-5.c scan-assembler weak[^ ]*[ ]_?vfoo1i
FAIL: gcc.dg/weak/weak-5.c scan-assembler weak[^ ]*[ ]_?vfoo1j
FAIL: gcc.dg/weak/weak-5.c scan-assembler weak[^ ]*[ ]_?vfoo1k
FAIL: gcc.dg/weak/weak-5.c scan-assembler weak[^ ]*[ ]_?vfoo1l
FAIL: gcc.dg/weak/weak-6.c (test for errors, line 4)
FAIL: gcc.dg/weak/weak-7.c (test for excess errors)
FAIL: gcc.dg/weak/weak-8.c (test for excess errors)
FAIL: gcc.dg/weak/weak-9.c (test for excess errors)
FAIL: gcc.dg/weak/weak-9.c scan-assembler weak[^ ]*[ ]_?f1
FAIL: gcc.dg/weak/weak-9.c scan-assembler weak[^ ]*[ ]_?f2
FAIL: gcc.dg/weak/weak-9.c scan-assembler weak[^ ]*[ ]_?f3
FAIL: gcc.dg/weak/weak-9.c scan-assembler weak[^ ]*[ ]_?f4
FAIL: gcc.dg/weak/weak-9.c scan-assembler notf1
FAIL: gcc.dg/weak/weak-9.c scan-assembler notf2
FAIL: gcc.dg/weak/weak-9.c scan-assembler notf3
FAIL: gcc.dg/weak/weak-9.c scan-assembler notf4
FAIL: 209: expected branch percentages not found: 25
FAIL: gcc.misc-tests/gcov-4b.c gcov: 0 failures in line counts, 1 in branch percentages, 0 in return percentages
WARNING: program timed out.
FAIL: gcc.misc-tests/gcov-5b.c execution test
=== gcc Summary ===
# of expected passes 20192
# of unexpected failures 101
# of expected failures 69
# of unresolved testcases 7
# of unsupported tests 177
/xxx/gnu/gcc-3.3/objdir/gcc/xgcc version 3.3 20030420 (prerelease)
Compiler version: 3.3 20030420 (prerelease) gcc
Platform: vax-dec-ultrix4.3
configure flags: --host=vax-dec-ultrix4.3 --with-gnu-as --with-gnu-ld --enable-languages=c